CREATE TABLE `prod_d8file_managed` (
  `fid` int(10) UNSIGNED NOT NULL,
  `uuid` varchar(128) CHARACTER SET ascii NOT NULL,
  `langcode` varchar(12) CHARACTER SET ascii NOT NULL,
  `uid` int(10) UNSIGNED DEFAULT NULL COMMENT 'The ID of the target entity.',
  `filename` varchar(255) DEFAULT NULL,
  `uri` varchar(255) CHARACTER SET utf8mb4 COLLATE utf8mb4_bin NOT NULL,
  `filemime` varchar(255) CHARACTER SET ascii DEFAULT NULL,
  `filesize` bigint(20) UNSIGNED DEFAULT NULL,
  `status` tinyint(4) NOT NULL,
  `created` int(11) DEFAULT NULL,
  `changed` int(11) NOT NULL
) ENGINE=InnoDB DEFAULT CHARSET=utf8mb4 COMMENT='The base table for file entities.';

--
-- Déchargement des données de la table `prod_d8file_managed`
--

INSERT INTO `prod_d8file_managed` (`fid`, `uuid`, `langcode`, `uid`, `filename`, `uri`, `filemime`, `filesize`, `status`, `created`, `changed`) VALUES
(2, '42c6a4e3-db7c-49ca-8729-c005cee55d38', 'fr', 1, 'WhatsApp Image 2021-02-16 at 11.12.56 (3).jpeg', 'public://coming_soon/WhatsApp Image 2021-02-16 at 11.12.56 (3).jpeg', 'image/jpeg', 145476, 1, 1614789428, 1614789428),
(3, 'b524f738-0b6d-49cd-b221-0a3546e79db8', 'fr', 1, 'marie-peltier-33 (2).jpg', 'public://coming_soon/marie-peltier-33 (2).jpg', 'image/jpeg', 1323053, 1, 1614789581, 1614789581),
(6, 'd0c97791-0be4-4a64-989e-4d30f3f0576e', 'fr', 1, 'La \"cancel culture\" : Mythe et réalités.jpg', 'public://La \"cancel culture\" : Mythe et réalités.jpg', 'image/jpeg', 83175, 1, 1618680376, 1618680376),
(7, 'd6cabe16-1a4a-489b-9bc0-90e7dcea9fd1', 'fr', 1, 'Conflit syrien et propagande : Quelques repères pour y voir clair.jpg', 'public://Conflit syrien et propagande : Quelques repères pour y voir clair.jpg', 'image/jpeg', 39899, 1, 1618680376, 1618680376),
(8, '7e91929c-1098-4a78-b649-ea155567cdb8', 'fr', 1, 'Comment réagir face à des propos complotistes?.jpg', 'public://Comment réagir face à des propos complotistes?.jpg', 'image/jpeg', 43713, 1, 1618680376, 1618680376),
(9, '98adbc41-d8d9-4722-a513-8b4085f82e53', 'fr', 1, 'Le monde post-Trump : enjeux et perspectives.jpg', 'public://Le monde post-Trump : enjeux et perspectives.jpg', 'image/jpeg', 80025, 1, 1618680376, 1618680376),
(10, 'aff42441-594e-49b5-a0c1-8111e4fadca6', 'fr', 0, 'la-cancel-culture-mythe-et-realites.jpg', 'public://la-cancel-culture-mythe-et-realites.jpg', 'image/jpeg', 98851, 1, 1671373028, 1671373028),
(11, '896aa138-4d7a-4d76-b595-143cc8b10438', 'fr', 0, 'conflit-syrien-et-propagande-quelques-reperes-pour-y-voir-clair.jpg', 'public://conflit-syrien-et-propagande-quelques-reperes-pour-y-voir-clair.jpg', 'image/jpeg', 42160, 1, 1671373028, 1671373028),
(12, '2b81c954-50c3-44ca-8948-56d7bcb58014', 'fr', 0, 'comment-reagir-face-a-des-propos-complotistes.jpg', 'public://comment-reagir-face-a-des-propos-complotistes.jpg', 'image/jpeg', 45485, 1, 1671373028, 1671373028),
(13, '92119e5d-4061-41ba-b3e0-b51ff07bfca4', 'fr', 0, 'le-monde-post-trump-enjeux-et-perspectives.jpg', 'public://le-monde-post-trump-enjeux-et-perspectives.jpg', 'image/jpeg', 94981, 1, 1671373028, 1671373028),
(197, 'fdc15441-c255-4226-ae2b-5bfdb8082a33', 'fr', 0, 'unnamed (3)_2.jpg', 'public://my_files/unnamed (3)_2.jpg', 'image/jpeg', 49038, 1, 1620221642, 1620221644),
(199, 'eea0e575-a117-4cb1-a521-cf21d89bea11', 'fr', 0, 'Group 7_25.png', 'public://my_files/Group 7_25.png', 'image/png', 17955, 1, 1620221671, 1620221681),
(201, 'cabc8fad-0f2b-4f46-9410-bc3138095159', 'fr', 0, 'CI-Sylvain_Lohest-recto_2.jpg', 'public://my_files/CI-Sylvain_Lohest-recto_2.jpg', 'image/jpeg', 254725, 1, 1620221679, 1620221681),
(202, '13da2842-2f5d-451d-89bc-2c0b5ef86cb7', 'fr', 1, 'marie-peltier-33 (2).jpg', 'public://pictures/2021-05/marie-peltier-33 (2).jpg', 'image/jpeg', 1323053, 1, 1620245132, 1620245138),
(203, 'a354319d-ade9-44a8-b112-4d29bc3ad712', 'fr', 1, 'marie-peltier-17.jpg', 'public://pictures/2021-05/marie-peltier-17.jpg', 'image/jpeg', 1187369, 1, 1620245176, 1620245181),
(206, '08e0234f-ddec-44e6-9de9-7112fac88d26', 'fr', 1, '1579524007234.jpg', 'public://my_files/1579524007234.jpg', 'image/jpeg', 362146, 1, 1620484311, 1620484322),
(208, '8dc9c7ba-f313-48a0-8af0-2efbb3545c54', 'fr', 0, 'dessinOK6.jpg', 'public://pictures/2021-05/dessinOK6.jpg', 'image/jpeg', 22232, 1, 1620601406, 1620601410),
(213, '0214e95c-a85c-4945-a6c7-9badd3258ff9', 'fr', 30, 'E020701-0.jpg', 'public://my_files/E020701-0.jpg', 'image/jpeg', 97900, 1, 1620662178, 1620662211),
(215, 'c69a78df-4595-417e-a1aa-fbef642d8410', 'fr', 30, 'btg.jpg', 'public://my_files/btg.jpg', 'image/jpeg', 276161, 1, 1620662988, 1620662995),
(217, 'c651df54-a4d2-47a1-9992-4c671b4a4cc5', 'fr', 0, 'reseaux-sociaux-et-debat-public-quelques-reperes-pour-y-voir-clair.jpg', 'public://reseaux-sociaux-et-debat-public-quelques-reperes-pour-y-voir-clair.jpg', 'image/jpeg', 43806, 1, 1671373028, 1671373028),
(218, '147e30d5-d65a-4316-9a6f-84b882c0d478', 'fr', 1, 'Obseion[1].jpg', 'public://2021-05/Obseion[1].jpg', 'image/jpeg', 25706, 1, 1620665912, 1620665959),
(219, '91b02eb4-5417-47ee-870f-28217118bdb0', 'fr', 1, 'Couv-Le-Complotisme-1C-240x373[1].jpg', 'public://2021-05/Couv-Le-Complotisme-1C-240x373[1].jpg', 'image/jpeg', 17747, 1, 1620666066, 1620666141),
(220, '65e1bc32-55db-4bdb-9d78-0968c125d489', 'fr', 1, '9782200620127-001-T[1].jpeg', 'public://2021-05/9782200620127-001-T[1].jpeg', 'image/jpeg', 15579, 1, 1620666219, 1620666239),
(221, 'ea0d4563-b723-49ee-af9f-1882d959cb60', 'fr', 45, 'Group 7.png', 'public://my_files/Group 7.png', 'image/png', 17955, 1, 1620673566, 1620673687),
(223, '57660643-5258-4a13-b74d-8c7d08191004', 'fr', 45, 'livres.png', 'public://my_files/livres.png', 'image/png', 436387, 1, 1620673616, 1620673687),
(225, '7c2c3c3b-99d9-4685-acdd-3a26b6d9f53f', 'fr', 0, 'livres.png', 'public://pictures/2021-05/livres.png', 'image/png', 436387, 1, 1620981837, 1620981850),
(226, '1c8257b9-68e0-447e-91d2-4fef93942830', 'fr', 1, '7160BT0NYVL[1].jpg', 'public://2021-05/7160BT0NYVL[1].jpg', 'image/jpeg', 133628, 1, 1620993202, 1620993226),
(227, 'f4709e75-2972-416f-a7ef-01892dab36da', 'fr', 1, 'mundaneum.PNG', 'public://2021-05/mundaneum.PNG', 'image/png', 1539163, 1, 1621074046, 1621074077),
(228, 'c4edb403-b52f-417c-8d93-98e930631b9b', 'fr', 50, 'Marie Peltier Mundo.jpg', 'public://2021-05/Marie Peltier Mundo.jpg', 'image/jpeg', 277202, 1, 1621083927, 1621083972),
(229, 'b0691556-a351-41f4-870b-7c9b69709b8d', 'fr', 50, 'Capture d’écran 2021-05-15 à 15.12.04.png', 'public://2021-05/Capture d’écran 2021-05-15 à 15.12.04.png', 'image/png', 364571, 1, 1621084383, 1621084479),
(230, 'c3362820-191e-4414-91e5-70932930f670', 'fr', 50, 'GettyImages-1230453313.jpg', 'public://2021-05/GettyImages-1230453313.jpg', 'image/jpeg', 66933, 1, 1621084810, 1621084935),
(231, '7161fd02-34ab-4b07-8707-781bd8e95b32', 'fr', 50, 'Capture d’écran 2021-05-15 à 15.24.59.png', 'public://2021-05/Capture d’écran 2021-05-15 à 15.24.59.png', 'image/png', 1346338, 1, 1621085199, 1621085265),
(232, '7eb0bdb0-5aac-4b43-8f04-5f4a9a166b48', 'fr', 50, 'Capture d’écran 2021-05-15 à 15.31.45.png', 'public://2021-05/Capture d’écran 2021-05-15 à 15.31.45.png', 'image/png', 745407, 1, 1621085990, 1621086037),
(233, '92d3a5e0-8742-42ee-bfa9-b0b91b8e794a', 'fr', 50, 'safe_image.jpeg', 'public://2021-05/safe_image.jpeg', 'image/jpeg', 48896, 1, 1621086133, 1621086259),
(234, '49e72e7d-3efb-49e3-9636-b45ee8dea98d', 'fr', 50, 'Cover-PS-115.png', 'public://2021-05/Cover-PS-115.png', 'image/png', 477147, 1, 1621086665, 1621086716),
(235, '7f221280-e251-4e6b-949f-14416aedb9e2', 'fr', 50, 'Capture d’écran 2021-05-15 à 16.08.18.png', 'public://2021-05/Capture d’écran 2021-05-15 à 16.08.18.png', 'image/png', 659954, 1, 1621087753, 1621087848),
(236, '7f80693a-3606-42b5-9f77-2b4533f98917', 'fr', 50, 'eq136-coverok-1.jpg', 'public://2021-05/eq136-coverok-1.jpg', 'image/jpeg', 147860, 1, 1621088673, 1621088784),
(237, 'ef9a9417-c4f5-432c-a16b-4b4cbd1c971b', 'fr', 0, 'moyen-orient-et-propagande-ou-est-la-verite.jpg', 'public://moyen-orient-et-propagande-ou-est-la-verite.jpg', 'image/jpeg', 80178, 1, 1671373028, 1671373028),
(238, 'd409cdcd-bd8a-45cb-a388-34f24f7bc0e7', 'fr', 0, 'peut-on-deradicaliser-un-complotiste-le-complotisme-est-il-une-secte.jpg', 'public://peut-on-deradicaliser-un-complotiste-le-complotisme-est-il-une-secte.jpg', 'image/jpeg', 89661, 1, 1671373028, 1671373028),
(239, '8b4978cf-6666-40dd-9bbb-65d320ff5cbe', 'fr', 0, 'femmes-et-parole-publique-quelques-reperes.jpg', 'public://femmes-et-parole-publique-quelques-reperes.jpg', 'image/jpeg', 92206, 1, 1671373028, 1671373028),
(240, '3ed69660-d6a0-4109-977a-eb56a23504d2', 'fr', 50, '5CFYKMGWBVB2RPOIO2AVH3GVVU.jpg', 'public://2021-05/5CFYKMGWBVB2RPOIO2AVH3GVVU.jpg', 'image/jpeg', 53829, 1, 1621148188, 1621148285),
(241, '52a1fa14-37f4-4324-b0b5-f26d21944766', 'fr', 1, 'front_cover_photo_marie_peltier.jpg', 'public://default_images/front_cover_photo_marie_peltier.jpg', 'image/jpeg', 358514, 1, 1621167325, 1621167334),
(242, '51de50fb-a360-4865-b1e0-515ac27110d4', 'fr', 1, 'front_cover_photo_marie_peltier_0.jpg', 'public://default_images/front_cover_photo_marie_peltier_0.jpg', 'image/jpeg', 358514, 1, 1621167346, 1621167358),
(243, '723426be-3f5c-4585-80dd-d7e8d3ff6408', 'fr', 50, 'Capture d’écran 2021-05-16 à 17.20.59.png', 'public://2021-05/Capture d’écran 2021-05-16 à 17.20.59.png', 'image/png', 546374, 1, 1621178479, 1621178592),
(244, '628f92b4-6e53-43d6-8a05-bd729e1d0c1d', 'fr', 50, 'Capture d’écran 2021-05-16 à 17.27.19.png', 'public://2021-05/Capture d’écran 2021-05-16 à 17.27.19.png', 'image/png', 626974, 1, 1621178869, 1621178953),
(245, '19b18674-be87-48a0-817e-e6242113bda8', 'fr', 50, 'Capture d’écran 2021-05-16 à 17.32.46.png', 'public://2021-05/Capture d’écran 2021-05-16 à 17.32.46.png', 'image/png', 984581, 1, 1621179187, 1621179299),
(246, '5a7874ba-84dc-4777-85bb-f1e0d979d494', 'fr', 50, '472256a_gggtbr18-health-coronavirus-mexico-christmas-1225-11.jpeg', 'public://2021-05/472256a_gggtbr18-health-coronavirus-mexico-christmas-1225-11.jpeg', 'image/jpeg', 84825, 1, 1621179387, 1621179475),
(247, '3cca5f0c-05b7-4bbb-9a83-ad37f566741a', 'fr', 50, 'bbfb322_526188006-434462.jpg', 'public://2021-05/bbfb322_526188006-434462.jpg', 'image/jpeg', 92591, 1, 1621179626, 1621179650),
(248, '6440ec31-3bf7-47bb-83ae-035413c33aa9', 'fr', 50, 'bbfb322_526188006-434462_0.jpg', 'public://2021-05/bbfb322_526188006-434462_0.jpg', 'image/jpeg', 92591, 1, 1621179850, 1621179913),
(249, '25d7dc50-6f53-4084-b869-8750e7e6c2ed', 'fr', 1, 'CF6D342F-1426-477D-ADB1-C007C11086D6 (1).JPG', 'public://2021-05/CF6D342F-1426-477D-ADB1-C007C11086D6 (1).JPG', 'image/jpeg', 990596, 1, 1621193771, 1621193797),
(250, '03c92392-2990-426a-b590-228ad20f9942', 'fr', 1, 'marie-peltier-18.jpg', 'public://inline-images/marie-peltier-18.jpg', 'image/jpeg', 1025191, 1, 1621196341, 1621196370),
(251, 'b4f9a0d9-a3da-492f-905d-d3ba465e997e', 'fr', 1, 'marie-peltier-18-bio.jpg', 'public://inline-images/marie-peltier-18-bio.jpg', 'image/jpeg', 18100, 1, 1621196464, 1621196473),
(252, 'd2d89339-ae42-4c9b-93be-fc82274eb783', 'fr', 1, 'front_cover_photo_marie_peltier.jpg', 'public://2021-05/front_cover_photo_marie_peltier.jpg', 'image/jpeg', 358514, 1, 1621203450, 1621203453),
(253, 'a333d656-faf8-43f6-93bd-0d659a3e61db', 'fr', 1, 'marie-peltier-18-bio.jpg', 'public://2021-05/marie-peltier-18-bio.jpg', 'image/jpeg', 18100, 1, 1621203624, 1621203627),
(254, '1997470f-72d3-4229-91f4-3c176908228f', 'fr', 1, 'marie-peltier-18-bio.jpg', 'public://pictures/2021-05/marie-peltier-18-bio.jpg', 'image/jpeg', 18100, 1, 1621209003, 1621209005),
(255, 'fe346e9f-397d-4035-8169-1fb65b7d1009', 'fr', 0, 'Profil.jpg', 'public://pictures/2021-05/Profil.jpg', 'image/jpeg', 460043, 1, 1621242488, 1621242488),
(256, 'b82f4199-4d7e-4410-ac22-ae087ce0c731', 'fr', 0, 'Mariama Cottrant-photo.jpg', 'public://pictures/2021-05/Mariama Cottrant-photo.jpg', 'image/jpeg', 64711, 1, 1621268207, 1621268207),
(257, '1957f755-ecc3-43dd-8b7e-5f9b32ed4691', 'fr', 0, 'f8879720.jpg', 'public://pictures/2021-05/f8879720.jpg', 'image/jpeg', 16841, 1, 1621372762, 1621372772),
(258, 'e4680f58-90a8-4b43-b52d-4ae5ae157cb6', 'fr', 49, 'marie-peltier-18-bio_0.jpg', 'public://2021-05/marie-peltier-18-bio_0.jpg', 'image/jpeg', 18100, 1, 1621418946, 1621418955),
(259, '1dc9b835-ac86-42b3-b63c-d65328f030e6', 'fr', 1, 'marie-peltier-18-bio_1.jpg', 'public://2021-05/marie-peltier-18-bio_1.jpg', 'image/jpeg', 18100, 1, 1621420083, 1621420086),
(260, 'fed242e9-d056-4bdd-92a8-a2db33c5e34e', 'fr', 1, 'marie-peltier-18-bio_2.jpg', 'public://2021-05/marie-peltier-18-bio_2.jpg', 'image/jpeg', 18100, 0, 1621424253, 1621424253),
(261, 'e02549a4-fecc-4e87-8b21-8714f150ecce', 'fr', 49, 'marie-peltier-18-bio_3.jpg', 'public://2021-05/marie-peltier-18-bio_3.jpg', 'image/jpeg', 18100, 1, 1621424300, 1621424308),
(262, 'c883213f-4848-49b3-ae3c-16b66e3e0c03', 'fr', 49, 'front_cover_photo_marie_peltier_0.jpg', 'public://2021-05/front_cover_photo_marie_peltier_0.jpg', 'image/jpeg', 358514, 1, 1621425274, 1621425282),
(263, '55939cee-22b8-4911-aa08-da5441a92928', 'fr', 49, 'marie-peltier-18-bio_4.jpg', 'public://2021-05/marie-peltier-18-bio_4.jpg', 'image/jpeg', 18100, 1, 1621425530, 1621425534),
(264, '2d327b3d-e827-436a-a129-e8bf063b5aac', 'fr', 49, 'marie-peltier-18-bio_5.jpg', 'public://2021-05/marie-peltier-18-bio_5.jpg', 'image/jpeg', 18100, 1, 1621438849, 1621438853),
(265, '0fb836c2-e0c6-41c2-b98a-2487c108242f', 'fr', 49, 'marie-peltier-18-bio_6.jpg', 'public://2021-05/marie-peltier-18-bio_6.jpg', 'image/jpeg', 18100, 1, 1621438941, 1621438944),
(266, '2939f1c9-1490-46f1-aeb7-90e59be3f268', 'fr', 49, 'marie-peltier-18-bio_7.jpg', 'public://2021-05/marie-peltier-18-bio_7.jpg', 'image/jpeg', 18100, 1, 1621440501, 1621440506),
(267, 'beec2399-8a74-41de-97a3-c58679bb99e5', 'fr', 49, 'D60F80E7-157E-49C6-8837-9035AD9BB7E0.JPG', 'public://2021-05/D60F80E7-157E-49C6-8837-9035AD9BB7E0.JPG', 'image/jpeg', 2024405, 0, 1621590373, 1621590373),
(268, 'bfc39580-9f56-42dd-abb4-da4c7be314b5', 'fr', 49, 'D60F80E7-157E-49C6-8837-9035AD9BB7E0_0.JPG', 'public://2021-05/D60F80E7-157E-49C6-8837-9035AD9BB7E0_0.JPG', 'image/jpeg', 2024405, 1, 1621590471, 1621590512),
(269, '2a82dbff-17c4-4c1b-8254-c4043f601d7a', 'fr', 0, '13139285_1062881453750902_5132886638104712136_n.jpg', 'public://pictures/2021-05/13139285_1062881453750902_5132886638104712136_n.jpg', 'image/jpeg', 5249, 1, 1621599162, 1621599162),
(270, 'a97926de-35f9-4a51-a946-72dbe269c52a', 'fr', 49, '2E73435F-DEFD-4F3C-A442-73CD764786CE.JPG', 'public://my_files/2E73435F-DEFD-4F3C-A442-73CD764786CE.JPG', 'image/jpeg', 1368336, 1, 1622043277, 1622043295),
(271, '22102f06-a667-4f57-86a8-2088513463d5', 'fr', 49, '2E73435F-DEFD-4F3C-A442-73CD764786CE.JPG', 'public://my_files/2E73435F-DEFD-4F3C-A442-73CD764786CE.JPG', 'image/jpeg', 1368336, 0, 1622043277, 1622043277),
(272, '2e9e77d5-8feb-41da-8129-8bddb5c3584b', 'fr', 49, '2E73435F-DEFD-4F3C-A442-73CD764786CEok_0.jpg', 'public://my_files/2E73435F-DEFD-4F3C-A442-73CD764786CEok_0.jpg', 'image/jpeg', 1368336, 0, 1622298696, 1622298696),
(273, 'aa077404-ab71-4467-98e4-0964b924325f', 'fr', 49, '2E73435F-DEFD-4F3C-A442-73CD764786CEok.jpg', 'public://my_files/2E73435F-DEFD-4F3C-A442-73CD764786CEok.jpg', 'image/jpeg', 1368336, 1, 1622298696, 1622298732),
(274, '800f4989-a423-47e7-8baa-b12848284826', 'fr', 75, 'Sylvain Lohest souriant 2 carré.jpg', 'public://pictures/2021-05/Sylvain Lohest souriant 2 carré.jpg', 'image/jpeg', 198842, 1, 1622475224, 1622475226),
(275, 'b7ab9f26-ffb5-4cbb-be99-f3e631d1cce2', 'fr', 49, '2020-06-03.jpg', 'public://2021-06/2020-06-03.jpg', 'image/jpeg', 139206, 1, 1622998300, 1622998339),
(276, '6ab5f6ea-bc37-4316-b57b-aeb31611eb82', 'fr', 1, 'fb icon.png', 'public://2021-06/fb icon.png', 'image/png', 26804, 1, 1623014950, 1623014956),
(277, 'e9b59ea4-5e1f-4260-972a-0db9dbab365a', 'fr', 0, 'Anndas.jpg', 'public://pictures/2021-06/Anndas.jpg', 'image/jpeg', 280261, 1, 1623066482, 1623066482),
(278, '45ad1835-558c-4317-8ff2-963594ec12fe', 'fr', 49, '640x410_jean-luc-melenchon-tenu-dimanche-propos-tres-ambigus-peuvent-faire-penser-complotisme.jpg', 'public://2021-06/640x410_jean-luc-melenchon-tenu-dimanche-propos-tres-ambigus-peuvent-faire-penser-complotisme.jpg', 'image/jpeg', 42430, 0, 1623092599, 1623092599),
(279, '21062754-e551-4216-9f46-57b8f13f23da', 'fr', 1, '830x532_jean-luc-melenchon-tenu-dimanche-propos-tres-ambigus-peuvent-faire-penser-complotisme[1].jpg', 'public://2021-06/830x532_jean-luc-melenchon-tenu-dimanche-propos-tres-ambigus-peuvent-faire-penser-complotisme[1].jpg', 'image/jpeg', 61879, 1, 1623096936, 1623096957),
(280, '9014dfe8-f801-40ce-80b8-3219afc3ffe4', 'fr', 0, '20-ans-apres-le-11-septembre-histoire-et-mecanismes-du-conspirationnisme-contemporain.jpg', 'public://20-ans-apres-le-11-septembre-histoire-et-mecanismes-du-conspirationnisme-contemporain.jpg', 'image/jpeg', 24010, 1, 1671373028, 1671373028),
(281, '51940775-b361-456e-a817-bd953885efd1', 'fr', 49, '7160BT0NYVL.jpg', 'public://2021-06/7160BT0NYVL.jpg', 'image/jpeg', 133628, 0, 1624171878, 1624171878),
(282, '2c6aa0a8-4818-4e6d-a49c-b3c2fd5a6aa5', 'fr', 49, '41qBL-6G3mS.jpg', 'public://2021-06/41qBL-6G3mS.jpg', 'image/jpeg', 22322, 1, 1624172139, 1624172154),
(283, '6ffa8c7f-a84c-4155-94d7-c1b40d75e2d9', 'fr', 49, 'France Inter.png', 'public://2021-06/France Inter.png', 'image/png', 3013, 1, 1624172643, 1624173031),
(284, '3de0f621-7de8-465e-bea6-99c6adc5ba1f', 'fr', 0, 'Minichat_01_a_l_enveres-PA040004.JPG', 'public://pictures/2021-06/Minichat_01_a_l_enveres-PA040004.JPG', 'image/jpeg', 1097323, 1, 1624470642, 1624470650),
(285, '66b59a9c-127e-41b9-80cf-a5b4cb79d8dc', 'fr', 49, '32A1222E-42E5-48DF-A683-6090914103E8.JPG', 'public://2021-07/32A1222E-42E5-48DF-A683-6090914103E8.JPG', 'image/jpeg', 551037, 1, 1625160261, 1625160300),
(286, '74aa4e42-57d8-4634-a063-64685b356fae', 'fr', 49, 'IMG_0295.JPG', 'public://2021-07/IMG_0295.JPG', 'image/jpeg', 234069, 1, 1626539358, 1626539499),
(287, 'fe77dc8b-0034-4342-a9ea-3762ca087f7a', 'fr', 1, 'silhouettes 1.pdf', 'public://2021-07/silhouettes 1.pdf', 'application/pdf', 413207, 1, 1627501243, 1627501258),
(288, '07411572-8d27-4003-bd8b-12b9ac8431b5', 'fr', 1, 'generic.png', 'public://media-icons/generic/generic.png', 'image/png', 3900, 1, 1627501258, 1627501258),
(289, '9fada785-a13e-4c4e-a02a-185f4a6cf8f0', 'fr', 49, '2020-06-02.jpg', 'public://2021-07/2020-06-02.jpg', 'image/jpeg', 116934, 1, 1627547523, 1627547559),
(290, 'c57af14c-b864-4d4b-84c0-2f15262512f4', 'fr', 49, '2020-06-02 (002).jpg', 'public://2021-07/2020-06-02 (002).jpg', 'image/jpeg', 184092, 1, 1627548137, 1627548147),
(291, '981e4a7a-6f4b-40da-9367-2d99b53c6633', 'fr', 49, 'IMG_6232.JPG', 'public://2021-07/IMG_6232.JPG', 'image/jpeg', 105715, 1, 1627548307, 1627548317),
(292, 'dcbfdf51-f86d-4fd4-a19d-0ad4a82d8799', 'fr', 49, '2020-06-02 (002)_0.jpg', 'public://2021-07/2020-06-02 (002)_0.jpg', 'image/jpeg', 184092, 1, 1627548430, 1627548439),
(293, '3e97ab80-54db-422a-9c08-bed7089de8a5', 'fr', 49, '2020-06-03 (002).jpg', 'public://2021-07/2020-06-03 (002).jpg', 'image/jpeg', 108622, 1, 1627548660, 1627548667),
(294, '425736c8-5838-4e6f-a36d-c7b38dd1b3d8', 'fr', 49, '2020-06-03 (002)bis.jpg', 'public://2021-07/2020-06-03 (002)bis.jpg', 'image/jpeg', 126403, 1, 1627548783, 1627548788),
(295, 'd168b1cd-235e-4fa4-9a53-d656a9f2d623', 'fr', 49, 'chapitre 3_Ere du complotisme.pdf', 'public://2021-08/chapitre 3_Ere du complotisme.pdf', 'application/pdf', 121210, 1, 1627932108, 1627932112),
(296, 'e9a8f940-bfc6-48ed-a24b-445e77b2a10d', 'fr', 49, 'chapitre 3_Obsessions.pdf', 'public://2021-08/chapitre 3_Obsessions.pdf', 'application/pdf', 126317, 1, 1627932128, 1627932135),
(297, 'b6a328b7-a0f7-40f4-9bda-ca382c7c96da', 'fr', 0, 'la-memoire-de-la-deuxieme-guerre-mondiale-dans-le-debat-public-entre-deni-et-obsession.jpg', 'public://la-memoire-de-la-deuxieme-guerre-mondiale-dans-le-debat-public-entre-deni-et-obsession.jpg', 'image/jpeg', 45419, 1, 1671373028, 1671373028),
(298, '29eb48a4-5d54-4b2e-bd04-452851be2607', 'fr', 0, 'vaccins-pass-sanitaires-pourquoi-le-covid-nous-divise-t-il-autant.jpg', 'public://vaccins-pass-sanitaires-pourquoi-le-covid-nous-divise-t-il-autant.jpg', 'image/jpeg', 172407, 1, 1671373028, 1671373028),
(299, '449ea04f-1cc5-402d-a7c1-1a9815e05721', 'fr', 49, 'marie-peltier-34.jpg', 'public://2021-08/marie-peltier-34.jpg', 'image/jpeg', 3038132, 1, 1628873960, 1628874101),
(300, '1302d415-4b5e-4e0d-85bd-fa39392953ea', 'fr', 49, 'Logo_28_minutes.svg_.png', 'public://2021-08/Logo_28_minutes.svg_.png', 'image/png', 70513, 1, 1629230043, 1629230135),
(301, '91b67134-5642-4c58-a3af-09c12431dfed', 'fr', 49, '65ed7599-9420-4fd5-ba7c-ed9d801d24b9.png', 'public://2021-08/65ed7599-9420-4fd5-ba7c-ed9d801d24b9.png', 'image/png', 134233, 1, 1629374255, 1629374542),
(302, 'fd4062d3-e5b3-4780-82cb-33428a63fdc4', 'fr', 49, 'VertPop_logo.png', 'public://2021-08/VertPop_logo.png', 'image/png', 120704, 1, 1629374718, 1629374798),
(303, '8d835158-f33e-4818-b1fa-a0f8683b3e8f', 'fr', 49, 'Nouveau-record-pour-Europe-1-1ere-marque-radio-sur-internet-pour-le-2e-mois-consecutif.jpg', 'public://2021-08/Nouveau-record-pour-Europe-1-1ere-marque-radio-sur-internet-pour-le-2e-mois-consecutif.jpg', 'image/jpeg', 264930, 1, 1629712865, 1629712936),
(304, 'a0453c5e-1fce-4a3e-a3a4-901509c22f44', 'fr', 49, 'marie-peltier-26.jpg', 'public://2021-08/marie-peltier-26.jpg', 'image/jpeg', 1306253, 1, 1630353695, 1630354051),
(305, '1f521707-245b-49ba-a74d-2b33c3561a36', 'fr', 49, 'DXMI0420.JPG', 'public://2021-09/DXMI0420.JPG', 'image/jpeg', 128209, 1, 1631095823, 1631095852),
(306, 'e1df5da5-c341-4660-aeb8-6c69e5cf048e', 'fr', 0, '141209352_10218392535273763_5149425599149771636_n.jpg', 'public://pictures/2021-09/141209352_10218392535273763_5149425599149771636_n.jpg', 'image/jpeg', 38396, 1, 1631183041, 1631183041),
(307, '15f2e53e-2881-46fe-a1a3-a44f529a631c', 'fr', 49, 'marie-peltier-34.jpg', 'public://2021-09/marie-peltier-34.jpg', 'image/jpeg', 3038132, 1, 1631352545, 1631352667),
(308, '24336b84-3acf-44f8-b180-6d81dceea01d', 'fr', 49, 'phpEM5Ya0.jpg', 'public://2021-09/phpEM5Ya0.jpg', 'image/jpeg', 50141, 1, 1631456174, 1631456279),
(309, '13eae3cb-4fd0-4eaf-8fac-32d37bd609ca', 'fr', 49, '1024px-RFI_logo_2013.svg_.png', 'public://2021-09/1024px-RFI_logo_2013.svg_.png', 'image/png', 12752, 1, 1631541764, 1631541869),
(310, '57574c2e-e294-4d5e-8504-c6c271642709', 'fr', 49, 'complotisme-scaled.jpg', 'public://2021-09/complotisme-scaled.jpg', 'image/jpeg', 51083, 1, 1631704532, 1631704592),
(311, '82343ce3-b3db-45ba-952b-0ed3776c38d7', 'fr', 49, 'Demoseries+-+Logo+-+White.png', 'public://2021-09/Demoseries+-+Logo+-+White.png', 'image/png', 74353, 1, 1632152448, 1632152506),
(312, '94c23b40-e8e9-4fce-be5b-c796a6c02407', 'fr', 0, 'ecologie-medecines-alternatives-retour-au-naturel-tous-complotistes.jpg', 'public://ecologie-medecines-alternatives-retour-au-naturel-tous-complotistes.jpg', 'image/jpeg', 31968, 1, 1671373028, 1671373028),
(313, 'f2c28bf8-ff27-4f21-8751-c356a2b004b1', 'fr', 0, 'posture-antisysteme-et-antisemitisme-la-haine-des-medias-cache-sexe-de-la-haine-des-juifs.jpg', 'public://posture-antisysteme-et-antisemitisme-la-haine-des-medias-cache-sexe-de-la-haine-des-juifs.jpg', 'image/jpeg', 68827, 1, 1671373028, 1671373028),
(314, '3f5a2d3a-2b3a-4b9d-aa02-fe92ee9fce29', 'fr', 49, '541026-comment-reagir-face-au-complotisme-l-h-622x0-1.jpg', 'public://2021-09/541026-comment-reagir-face-au-complotisme-l-h-622x0-1.jpg', 'image/jpeg', 29530, 1, 1632472700, 1632472772),
(315, 'd0f66b52-6142-48df-bcd5-ec05d1c651a1', 'fr', 49, 'extension-de-l-ulb-small.png', 'public://2021-09/extension-de-l-ulb-small.png', 'image/png', 12689, 1, 1632477486, 1632477626),
(316, '32712af4-7983-4046-89c7-ee864d0440f2', 'fr', 49, 'marie-peltier-25.jpg', 'public://2021-09/marie-peltier-25.jpg', 'image/jpeg', 1660798, 1, 1632478081, 1632478222),
(317, '2dc4d093-7fc1-47c6-8682-0321fff9f6dd', 'fr', 49, 'marie-peltier-23.jpg', 'public://2021-09/marie-peltier-23.jpg', 'image/jpeg', 1438166, 1, 1632478485, 1632478566),
(318, '31c1fb24-985e-4784-a39f-989f0b1e6742', 'fr', 49, 'og.png', 'public://2021-09/og.png', 'image/png', 6672, 1, 1632589623, 1632589695),
(319, '94181c19-9653-471c-963a-7af0213af44b', 'fr', 49, 'd2655019f07a5ad18f7c43051512a324-1632903514.jpg', 'public://2021-09/d2655019f07a5ad18f7c43051512a324-1632903514.jpg', 'image/jpeg', 39392, 1, 1632980146, 1632980218),
(320, '9679bc8b-5dd3-44b0-929a-851794a96b76', 'fr', 49, 'IMG_7183.JPG', 'public://2021-10/IMG_7183.JPG', 'image/jpeg', 2215576, 1, 1633171755, 1633171801),
(321, '249b9410-3c47-4530-a2d4-5aef47a824b2', 'fr', 49, '6e515d49-phptqygow_png.jpg', 'public://2021-10/6e515d49-phptqygow_png.jpg', 'image/jpeg', 2080, 1, 1633438253, 1633438312),
(322, '201d60ce-dfd5-4b3a-9f3e-3e9acb157af0', 'fr', 49, 'c-ce-soir.jpg', 'public://2021-10/c-ce-soir.jpg', 'image/jpeg', 54111, 1, 1633438388, 1633438404),
(323, '8b9c4fd4-8270-435d-ad67-d7b55db695dd', 'fr', 49, 'kkr3DUlB9zkowo8GSKI9RIEwLcKUVLRBXkWEZBv9_400x400.jpeg', 'public://2021-10/kkr3DUlB9zkowo8GSKI9RIEwLcKUVLRBXkWEZBv9_400x400.jpeg', 'image/jpeg', 46185, 1, 1634309521, 1634309597),
(324, 'fb32b5e4-205b-4a6a-a7f2-bf8386a3e71f', 'fr', 49, 'IMG_0201.JPG', 'public://2021-10/IMG_0201.JPG', 'image/jpeg', 1724790, 1, 1634463815, 1634463854),
(325, '674eec37-a569-42c0-bf4c-effcb9465f3f', 'fr', 49, 'téléchargement.jpg', 'public://2021-10/téléchargement.jpg', 'image/jpeg', 8797, 1, 1634898288, 1634898368),
(326, '58a81ab9-81c7-4d3e-9dbd-d263339bc73a', 'fr', 0, 'le-politique-pour-les-nuls.jpg', 'public://le-politique-pour-les-nuls.jpg', 'image/jpeg', 28016, 1, 1671373028, 1671373028),
(327, '20faf1fd-d3c9-47b3-96d7-8a2b8ade4035', 'fr', 0, 'crise-de-la-democratie-et-conspirationnisme-de-quoi-parle-t-on.jpg', 'public://crise-de-la-democratie-et-conspirationnisme-de-quoi-parle-t-on.jpg', 'image/jpeg', 46482, 1, 1671373028, 1671373028),
(328, '42480dfb-a9ac-4be7-a4bf-cb7358e74aaf', 'fr', 49, 'marie-peltier-31.jpg', 'public://2021-11/marie-peltier-31.jpg', 'image/jpeg', 5368179, 1, 1635962380, 1635962464),
(329, '09838b2f-943d-4071-a7f0-f3a5d882d753', 'fr', 0, 'le-wokisme-est-il-une-menace-pour-la-vie-en-societe.jpg', 'public://le-wokisme-est-il-une-menace-pour-la-vie-en-societe.jpg', 'image/jpeg', 62109, 1, 1671373028, 1671373028),
(330, 'f8952cd1-757d-49af-814c-4d1c20902fbd', 'fr', 49, 'Compte-Rendu Histoire et mécanisme du complotisme contemporain.pdf', 'public://2021-11/Compte-Rendu Histoire et mécanisme du complotisme contemporain.pdf', 'application/pdf', 268089, 1, 1638202609, 1638202615),
(331, '1117bc30-ba04-4821-b3f0-646e03ba6c88', 'fr', 49, 'LIP6IYMNQVE3BEEVDNGRZ3RVFE.jpg', 'public://2021-12/LIP6IYMNQVE3BEEVDNGRZ3RVFE.jpg', 'image/jpeg', 79876, 1, 1639511602, 1639511684),
(332, 'a3fe9b68-5dbb-43d0-a7bc-63923d02f549', 'fr', 0, 'complotisme-et-islamophobie-quand-les-theories-du-complot-sont-au-service-de-la-haine-des-musulma.jpg', 'public://complotisme-et-islamophobie-quand-les-theories-du-complot-sont-au-service-de-la-haine-des-musulma.jpg', 'image/jpeg', 100653, 1, 1671373028, 1671373028),
(333, '4158f0c3-6121-40f5-a47b-32c0787d3cf2', 'fr', 0, 'moyen-orient-et-propagande-au-coeur-des-logiques-de-desinformation-sur-l-ici-et-la-bas.jpg', 'public://moyen-orient-et-propagande-au-coeur-des-logiques-de-desinformation-sur-l-ici-et-la-bas.jpg', 'image/jpeg', 100653, 1, 1671373028, 1671373028),
(334, 'd39bdeca-d653-4db0-9c25-2a276e5c5f80', 'fr', 0, 'vaccins-et-complotisme-sanitaire-comment-envisager-l-apres-covid.jpg', 'public://vaccins-et-complotisme-sanitaire-comment-envisager-l-apres-covid.jpg', 'image/jpeg', 100653, 1, 1671373028, 1671373028),
(335, '81134b0f-d498-4b65-9831-b6e2313fd672', 'fr', 0, 'le-harcelement-en-ligne-de-quoi-parle-t-on.jpg', 'public://le-harcelement-en-ligne-de-quoi-parle-t-on.jpg', 'image/jpeg', 100653, 1, 1671373028, 1671373028),
(336, '766c0742-fd99-4e07-af33-71a49a665939', 'fr', 0, 'guide-de-survie-face-au-conspirationnisme-ambiant.jpg', 'public://guide-de-survie-face-au-conspirationnisme-ambiant.jpg', 'image/jpeg', 100653, 1, 1671373028, 1671373028),
(337, '1ccd7f4d-1d1c-40e0-9518-feb8eef1c160', 'fr', 49, 'WhatsApp Image 2021-12-31 at 11.18.36.jpeg', 'public://2021-12/WhatsApp Image 2021-12-31 at 11.18.36.jpeg', 'image/jpeg', 123701, 1, 1640947416, 1640947456),
(338, 'defedd33-d205-4d39-884c-5111d1de9ece', 'fr', 49, 'Hallak opéra damas.png', 'public://2022-01/Hallak opéra damas.png', 'image/png', 3629844, 1, 1641896199, 1641896277),
(339, 'a6814b2f-8949-49c1-9937-f7f19ad913e5', 'fr', 49, '768x492_tous-sondages-depuis-apparition-vaccins-montrent-femmes-france-plus-reticentes-faire-vacciner-hommes.jpg', 'public://2022-01/768x492_tous-sondages-depuis-apparition-vaccins-montrent-femmes-france-plus-reticentes-faire-vacciner-hommes.jpg', 'image/jpeg', 25003, 1, 1642072147, 1642072226),
(340, 'a0ae5644-d514-4b49-919d-b83c170a7f71', 'fr', 49, 'Affiche-A3-colloque-2021-2-1-275x300.jpg', 'public://2022-01/Affiche-A3-colloque-2021-2-1-275x300.jpg', 'image/jpeg', 16622, 1, 1642335377, 1642335457),
(341, '7521f71a-83d5-4982-9979-bb357ccf33db', 'fr', 49, 'Guide de survie face au conspirationnisme ambiant.pdf', 'public://2022-01/Guide de survie face au conspirationnisme ambiant.pdf', 'application/pdf', 81589, 1, 1642422582, 1642422587),
(342, 'dab5eb84-6ff3-4814-87e7-c3f406f97881', 'fr', 49, '2020-06-02 (1).jpg', 'public://2022-01/2020-06-02 (1).jpg', 'image/jpeg', 300270, 1, 1642448065, 1642448164),
(343, 'c9b44b1f-2718-4d22-9d69-7697695ab8b7', 'fr', 49, 'Harcèlement en ligne.pdf', 'public://2022-01/Harcèlement en ligne.pdf', 'application/pdf', 377783, 1, 1643645168, 1643645170),
(344, '45e2c041-b738-4b26-ac3b-0a7bc38e734a', 'fr', 0, 'E&P Philippe-006.jpg', 'public://pictures/2022-02/E&P Philippe-006.jpg', 'image/jpeg', 3832109, 1, 1643979362, 1643979371),
(345, '4a45632e-ad73-4ad1-b10d-ce901e43e771', 'fr', 49, 'Affiche-A3-colloque-2021-2-1-275x300.jpg', 'public://2022-02/Affiche-A3-colloque-2021-2-1-275x300.jpg', 'image/jpeg', 16622, 1, 1644522175, 1644522362),
(346, '04fce667-789e-4733-a559-a2167f692f9e', 'fr', 49, 'Vaccins et complotisme sanitaire.pdf', 'public://2022-02/Vaccins et complotisme sanitaire.pdf', 'application/pdf', 376251, 1, 1644856844, 1644856847),
(347, 'fb662dbb-c28f-4ba2-a6fb-e28a10be3781', 'fr', 49, 'frs22_icone_site_san.jpg', 'public://2022-02/frs22_icone_site_san.jpg', 'image/jpeg', 81140, 1, 1644859995, 1644860113),
(348, '81f2acfe-0feb-4151-9ecf-0ae94c22c813', 'fr', 49, 'Moyen Orient et propagande 1.pdf', 'public://2022-02/Moyen Orient et propagande 1.pdf', 'application/pdf', 402582, 1, 1645708380, 1645708383),
(349, 'b9d4cd9d-bc96-435d-8173-ca1d9e8e17f4', 'fr', 49, 'Moyen Orient et propagande 2.pdf', 'public://2022-02/Moyen Orient et propagande 2.pdf', 'application/pdf', 395962, 1, 1645708404, 1645708406),
(350, 'ebd3b5c4-3720-487f-bed3-e8adf59a838c', 'fr', 49, '640x410_jean-luc-melenchon-tenu-dimanche-propos-tres-ambigus-peuvent-faire-penser-complotisme.jpg', 'public://2022-02/640x410_jean-luc-melenchon-tenu-dimanche-propos-tres-ambigus-peuvent-faire-penser-complotisme.jpg', 'image/jpeg', 42430, 1, 1645966138, 1645966207),
(351, '7c772216-b677-4152-b2f7-489c8c7da962', 'fr', 49, 'Complotisme et islamophobie.pdf', 'public://2022-02/Complotisme et islamophobie.pdf', 'application/pdf', 372669, 1, 1646072216, 1646072219),
(352, '00374e00-6799-4a03-83b3-2999855cadc2', 'fr', 0, 'reseaux-sociaux-en-temps-de-crise-quels-comportements-quels-risques-quelles-pistes.jpg', 'public://reseaux-sociaux-en-temps-de-crise-quels-comportements-quels-risques-quelles-pistes.jpg', 'image/jpeg', 97568, 1, 1671373028, 1671373028),
(353, 'cf01eaec-05b6-402d-920a-472b7f6a05d5', 'fr', 0, 'indignation-selective-et-relations-internationales-quand-le-discours-est-au-service-de-la-desens.jpg', 'public://indignation-selective-et-relations-internationales-quand-le-discours-est-au-service-de-la-desens.jpg', 'image/jpeg', 100653, 1, 1671373028, 1671373028),
(354, '221b52ac-684b-4c74-9929-d22157b997fe', 'fr', 49, 'marie-peltier-34.jpg', 'public://2022-03/marie-peltier-34.jpg', 'image/jpeg', 3038132, 1, 1646738968, 1646739055),
(355, 'cc8a1f30-3c8e-4992-822b-ef0bdb75ce96', 'fr', 0, 'inbound7704837881204047035.jpg', 'public://pictures/2022-03/inbound7704837881204047035.jpg', 'image/jpeg', 518310, 1, 1647152298, 1647152298),
(356, 'e77faeaf-b953-47ab-9e29-cce406734c70', 'fr', 49, 'Indignation sélective et relations internationales.pdf', 'public://2022-03/Indignation sélective et relations internationales.pdf', 'application/pdf', 354000, 1, 1647265319, 1647265325),
(357, '3bc49d4e-1efe-4e4c-8dc8-b83b12edf61f', 'fr', 49, '2022 03 14 Invitation Public conf ESJ DEF.docx', 'public://2022-03/2022 03 14 Invitation Public conf ESJ DEF.docx', 'application/vnd.openxmlformats-officedocument.wordprocessingml.document', 359281, 1, 1647267889, 1647267892),
(358, 'ef9e9755-76b7-4e94-8f37-0fac7bb7c219', 'fr', 49, '2022 03 14 Invitation Public conf ESJ DEF (1).pdf', 'public://2022-03/2022 03 14 Invitation Public conf ESJ DEF (1).pdf', 'application/pdf', 384154, 1, 1647267968, 1647267972),
(359, '1c75f900-8d71-4bc3-8d95-703d2b43e87a', 'fr', 49, 'téléchargement.png', 'public://2022-03/téléchargement.png', 'image/png', 3448, 1, 1647269335, 1647269655),
(360, 'a6eaa5ff-9b54-496a-a2a8-5b558dfc7849', 'fr', 49, '2022 03 14 Invitation Public conf ESJ DEF (1)_0.pdf', 'public://2022-03/2022 03 14 Invitation Public conf ESJ DEF (1)_0.pdf', 'application/pdf', 384165, 1, 1647269608, 1647269612),
(361, 'aac30401-8059-4835-b167-e6d291b93d14', 'fr', 49, 'téléchargement (1).png', 'public://2022-03/téléchargement (1).png', 'image/png', 4518, 1, 1647269869, 1647270058),
(362, '916afbf6-4dd7-4a03-ac87-4d74174b7320', 'fr', 49, 'téléchargement.jpg', 'public://2022-03/téléchargement.jpg', 'image/jpeg', 8797, 1, 1647270122, 1647270219),
(363, '355341af-cc5e-4592-93ad-6c35c2047d04', 'fr', 49, 'téléchargement (1).jpg', 'public://2022-03/téléchargement (1).jpg', 'image/jpeg', 5886, 1, 1647270371, 1647270444),
(364, 'd88e29f1-7fd8-4827-beef-14279bdd5eeb', 'fr', 0, '7ix3DAmq_400x400.jpg', 'public://pictures/2022-03/7ix3DAmq_400x400.jpg', 'image/jpeg', 38757, 0, 1647270658, 1647270658),
(365, '310e22d4-8cbf-43e1-93bd-14e588d222b8', 'fr', 0, '7ix3DAmq_400x400_0.jpg', 'public://pictures/2022-03/7ix3DAmq_400x400_0.jpg', 'image/jpeg', 38757, 1, 1647270810, 1647270810),
(366, 'd666c501-5ec0-4d68-9a51-02898730b05c', 'fr', 0, '131.gif', 'public://pictures/2022-03/131.gif', 'image/gif', 3529, 0, 1647852675, 1647852675),
(367, '58b1d8d8-246f-4563-ba84-c08b3e374c41', 'fr', 49, '2020-06-03.jpg', 'public://2022-03/2020-06-03.jpg', 'image/jpeg', 141865, 1, 1647982203, 1647982228),
(368, 'a058917d-6ab3-4441-a237-21f2ad3b66d9', 'fr', 49, 'Réseaux sociaux en temps de crise.pdf', 'public://2022-03/Réseaux sociaux en temps de crise.pdf', 'application/pdf', 363150, 1, 1648486394, 1648486398),
(369, 'b912d0f1-e9de-430e-9bc4-688c97342331', 'fr', 49, 'rtbf-auvio-logo-318x68.png', 'public://2022-04/rtbf-auvio-logo-318x68.png', 'image/png', 8389, 1, 1648835981, 1648836089),
(370, '06f277f5-4a56-4aae-bfa1-63ddcb1cdc72', 'fr', 49, 'e3975a7_5878802-01-06.jpg', 'public://2022-04/e3975a7_5878802-01-06.jpg', 'image/jpeg', 67762, 1, 1648836296, 1648836351),
(371, '9f57b189-9108-428a-9437-d4bd7f40b760', 'fr', 49, 'f61b58c9-phpavrmql.png', 'public://2022-04/f61b58c9-phpavrmql.png', 'image/png', 128735, 1, 1649024266, 1649024558),
(372, '4db62854-1969-4a15-81b4-0b068626ffb0', 'fr', 49, 'téléchargement.png', 'public://2022-04/téléchargement.png', 'image/png', 2535, 1, 1649234773, 1649234864),
(373, 'ab5da9fa-f8d7-47df-b723-d9907d28f809', 'fr', 49, '8e0952f6-phpibm968_png.jpg', 'public://2022-04/8e0952f6-phpibm968_png.jpg', 'image/jpeg', 11619, 1, 1649234935, 1649234953),
(374, 'cbf6692a-22e0-40dd-9612-8c64d021a563', 'fr', 49, '92eab7a9607db0ed82a6a9673da05edb.jpg', 'public://2022-04/92eab7a9607db0ed82a6a9673da05edb.jpg', 'image/jpeg', 115514, 1, 1649235041, 1649235053),
(375, 'b9d8cd9f-c7e6-47e7-8e1b-f93b113fa8f8', 'fr', 49, 'Calvi-3D-web-324_1.jpg', 'public://2022-04/Calvi-3D-web-324_1.jpg', 'image/jpeg', 52810, 1, 1649359442, 1649359525),
(377, '3ea80f61-6821-4986-b93f-caace7604f18', 'fr', 49, 'Calvi-3D-web-324_1_0.jpg', 'public://2022-04/Calvi-3D-web-324_1_0.jpg', 'image/jpeg', 52810, 1, 1649444374, 1649444474),
(378, '3791c27c-19f5-4a83-8ab8-3b36f869f6ed', 'fr', 49, 'france info.png', 'public://2022-04/france info.png', 'image/png', 2649, 1, 1649528952, 1649529021),
(379, '0c327ae1-f273-42a8-a888-809e57f7fd59', 'fr', 0, 'lutte-contre-la-desinformation-et-guerre-en-ukraine-quelles-impasses-quelles-perspectives.jpg', 'public://lutte-contre-la-desinformation-et-guerre-en-ukraine-quelles-impasses-quelles-perspectives.jpg', 'image/jpeg', 97568, 1, 1671373028, 1671373028),
(380, '16c00f90-64a0-4e77-aed4-107594cb8821', 'fr', 49, '16761fc_10602590-080-hl-jmoineau-1635194.jpg', 'public://2022-04/16761fc_10602590-080-hl-jmoineau-1635194.jpg', 'image/jpeg', 144274, 1, 1650099182, 1650099258),
(381, '5f20cf40-49ec-42b7-8ff9-b9c6366cd421', 'fr', 49, 'france info_0.png', 'public://2022-04/france info_0.png', 'image/png', 2649, 1, 1650109242, 1650109458),
(382, 'f0e5ccfb-08b3-4ae2-982e-6db7827992ae', 'fr', 49, '202.jpg', 'public://2022-04/202.jpg', 'image/jpeg', 107840, 1, 1650309570, 1650309666),
(383, 'ba1ab3a7-bb2f-4c64-bfc9-44ab5d1c0557', 'fr', 49, 'Lutte contre la désinformation et guerre en Ukraine.pdf', 'public://2022-04/Lutte contre la désinformation et guerre en Ukraine.pdf', 'application/pdf', 224603, 1, 1650897070, 1650897074),
(384, '51e47e0e-f3c7-4128-8b49-5806669fab3d', 'fr', 0, 'feminisme-et-relations-internationales-vers-une-refondation-balises-et-perspectives.jpg', 'public://feminisme-et-relations-internationales-vers-une-refondation-balises-et-perspectives.jpg', 'image/jpeg', 97568, 1, 1671373028, 1671373028),
(385, 'b8c3c749-b744-4d7d-93ba-190305cad02b', 'fr', 0, 'montee-de-l-extreme-droite-et-reconfiguration-du-paysage-politique-europeen-ou-en-sommes-nou.jpg', 'public://montee-de-l-extreme-droite-et-reconfiguration-du-paysage-politique-europeen-ou-en-sommes-nou.jpg', 'image/jpeg', 97568, 1, 1671373028, 1671373028),
(386, 'e42e0f79-1a76-41ce-871e-f38c455843b9', 'fr', 49, 'Féminisme et relations internationales.pdf', 'public://2022-05/Féminisme et relations internationales.pdf', 'application/pdf', 370540, 1, 1652027297, 1652027301),
(387, '8abefe21-259d-41c5-9177-54bf393c97ec', 'fr', 49, 'meta_de_choc_logo_tagline_illustration_vous_n_imaginez_pas_ce_que_vous_pensez.png', 'public://2022-05/meta_de_choc_logo_tagline_illustration_vous_n_imaginez_pas_ce_que_vous_pensez.png', 'image/png', 71287, 1, 1652459824, 1652459921),
(388, 'c1fcfa2d-c949-4359-bf80-225b488b34c5', 'fr', 49, 'portrait.jpg', 'public://2022-05/portrait.jpg', 'image/jpeg', 393539, 1, 1653321604, 1653321674),
(389, '8cd79658-0cac-414f-9932-ff62b1693001', 'fr', 49, 'Les_Jours.svg_.png', 'public://2022-05/Les_Jours.svg_.png', 'image/png', 54330, 1, 1653405280, 1653405338),
(390, '42bc7a1a-bcc2-4c57-9241-54e94fe5b506', 'fr', 49, 'téléchargement.png', 'public://2022-05/téléchargement.png', 'image/png', 7811, 1, 1653405404, 1653405433),
(391, 'd4543c18-0c3e-4458-a42c-0510d227f426', 'fr', 0, 'Qualquiliya 032.jpg', 'public://pictures/2022-05/Qualquiliya 032.jpg', 'image/jpeg', 364545, 1, 1653639744, 1653639744),
(392, '18f417be-9b26-467b-9e16-c107a606a568', 'fr', 49, 'Montée de l\'extrême droite.pdf', 'public://2022-05/Montée de l\'extrême droite.pdf', 'application/pdf', 402234, 1, 1653937589, 1653937591),
(393, 'c00aefb2-6972-4793-8809-4b3f91503137', 'fr', 49, 'cancel-g089e5581a-1920.jpg', 'public://2022-05/cancel-g089e5581a-1920.jpg', 'image/jpeg', 22960, 1, 1653989349, 1653989436),
(394, 'e050d3ac-a283-45be-80a6-88dcd7101b3e', 'fr', 0, 'la-cancel-culture-et-l-affaire-heard-depp-mise-en-perspective.jpg', 'public://la-cancel-culture-et-l-affaire-heard-depp-mise-en-perspective.jpg', 'image/jpeg', 97568, 1, 1671373028, 1671373028),
(395, 'd4e52b1e-0d5e-40fa-9356-46f21a2b1d33', 'fr', 0, 'lutte-contre-les-crimes-de-guerre-en-ukraine-on-fait-le-point.jpg', 'public://lutte-contre-les-crimes-de-guerre-en-ukraine-on-fait-le-point.jpg', 'image/jpeg', 97568, 1, 1671373028, 1671373028),
(396, 'c0ef7b92-8bad-4b6e-b50e-4e1f9f86b294', 'fr', 0, 'FA1AE69B-7226-42B9-8B41-9CDB010D2835.jpeg', 'public://pictures/2022-06/FA1AE69B-7226-42B9-8B41-9CDB010D2835.jpeg', 'image/jpeg', 272577, 1, 1654846928, 1654846928),
(397, '851d73a1-fc09-43b3-8722-c16b6f620c84', 'fr', 49, 'PNOT2TSKBNANDG73HUHNZ52WXM.jpg', 'public://2022-06/PNOT2TSKBNANDG73HUHNZ52WXM.jpg', 'image/jpeg', 49543, 1, 1654866229, 1654866332),
(398, 'edf12a73-3e1d-4624-a6a3-37be7dbc34e4', 'fr', 49, 'Point ukraine.pdf', 'public://2022-06/Point ukraine.pdf', 'application/pdf', 461370, 1, 1655219468, 1655219475),
(399, '5abbf6d7-fb18-4a38-afb6-6e7fcc057c8d', 'fr', 49, 'Point ukraine_0.pdf', 'public://2022-06/Point ukraine_0.pdf', 'application/pdf', 461370, 1, 1655219859, 1655219862),
(400, 'cecd2eaf-e2c9-4ac0-931a-5bb677021733', 'fr', 49, 'B9724412169Z.1_20200828171402_000+G7TGIIOOQ.1-0.jpg', 'public://2022-06/B9724412169Z.1_20200828171402_000+G7TGIIOOQ.1-0.jpg', 'image/jpeg', 35270, 1, 1655730502, 1655730579),
(401, 'c24f757a-11ea-4a7a-87b2-6805fd478419', 'fr', 49, 'téléchargement.jpg', 'public://2022-06/téléchargement.jpg', 'image/jpeg', 6695, 1, 1655813258, 1655813328),
(402, '2fa53247-52c1-47aa-9e99-8e4da26fc1cc', 'fr', 0, '1861B0A7-5A6F-4B9E-8490-7B17F462E490.jpeg', 'public://pictures/2022-06/1861B0A7-5A6F-4B9E-8490-7B17F462E490.jpeg', 'image/jpeg', 685973, 1, 1656005631, 1656005631),
(403, '2c83586c-886c-4855-8b80-e478c9812ba2', 'fr', 49, 'Universalisme-diapo-1-1024x683.jpg', 'public://2022-06/Universalisme-diapo-1-1024x683.jpg', 'image/jpeg', 176312, 1, 1656102489, 1656102565),
(404, 'cea1ecda-2e6c-4391-91cf-68516cfada44', 'fr', 49, 'Cancel culture.pdf', 'public://2022-06/Cancel culture.pdf', 'application/pdf', 380496, 1, 1656601109, 1656601111),
(405, 'a8078857-7773-44b8-9886-f6261c115c0f', 'fr', 49, 'RadioJ.jpg', 'public://2022-07/RadioJ.jpg', 'image/jpeg', 616195, 1, 1658840614, 1658840702),
(406, 'a1f61841-4c5f-4c92-97db-a02697274fae', 'fr', 49, 'WXKFYTSRQBBYTAJG5MTE4RH6PA.jpg', 'public://2022-08/WXKFYTSRQBBYTAJG5MTE4RH6PA.jpg', 'image/jpeg', 52775, 1, 1659368696, 1659368766),
(407, 'a0e5d006-bf8e-41e2-a07a-ef6d85954710', 'fr', 0, 'desinformation-et-neutralite-faut-il-etre-neutre-pour-lutter-contre-la-desinformation.jpg', 'public://desinformation-et-neutralite-faut-il-etre-neutre-pour-lutter-contre-la-desinformation.jpg', 'image/jpeg', 97568, 1, 1671373028, 1671373028),
(408, '9aff1cb7-a1ee-48a5-b18d-c136888e3b07', 'fr', 0, 'debat-public-et-bienveillance-dialoguer-ou-combattre.jpg', 'public://debat-public-et-bienveillance-dialoguer-ou-combattre.jpg', 'image/jpeg', 97568, 1, 1671373028, 1671373028),
(409, '71cda9c1-5664-4b9c-b8dc-3cf078a97b28', 'fr', 49, 'Désinformation et neutralité.pdf', 'public://2022-09/Désinformation et neutralité.pdf', 'application/pdf', 371534, 1, 1662388937, 1662388941),
(410, 'ac4672b0-8bce-45c3-8571-ce379b80ed2d', 'fr', 49, '584826f4cef1014c0b5e49dc.png', 'public://2022-09/584826f4cef1014c0b5e49dc.png', 'image/png', 2430, 1, 1663077877, 1663077941),
(411, '397a1bd3-ae20-4f63-a535-917604c8c594', 'fr', 49, 'Débat public et bienveillance.pdf', 'public://2022-09/Débat public et bienveillance.pdf', 'application/pdf', 413256, 1, 1663609913, 1663609917),
(412, '060a2960-8b42-485e-9539-b8d15d9e3b30', 'fr', 49, 'rt-news-logo-photo-illustration_6366222.jpg', 'public://2022-09/rt-news-logo-photo-illustration_6366222.jpg', 'image/jpeg', 92879, 1, 1663678378, 1663678457),
(413, 'decf7c95-d4d1-4d56-99ff-43c7f4997e93', 'fr', 0, 'recits-sur-le-moyen-orient-comment-se-situer.jpg', 'public://recits-sur-le-moyen-orient-comment-se-situer.jpg', 'image/jpeg', 97568, 1, 1671373028, 1671373028),
(414, '0385cbe8-87bb-4e84-ad18-73285321b6a8', 'fr', 0, 'comment-eduquer-aux-medias-dans-un-climat-de-defiance.jpg', 'public://comment-eduquer-aux-medias-dans-un-climat-de-defiance.jpg', 'image/jpeg', 97568, 1, 1671373028, 1671373028),
(415, '92f1ab65-1b7a-48de-95ac-618cc8426612', 'fr', 49, 'marie-peltier-31.jpg', 'public://2022-09/marie-peltier-31.jpg', 'image/jpeg', 5368179, 1, 1664213177, 1664213264),
(416, '28c0f457-0e57-4e31-915a-c98b262ebaf4', 'fr', 49, 'FePLwBgWIAAEWCw (1).jpg', 'public://2022-10/FePLwBgWIAAEWCw (1).jpg', 'image/jpeg', 249156, 1, 1664964998, 1664965234),
(417, '678f2276-e7f2-4f98-a0aa-d099b4e7fad7', 'fr', 0, 'IMG_1440.JPG', 'public://pictures/2022-10/IMG_1440.JPG', 'image/jpeg', 161509, 0, 1665086562, 1665086562),
(418, 'f0f497fb-77dc-426e-81e5-5aafe33b0a30', 'fr', 0, 'IMG_1440_0.JPG', 'public://pictures/2022-10/IMG_1440_0.JPG', 'image/jpeg', 161509, 0, 1665086556, 1665086556),
(419, '0f2511fb-1cc0-4fdb-a1e0-5c05dc4c8e73', 'fr', 210, 'IMG_1861.JPG', 'public://pictures/2022-10/IMG_1861.JPG', 'image/jpeg', 25260, 1, 1665086927, 1665086941),
(420, 'b63d9636-4b35-47c7-80c5-d9c161741aa9', 'fr', 49, 'Comment éduquer aux médias.pdf', 'public://2022-10/Comment éduquer aux médias.pdf', 'application/pdf', 392110, 1, 1665405278, 1665405282),
(421, '43db6c49-1d72-4541-abdd-9840aa97c741', 'fr', 49, '6319e9182158d.png', 'public://2022-10/6319e9182158d.png', 'image/png', 1343564, 1, 1665661999, 1665662209),
(422, '0818173c-219d-4efb-86f6-71abf2f1477c', 'fr', 49, 'Logo-site.png', 'public://2022-10/Logo-site.png', 'image/png', 11638, 1, 1665739778, 1665740041),
(423, 'e9ab068d-33de-4d14-b81f-c7dafb7e6a59', 'fr', 49, 'b28ac52_1666020796534-screenshot-2022-10-17t173237-926.png', 'public://2022-10/b28ac52_1666020796534-screenshot-2022-10-17t173237-926.png', 'image/png', 233759, 1, 1666107245, 1666107314),
(424, '37196de9-27c5-4600-a638-7160702ef947', 'fr', 49, 'WhatsApp Image 2022-10-19 at 16.40.15.jpeg', 'public://2022-10/WhatsApp Image 2022-10-19 at 16.40.15.jpeg', 'image/jpeg', 241113, 1, 1666190638, 1666190760),
(425, 'b8decbe6-8cea-42fc-8333-0de7bff5a09c', 'fr', 49, 'Récits sur le Moyen-Orient.pdf', 'public://2022-10/Récits sur le Moyen-Orient.pdf', 'application/pdf', 427483, 1, 1666625466, 1666625470),
(426, 'f6b06185-4a0a-4ad0-a0f1-7ce758d3bf7f', 'fr', 49, 'IMG_4399.JPG', 'public://2022-10/IMG_4399.JPG', 'image/jpeg', 7223022, 1, 1666800478, 1666800572),
(427, 'b0a3375a-2d55-44e6-bf29-d06b15e433da', 'fr', 49, 'images.jpg', 'public://2022-10/images.jpg', 'image/jpeg', 3757, 1, 1666969601, 1666969682),
(428, 'b5dea367-2fe7-4c34-8285-f891f11db005', 'fr', 0, 'femmes-et-parole-publique-comment-se-reperer-comment-soutenir.jpg', 'public://femmes-et-parole-publique-comment-se-reperer-comment-soutenir.jpg', 'image/jpeg', 97568, 1, 1671373028, 1671373028),
(429, '9095dc7b-3795-45e4-ba5d-af2a2afdd3f4', 'fr', 0, 'les-discours-reactionnaires-sont-ils-en-train-de-gagner-la-partie.jpg', 'public://les-discours-reactionnaires-sont-ils-en-train-de-gagner-la-partie.jpg', 'image/jpeg', 97568, 1, 1671373028, 1671373028),
(430, '8d917c50-a7a4-4cb0-a912-ca91bae6a949', 'fr', 49, 'deb88bc_2022-10-27t200210z-44493698-rc2u9x97wab6-rtrmadp-3-twitter-m-a-musk_0.jpg', 'public://2022-11/deb88bc_2022-10-27t200210z-44493698-rc2u9x97wab6-rtrmadp-3-twitter-m-a-musk_0.jpg', 'image/jpeg', 48277, 1, 1667757415, 1667757500),
(431, '4715de61-fb55-4b06-a70c-8b052b15e6ec', 'fr', 49, 'Les discours réactionnaires sont ils en train de gagner la partie.pdf', 'public://2022-11/Les discours réactionnaires sont ils en train de gagner la partie.pdf', 'application/pdf', 383755, 1, 1668436134, 1668436138),
(432, '2a834db2-0d51-4aba-9ac7-8be7e5f05255', 'fr', 49, 'marie-peltier-30.jpg', 'public://2022-11/marie-peltier-30.jpg', 'image/jpeg', 1408861, 1, 1668503201, 1668503526),
(433, '93c8bdd8-759b-44e6-8684-f0fcf4b14b5d', 'fr', 49, 'we-1ec43.jpg', 'public://2022-11/we-1ec43.jpg', 'image/jpeg', 18121, 1, 1669208520, 1669208577),
(434, '0196380e-dce8-429f-9342-d2fab13186f0', 'fr', 0, 'un-bilan-politique-et-progressiste-de-l-annee-2022.jpg', 'public://un-bilan-politique-et-progressiste-de-l-annee-2022.jpg', 'image/jpeg', 97568, 1, 1671373028, 1671373028),
(435, '2488bdd9-dffe-4ed1-848d-f964e22e99b9', 'fr', 0, 'comment-decoder-un-discours-reactionnaire.jpg', 'public://comment-decoder-un-discours-reactionnaire.jpg', 'image/jpeg', 97568, 1, 1671373028, 1671373028),
(436, 'bfe997c0-437c-4b42-889b-1dc273f72f46', 'fr', 49, 'Femmes et parole publique Comment se repérer Comment soutenir.pdf', 'public://2022-11/Femmes et parole publique Comment se repérer Comment soutenir.pdf', 'application/pdf', 414341, 0, 1669653550, 1669653550),
(437, '6e2be1e2-6e72-4eb5-9715-c53478403d72', 'fr', 49, 'Femmes et parole publique Comment se repérer Comment soutenir_0.pdf', 'public://2022-11/Femmes et parole publique Comment se repérer Comment soutenir_0.pdf', 'application/pdf', 414341, 0, 1669653630, 1669653630),
(438, '6921954d-357f-4785-ab0b-61000fedd6c3', 'fr', 49, 'jpg_logo_etopia_quadri_web.jpg', 'public://2022-11/jpg_logo_etopia_quadri_web.jpg', 'image/jpeg', 5642, 1, 1669740883, 1669740938),
(439, 'e67d42f7-eed2-4c79-b8ec-a1f8f7b10d9a', 'fr', 49, '2560px-France_5_-_logo_2018.svg_.png', 'public://2022-12/2560px-France_5_-_logo_2018.svg_.png', 'image/png', 55747, 1, 1669978860, 1669979045),
(440, '3b278f26-4e6e-4e1f-9953-d50c34249b75', 'fr', 49, '6231e7dc05148d0d6ad850bb_france-5-entoureo-dans-le-magazine-de-la-sante-main.jpg', 'public://2022-12/6231e7dc05148d0d6ad850bb_france-5-entoureo-dans-le-magazine-de-la-sante-main.jpg', 'image/jpeg', 24444, 1, 1669979347, 1669979367),
(441, 'c7a551c9-fc67-46aa-9fbc-c65800b95ca1', 'fr', 49, 'franceinfo.jpg', 'public://2022-12/franceinfo.jpg', 'image/jpeg', 18915, 1, 1670513577, 1670513690),
(442, 'b85d3cfd-9e27-4e10-a7a2-e48aef533888', 'fr', 49, 'phpKweMpN.jpg', 'public://2022-12/phpKweMpN.jpg', 'image/jpeg', 26805, 1, 1670513758, 1670513770),
(443, '22eb2701-4505-43c3-8486-dc83161f5882', 'fr', 49, 'Comment décoder un discours réactionnaire.pdf', 'public://2022-12/Comment décoder un discours réactionnaire.pdf', 'application/pdf', 378877, 1, 1670587238, 1670587242),
(444, '3855f23e-8e91-4ab5-a6be-8ffa7a7866ac', 'fr', 49, '20minutes-blue-1000.png', 'public://2022-12/20minutes-blue-1000.png', 'image/png', 10899, 1, 1670846662, 1670846749),
(445, '13628660-9bf4-4cf0-8950-3d9d80556e5e', 'fr', 49, 'Les_Jours.svg_.png', 'public://2022-12/Les_Jours.svg_.png', 'image/png', 54330, 1, 1671305421, 1671305546),
(446, '1b2793c0-f3d1-4bb7-8282-ddac1617aa4e', 'fr', 49, 'téléchargement (1).png', 'public://2022-12/téléchargement (1).png', 'image/png', 7811, 1, 1671305644, 1671305668);

-- --------------------------------------------------------

--
-- Structure de la table `prod_d8file_usage`
--

CREATE TABLE `prod_d8file_usage` (
  `fid` int(10) UNSIGNED NOT NULL COMMENT 'File ID.',
  `module` varchar(50) CHARACTER SET ascii NOT NULL DEFAULT '' COMMENT 'The name of the module that is using the file.',
  `type` varchar(64) CHARACTER SET ascii NOT NULL DEFAULT '' COMMENT 'The name of the object type in which the file is used.',
  `id` varchar(64) CHARACTER SET ascii NOT NULL DEFAULT '0' COMMENT 'The primary key of the object using the file.',
  `count` int(10) UNSIGNED NOT NULL DEFAULT '0' COMMENT 'The number of times this file is used by this object.'
) ENGINE=InnoDB DEFAULT CHARSET=utf8mb4 COMMENT='Track where a file is used.';

--
-- Déchargement des données de la table `prod_d8file_usage`
--

INSERT INTO `prod_d8file_usage` (`fid`, `module`, `type`, `id`, `count`) VALUES
(3, 'coming_soon', 'coming_soon', '1', 1),
(10, 'file', 'node', '90', 1),
(11, 'file', 'node', '91', 1),
(12, 'file', 'node', '92', 1),
(13, 'file', 'node', '93', 1),
(202, 'file', 'user', '1', 1),
(203, 'file', 'user', '1', 1),
(217, 'file', 'node', '89', 1),
(218, 'file', 'node', '94', 2),
(219, 'file', 'node', '95', 2),
(220, 'file', 'node', '96', 3),
(226, 'file', 'node', '101', 2),
(227, 'file', 'node', '98', 2),
(228, 'file', 'node', '98', 2),
(229, 'file', 'node', '102', 2),
(234, 'file', 'node', '107', 2),
(235, 'file', 'node', '108', 1),
(236, 'file', 'node', '109', 1),
(237, 'file', 'node', '111', 1),
(238, 'file', 'node', '112', 1),
(239, 'file', 'node', '113', 1),
(240, 'file', 'node', '114', 1),
(241, 'image', 'default_image', '6e045ad3-917b-4d2d-9e34-e4975cb0b2de', 1),
(242, 'image', 'default_image', 'f8f595ea-4c4f-4323-be98-dba0720fa760', 1),
(243, 'file', 'node', '115', 1),
(244, 'file', 'node', '116', 1),
(246, 'file', 'node', '118', 1),
(247, 'file', 'node', '119', 1),
(248, 'file', 'node', '120', 1),
(249, 'file', 'node', '101', 3),
(250, 'editor', 'paragraph', '7', 1),
(251, 'editor', 'paragraph', '7', 2),
(254, 'file', 'user', '49', 1),
(255, 'file', 'user', '62', 1),
(256, 'file', 'user', '65', 1),
(257, 'file', 'user', '67', 1),
(268, 'file', 'node', '154', 4),
(269, 'file', 'user', '73', 1),
(273, 'file', 'node', '158', 3),
(274, 'file', 'user', '75', 1),
(275, 'file', 'node', '161', 6),
(277, 'file', 'user', '84', 1),
(279, 'file', 'node', '163', 1),
(280, 'file', 'node', '167', 1),
(282, 'file', 'node', '169', 1),
(283, 'file', 'node', '170', 2),
(284, 'file', 'user', '93', 1),
(285, 'file', 'node', '174', 3),
(286, 'file', 'node', '178', 2),
(287, 'file', 'media', '1', 1),
(288, 'file', 'media', '1', 1),
(288, 'file', 'media', '10', 1),
(288, 'file', 'media', '11', 1),
(288, 'file', 'media', '13', 1),
(288, 'file', 'media', '14', 1),
(288, 'file', 'media', '15', 1),
(288, 'file', 'media', '16', 1),
(288, 'file', 'media', '17', 1),
(288, 'file', 'media', '18', 1),
(288, 'file', 'media', '19', 1),
(288, 'file', 'media', '2', 1),
(288, 'file', 'media', '20', 1),
(288, 'file', 'media', '21', 1),
(288, 'file', 'media', '22', 1),
(288, 'file', 'media', '23', 1),
(288, 'file', 'media', '24', 1),
(288, 'file', 'media', '25', 1),
(288, 'file', 'media', '26', 1),
(288, 'file', 'media', '4', 1),
(288, 'file', 'media', '5', 1),
(288, 'file', 'media', '6', 1),
(288, 'file', 'media', '7', 1),
(288, 'file', 'media', '8', 1),
(288, 'file', 'media', '9', 1),
(288, 'file', 'media', '3', 2),
(289, 'file', 'node', '188', 1),
(290, 'file', 'node', '188', 1),
(291, 'file', 'node', '188', 1),
(292, 'file', 'node', '188', 1),
(293, 'file', 'node', '188', 2),
(294, 'file', 'node', '188', 1),
(295, 'file', 'media', '2', 1),
(296, 'file', 'media', '3', 2),
(297, 'file', 'node', '190', 1),
(298, 'file', 'node', '191', 1),
(299, 'file', 'node', '192', 1),
(300, 'file', 'node', '194', 2),
(301, 'file', 'node', '196', 1),
(302, 'file', 'node', '197', 1),
(303, 'file', 'node', '198', 1),
(304, 'file', 'node', '199', 3),
(305, 'file', 'node', '204', 3),
(307, 'file', 'node', '207', 1),
(308, 'file', 'node', '208', 1),
(309, 'file', 'node', '209', 2),
(310, 'file', 'node', '211', 1),
(311, 'file', 'node', '216', 1),
(312, 'file', 'node', '217', 1),
(313, 'file', 'node', '218', 1),
(314, 'file', 'node', '220', 1),
(315, 'file', 'node', '221', 4),
(316, 'file', 'node', '222', 3),
(317, 'file', 'node', '223', 1),
(318, 'file', 'node', '224', 2),
(319, 'file', 'node', '230', 1),
(320, 'file', 'node', '234', 4),
(321, 'file', 'node', '241', 1),
(322, 'file', 'node', '241', 1),
(323, 'file', 'node', '259', 1),
(324, 'file', 'node', '261', 6),
(325, 'file', 'node', '264', 1),
(326, 'file', 'node', '272', 1),
(327, 'file', 'node', '273', 1),
(328, 'file', 'node', '276', 1),
(329, 'file', 'node', '298', 1),
(330, 'file', 'media', '4', 1),
(331, 'file', 'node', '319', 1),
(332, 'file', 'node', '324', 1),
(333, 'file', 'node', '325', 1),
(334, 'file', 'node', '326', 1),
(335, 'file', 'node', '327', 1),
(336, 'file', 'node', '328', 1),
(337, 'file', 'node', '337', 1),
(338, 'file', 'node', '344', 6),
(339, 'file', 'node', '349', 1),
(340, 'file', 'node', '351', 1),
(341, 'file', 'media', '5', 1),
(342, 'file', 'node', '354', 1),
(343, 'file', 'media', '6', 1),
(344, 'file', 'user', '143', 1),
(345, 'file', 'node', '381', 2),
(346, 'file', 'media', '7', 1),
(347, 'file', 'node', '388', 1),
(348, 'file', 'media', '8', 1),
(349, 'file', 'media', '9', 1),
(350, 'file', 'node', '394', 1),
(351, 'file', 'media', '10', 1),
(352, 'file', 'node', '397', 1),
(353, 'file', 'node', '398', 1),
(354, 'file', 'node', '402', 3),
(355, 'file', 'user', '148', 1),
(356, 'file', 'media', '11', 1),
(357, 'file', 'media', '12', 1),
(359, 'file', 'node', '406', 2),
(360, 'file', 'media', '13', 1),
(361, 'file', 'node', '407', 3),
(362, 'file', 'node', '408', 3),
(363, 'file', 'node', '409', 2),
(365, 'file', 'user', '149', 1),
(367, 'file', 'node', '415', 8),
(368, 'file', 'media', '14', 1),
(369, 'file', 'node', '428', 1),
(370, 'file', 'node', '429', 1),
(371, 'file', 'node', '447', 2),
(372, 'file', 'node', '454', 1),
(373, 'file', 'node', '447', 1),
(374, 'file', 'node', '428', 1),
(375, 'file', 'node', '458', 1),
(377, 'file', 'node', '460', 2),
(378, 'file', 'node', '463', 1),
(379, 'file', 'node', '472', 1),
(380, 'file', 'node', '481', 1),
(381, 'file', 'node', '482', 2),
(382, 'file', 'node', '485', 1),
(383, 'file', 'media', '15', 1),
(384, 'file', 'node', '496', 1),
(385, 'file', 'node', '497', 1),
(386, 'file', 'media', '16', 1),
(387, 'file', 'node', '544', 1),
(388, 'file', 'node', '567', 1),
(389, 'file', 'node', '570', 1),
(390, 'file', 'node', '570', 1),
(391, 'file', 'user', '156', 1),
(392, 'file', 'media', '17', 1),
(393, 'file', 'node', '580', 2),
(394, 'file', 'node', '583', 1),
(395, 'file', 'node', '584', 1),
(396, 'file', 'user', '159', 1),
(397, 'file', 'node', '602', 1),
(398, 'file', 'media', '18', 1),
(399, 'file', 'media', '19', 1),
(400, 'file', 'node', '636', 1),
(401, 'file', 'node', '639', 1),
(402, 'file', 'user', '162', 1),
(403, 'file', 'node', '645', 2),
(404, 'file', 'media', '20', 1),
(405, 'file', 'node', '740', 1),
(406, 'file', 'node', '790', 1),
(407, 'file', 'node', '831', 1),
(408, 'file', 'node', '844', 1),
(409, 'file', 'media', '21', 1),
(410, 'file', 'node', '884', 1),
(411, 'file', 'media', '22', 1),
(412, 'file', 'node', '898', 1),
(413, 'file', 'node', '906', 1),
(414, 'file', 'node', '907', 1),
(415, 'file', 'node', '909', 1),
(416, 'file', 'node', '927', 2),
(419, 'file', 'user', '210', 1),
(420, 'file', 'media', '23', 1),
(421, 'file', 'node', '939', 2),
(422, 'file', 'node', '940', 1),
(423, 'file', 'node', '952', 1),
(424, 'file', 'node', '953', 1),
(425, 'file', 'media', '24', 1),
(426, 'file', 'node', '963', 1),
(427, 'file', 'node', '967', 1),
(428, 'file', 'node', '970', 1),
(429, 'file', 'node', '971', 1),
(430, 'file', 'node', '979', 1),
(431, 'file', 'media', '25', 1),
(432, 'file', 'node', '983', 3),
(433, 'file', 'node', '987', 1),
(434, 'file', 'node', '990', 1),
(435, 'file', 'node', '991', 1),
(438, 'file', 'node', '993', 1),
(439, 'file', 'node', '997', 1),
(440, 'file', 'node', '997', 2),
(441, 'file', 'node', '1000', 1),
(442, 'file', 'node', '1000', 2),
(443, 'file', 'media', '26', 1),
(444, 'file', 'node', '1011', 1),
(445, 'file', 'node', '1018', 1),
(446, 'file', 'node', '1018', 1);

-- --------------------------------------------------------

--
-- Structure de la table `prod_d8flood`
--

CREATE TABLE `prod_d8flood` (
  `fid` int(11) NOT NULL COMMENT 'Unique flood event ID.',
  `event` varchar(64) CHARACTER SET ascii NOT NULL DEFAULT '' COMMENT 'Name of event (e.g. contact).',
  `identifier` varchar(128) CHARACTER SET ascii NOT NULL DEFAULT '' COMMENT 'Identifier of the visitor, such as an IP address or hostname.',
  `timestamp` int(11) NOT NULL DEFAULT '0' COMMENT 'Timestamp of the event.',
  `expiration` int(11) NOT NULL DEFAULT '0' COMMENT 'Expiration timestamp. Expired events are purged on cron run.'
) ENGINE=InnoDB DEFAULT CHARSET=utf8mb4 COMMENT='Flood controls the threshold of events, such as the number…';

-- --------------------------------------------------------

--
-- Structure de la table `prod_d8history`
--

CREATE TABLE `prod_d8history` (
  `uid` int(11) NOT NULL DEFAULT '0' COMMENT 'The prod_d8users.uid that read the prod_d8node nid.',
  `nid` int(10) UNSIGNED NOT NULL DEFAULT '0' COMMENT 'The prod_d8node.nid that was read.',
  `timestamp` int(11) NOT NULL DEFAULT '0' COMMENT 'The Unix timestamp at which the read occurred.'
) ENGINE=InnoDB DEFAULT CHARSET=utf8mb4 COMMENT='A record of which prod_d8users have read which prod_d8nodes.';

--
-- Déchargement des données de la table `prod_d8history`
--

INSERT INTO `prod_d8history` (`uid`, `nid`, `timestamp`) VALUES
(1, 2, 1671367872),
(49, 2, 1669978638),
(49, 48, 1669652334),
(49, 51, 1671305681),
(49, 672, 1669652306),
(49, 987, 1669233257),
(49, 993, 1669740943),
(49, 997, 1669979047),
(49, 1000, 1670513692),
(49, 1011, 1670846751),
(49, 1018, 1671305676),
(77, 2, 1669402882),
(77, 48, 1669402927),
(86, 48, 1670147283),
(155, 2, 1669666533),
(155, 48, 1669666346),
(155, 990, 1669666543),
(156, 48, 1670328997),
(207, 48, 1671209565);

-- --------------------------------------------------------

--
-- Structure de la table `prod_d8honeypot_user`
--

CREATE TABLE `prod_d8honeypot_user` (
  `uid` int(10) UNSIGNED NOT NULL COMMENT 'Foreign key to prod_d8users.uid. uniquely identifies a Drupal user to whom this ACL data applies.',
  `hostname` varchar(128) NOT NULL COMMENT 'Hostname of user that that triggered honeypot.',
  `timestamp` int(10) UNSIGNED NOT NULL COMMENT 'Date/time when the form submission failed, as Unix timestamp.'
) ENGINE=InnoDB DEFAULT CHARSET=utf8mb4 COMMENT='Table that stores failed attempts to submit a form.';

-- --------------------------------------------------------

--
-- Structure de la table `prod_d8key_value`
--

CREATE TABLE `prod_d8key_value` (
  `collection` varchar(128) CHARACTER SET ascii NOT NULL DEFAULT '' COMMENT 'A named collection of key and value pairs.',
  `name` varchar(128) CHARACTER SET ascii NOT NULL DEFAULT '' COMMENT 'The key of the key-value pair. As KEY is a SQL reserved keyword, name was chosen instead.',
  `value` longblob NOT NULL COMMENT 'The value.'
) ENGINE=InnoDB DEFAULT CHARSET=utf8mb4 COMMENT='Generic key-value storage table. See the state system for…';

--
-- Déchargement des données de la table `prod_d8key_value`
--

INSERT INTO `prod_d8key_value` (`collection`, `name`, `value`) VALUES
('config.entity.key_store.action', 'uuid:01ffa0d6-401b-4f9c-8c63-693cb100fdc4', 0x613a313a7b693a303b733a34383a2273797374656d2e616374696f6e2e757365725f6164645f726f6c655f616374696f6e2e61646d696e6973747261746f72223b7d),
('config.entity.key_store.action', 'uuid:0e3c0c51-6c45-4064-87ed-64e82bd30f24', 0x613a313a7b693a303b733a34323a2273797374656d2e616374696f6e2e7461786f6e6f6d795f7465726d5f7075626c6973685f616374696f6e223b7d),
('config.entity.key_store.action', 'uuid:15531ead-cf1e-4a5b-836a-645f26402ec3', 0x613a313a7b693a303b733a34343a2273797374656d2e616374696f6e2e757365725f72656d6f76655f726f6c655f616374696f6e2e6d656d627265223b7d),
('config.entity.key_store.action', 'uuid:17bb3be8-16c5-4e00-9247-7e185e46cc45', 0x613a313a7b693a303b733a33363a2273797374656d2e616374696f6e2e6d656469615f756e7075626c6973685f616374696f6e223b7d),
('config.entity.key_store.action', 'uuid:197dc321-4add-422a-9825-28756f3cbc0a', 0x613a313a7b693a303b733a34303a2273797374656d2e616374696f6e2e706174686175746f5f7570646174655f616c6961735f6e6f6465223b7d),
('config.entity.key_store.action', 'uuid:2be1092f-a4c3-44d4-a016-46df3906fb70', 0x613a313a7b693a303b733a33333a2273797374656d2e616374696f6e2e636f6d6d656e745f736176655f616374696f6e223b7d),
('config.entity.key_store.action', 'uuid:446cbfbe-c3c5-4690-9da6-eee5d7cc6010', 0x613a313a7b693a303b733a33363a2273797374656d2e616374696f6e2e636f6d6d656e745f7075626c6973685f616374696f6e223b7d),
('config.entity.key_store.action', 'uuid:5dd5411b-a671-4dce-acef-0496ca2896c5', 0x613a313a7b693a303b733a34313a2273797374656d2e616374696f6e2e757365725f6164645f726f6c655f616374696f6e2e6d656d627265223b7d),
('config.entity.key_store.action', 'uuid:6136d3b5-e86d-4247-922c-5c0b199b3e04', 0x613a313a7b693a303b733a33353a2273797374656d2e616374696f6e2e636f6d6d656e745f64656c6574655f616374696f6e223b7d),
('config.entity.key_store.action', 'uuid:63172acc-98f5-4023-904d-b78730fb616e', 0x613a313a7b693a303b733a33333a2273797374656d2e616374696f6e2e6e6f64655f7075626c6973685f616374696f6e223b7d),
('config.entity.key_store.action', 'uuid:6e7b0259-53c9-4ea5-94d8-848e13be8bee', 0x613a313a7b693a303b733a33333a2273797374656d2e616374696f6e2e6d656469615f64656c6574655f616374696f6e223b7d),
('config.entity.key_store.action', 'uuid:71614a07-920c-4c91-b42b-dca5261e3606', 0x613a313a7b693a303b733a33363a2273797374656d2e616374696f6e2e757365725f626c6f636b5f757365725f616374696f6e223b7d),
('config.entity.key_store.action', 'uuid:725437eb-8737-4f59-9a6e-723316316b6b', 0x613a313a7b693a303b733a33373a2273797374656d2e616374696f6e2e757365725f63616e63656c5f757365725f616374696f6e223b7d),
('config.entity.key_store.action', 'uuid:775890c0-6aa9-4925-b0c4-03a54be1aa15', 0x613a313a7b693a303b733a33383a2273797374656d2e616374696f6e2e636f6d6d656e745f756e7075626c6973685f616374696f6e223b7d),
('config.entity.key_store.action', 'uuid:840e4985-114f-4c80-bf70-f720571bf671', 0x613a313a7b693a303b733a33373a2273797374656d2e616374696f6e2e6e6f64655f6d616b655f737469636b795f616374696f6e223b7d),
('config.entity.key_store.action', 'uuid:8ac93250-1608-4ee8-8584-26e2d53dcc6a', 0x613a313a7b693a303b733a34343a2273797374656d2e616374696f6e2e7461786f6e6f6d795f7465726d5f756e7075626c6973685f616374696f6e223b7d),
('config.entity.key_store.action', 'uuid:94db5348-33aa-4e40-af30-a00130fb4a00', 0x613a313a7b693a303b733a33303a2273797374656d2e616374696f6e2e6e6f64655f736176655f616374696f6e223b7d),
('config.entity.key_store.action', 'uuid:9578f026-7806-46a5-9d74-253d5515965d', 0x613a313a7b693a303b733a33383a2273797374656d2e616374696f6e2e757365725f756e626c6f636b5f757365725f616374696f6e223b7d),
('config.entity.key_store.action', 'uuid:ac711aaf-bcdb-4067-a4f1-cd7b75b7695e', 0x613a313a7b693a303b733a34303a2273797374656d2e616374696f6e2e706174686175746f5f7570646174655f616c6961735f75736572223b7d),
('config.entity.key_store.action', 'uuid:aca72b2a-22a3-40d3-8a67-441c675f4fbf', 0x613a313a7b693a303b733a34333a2273797374656d2e616374696f6e2e636f6e746163745f6d6573736167655f64656c6574655f616374696f6e223b7d),
('config.entity.key_store.action', 'uuid:b2ecc8d1-4b2b-4dfd-bd96-951aa4bb9f85', 0x613a313a7b693a303b733a33323a2273797374656d2e616374696f6e2e6e6f64655f64656c6574655f616374696f6e223b7d),
('config.entity.key_store.action', 'uuid:c3caa88f-cc1a-4474-bc8d-c667aa33ad25', 0x613a313a7b693a303b733a35313a2273797374656d2e616374696f6e2e757365725f72656d6f76655f726f6c655f616374696f6e2e61646d696e6973747261746f72223b7d),
('config.entity.key_store.action', 'uuid:c68566f1-430e-4dd2-a692-00502ecd5eee', 0x613a313a7b693a303b733a33353a2273797374656d2e616374696f6e2e6e6f64655f756e70726f6d6f74655f616374696f6e223b7d),
('config.entity.key_store.action', 'uuid:ce5e35ee-97fd-4c2e-9158-2adaafc248dd', 0x613a313a7b693a303b733a33343a2273797374656d2e616374696f6e2e6d656469615f7075626c6973685f616374696f6e223b7d),
('config.entity.key_store.action', 'uuid:cfa4a464-d722-40c1-8cf8-771ffaf8f38b', 0x613a313a7b693a303b733a33313a2273797374656d2e616374696f6e2e6d656469615f736176655f616374696f6e223b7d),
('config.entity.key_store.action', 'uuid:e8c65581-3b8b-426b-b48d-bba07eed7c89', 0x613a313a7b693a303b733a33353a2273797374656d2e616374696f6e2e6e6f64655f756e7075626c6973685f616374696f6e223b7d),
('config.entity.key_store.action', 'uuid:edac37b9-0ce5-4e22-893b-881102232821', 0x613a313a7b693a303b733a33393a2273797374656d2e616374696f6e2e6e6f64655f6d616b655f756e737469636b795f616374696f6e223b7d),
('config.entity.key_store.action', 'uuid:f9010ff4-20a8-47c6-99f8-50f6773bccfa', 0x613a313a7b693a303b733a33333a2273797374656d2e616374696f6e2e6e6f64655f70726f6d6f74655f616374696f6e223b7d),
('config.entity.key_store.base_field_override', 'uuid:3b2dbe9f-0e47-48a4-a05a-810dcbe54864', 0x613a313a7b693a303b733a34393a22636f72652e626173655f6669656c645f6f766572726964652e6e6f64652e7075626c69636174696f6e2e70726f6d6f7465223b7d),
('config.entity.key_store.base_field_override', 'uuid:570bb7ab-db85-4c8d-9f50-7c0fbbaaacf1', 0x613a313a7b693a303b733a34313a22636f72652e626173655f6669656c645f6f766572726964652e6e6f64652e6c697672652e7469746c65223b7d),
('config.entity.key_store.base_field_override', 'uuid:82893903-2fc2-462b-badf-8b745479df92', 0x613a313a7b693a303b733a34323a22636f72652e626173655f6669656c645f6f766572726964652e6e6f64652e706167652e70726f6d6f7465223b7d),
('config.entity.key_store.block', 'theme:bartik', 0x613a31343a7b693a303b733a33323a22626c6f636b2e626c6f636b2e62617274696b5f6c6f63616c5f616374696f6e73223b693a313b733a33303a22626c6f636b2e626c6f636b2e62617274696b5f6c6f63616c5f7461736b73223b693a323b733a32393a22626c6f636b2e626c6f636b2e62617274696b5f706167655f7469746c65223b693a333b733a32333a22626c6f636b2e626c6f636b2e62617274696b5f68656c70223b693a363b733a32373a22626c6f636b2e626c6f636b2e62617274696b5f6d65737361676573223b693a373b733a32363a22626c6f636b2e626c6f636b2e62617274696b5f636f6e74656e74223b693a393b733a32373a22626c6f636b2e626c6f636b2e62617274696b5f6272616e64696e67223b693a31303b733a33313a22626c6f636b2e626c6f636b2e62617274696b5f6163636f756e745f6d656e75223b693a31313b733a32353a22626c6f636b2e626c6f636b2e62617274696b5f666f6f746572223b693a31323b733a32383a22626c6f636b2e626c6f636b2e62617274696b5f6d61696e5f6d656e75223b693a31333b733a32343a22626c6f636b2e626c6f636b2e62617274696b5f746f6f6c73223b693a31363b733a32323a22626c6f636b2e626c6f636b2e636f6d6d756e61757465223b693a31373b733a33323a22626c6f636b2e626c6f636b2e636f6e6e6578696f6e7574696c69736174657572223b693a31383b733a33323a22626c6f636b2e626c6f636b2e6e617669676174696f6e7072696e636970616c65223b7d),
('config.entity.key_store.block', 'theme:basic', 0x613a31333a7b693a303b733a33313a22626c6f636b2e626c6f636b2e62617369635f6c6f63616c5f616374696f6e73223b693a313b733a32393a22626c6f636b2e626c6f636b2e62617369635f6c6f63616c5f7461736b73223b693a323b733a32383a22626c6f636b2e626c6f636b2e62617369635f706167655f7469746c65223b693a333b733a32323a22626c6f636b2e626c6f636b2e62617369635f68656c70223b693a343b733a32343a22626c6f636b2e626c6f636b2e62617369635f736561726368223b693a353b733a32363a22626c6f636b2e626c6f636b2e62617369635f6272616e64696e67223b693a363b733a32393a22626c6f636b2e626c6f636b2e62617369635f62726561646372756d6273223b693a373b733a32353a22626c6f636b2e626c6f636b2e62617369635f636f6e74656e74223b693a383b733a32363a22626c6f636b2e626c6f636b2e62617369635f6d65737361676573223b693a393b733a33303a22626c6f636b2e626c6f636b2e62617369635f6163636f756e745f6d656e75223b693a31303b733a32343a22626c6f636b2e626c6f636b2e62617369635f666f6f746572223b693a31313b733a32373a22626c6f636b2e626c6f636b2e62617369635f6d61696e5f6d656e75223b693a31323b733a32333a22626c6f636b2e626c6f636b2e62617369635f746f6f6c73223b7d),
('config.entity.key_store.block', 'theme:bootstrap', 0x613a31343a7b693a303b733a33353a22626c6f636b2e626c6f636b2e626f6f7473747261705f6c6f63616c5f616374696f6e73223b693a313b733a33333a22626c6f636b2e626c6f636b2e626f6f7473747261705f6c6f63616c5f7461736b73223b693a323b733a33323a22626c6f636b2e626c6f636b2e626f6f7473747261705f706167655f7469746c65223b693a333b733a32363a22626c6f636b2e626c6f636b2e626f6f7473747261705f68656c70223b693a343b733a32383a22626c6f636b2e626c6f636b2e626f6f7473747261705f736561726368223b693a353b733a33303a22626c6f636b2e626c6f636b2e626f6f7473747261705f6272616e64696e67223b693a363b733a33333a22626c6f636b2e626c6f636b2e626f6f7473747261705f62726561646372756d6273223b693a373b733a32393a22626c6f636b2e626c6f636b2e626f6f7473747261705f636f6e74656e74223b693a383b733a33303a22626c6f636b2e626c6f636b2e626f6f7473747261705f6d65737361676573223b693a393b733a32393a22626c6f636b2e626c6f636b2e626f6f7473747261705f706f7765726564223b693a31303b733a33343a22626c6f636b2e626c6f636b2e626f6f7473747261705f6163636f756e745f6d656e75223b693a31313b733a32383a22626c6f636b2e626c6f636b2e626f6f7473747261705f666f6f746572223b693a31323b733a33313a22626c6f636b2e626c6f636b2e626f6f7473747261705f6d61696e5f6d656e75223b693a31333b733a32373a22626c6f636b2e626c6f636b2e626f6f7473747261705f746f6f6c73223b7d),
('config.entity.key_store.block', 'theme:claro', 0x613a383a7b693a303b733a33313a22626c6f636b2e626c6f636b2e636c61726f5f6c6f63616c5f616374696f6e73223b693a313b733a32383a22626c6f636b2e626c6f636b2e636c61726f5f706167655f7469746c65223b693a323b733a33373a22626c6f636b2e626c6f636b2e636c61726f5f7072696d6172795f6c6f63616c5f7461736b73223b693a333b733a33393a22626c6f636b2e626c6f636b2e636c61726f5f7365636f6e646172795f6c6f63616c5f7461736b73223b693a343b733a32323a22626c6f636b2e626c6f636b2e636c61726f5f68656c70223b693a353b733a32393a22626c6f636b2e626c6f636b2e636c61726f5f62726561646372756d6273223b693a363b733a32353a22626c6f636b2e626c6f636b2e636c61726f5f636f6e74656e74223b693a373b733a32363a22626c6f636b2e626c6f636b2e636c61726f5f6d65737361676573223b7d),
('config.entity.key_store.block', 'theme:obsessions', 0x613a32393a7b693a303b733a33353a22626c6f636b2e626c6f636b2e6f6273657373696f6e735f6163636f756e745f6d656e75223b693a313b733a33313a22626c6f636b2e626c6f636b2e6f6273657373696f6e735f6272616e64696e67223b693a333b733a33303a22626c6f636b2e626c6f636b2e6f6273657373696f6e735f636f6e74656e74223b693a353b733a32373a22626c6f636b2e626c6f636b2e6f6273657373696f6e735f68656c70223b693a363b733a33363a22626c6f636b2e626c6f636b2e6f6273657373696f6e735f6c6f63616c5f616374696f6e73223b693a373b733a33343a22626c6f636b2e626c6f636b2e6f6273657373696f6e735f6c6f63616c5f7461736b73223b693a383b733a33323a22626c6f636b2e626c6f636b2e6f6273657373696f6e735f6d61696e5f6d656e75223b693a393b733a33313a22626c6f636b2e626c6f636b2e6f6273657373696f6e735f6d65737361676573223b693a31303b733a33333a22626c6f636b2e626c6f636b2e6f6273657373696f6e735f706167655f7469746c65223b693a31313b733a32303a22626c6f636b2e626c6f636b2e6c6566746d656e75223b693a31333b733a32363a22626c6f636b2e626c6f636b2e636f6d6d756e697479706f737473223b693a31343b733a32323a22626c6f636b2e626c6f636b2e6e6578746576656e7473223b693a31353b733a32333a22626c6f636b2e626c6f636b2e7072656d696572626c6f63223b693a31363b733a33393a22626c6f636b2e626c6f636b2e76696577735f626c6f636b5f5f6c69767265735f626c6f636b5f31223b693a31373b733a34393a22626c6f636b2e626c6f636b2e76696577735f626c6f636b5f5f61727469636c65735f64755f626c6f675f626c6f636b5f31223b693a31383b733a34333a22626c6f636b2e626c6f636b2e76696577735f626c6f636b5f5f61637475616c697465735f626c6f636b5f31223b693a31393b733a32373a22626c6f636b2e626c6f636b2e757365726f7074696f6e736d656e75223b693a32303b733a33333a22626c6f636b2e626c6f636b2e6e6578746576656e7473636f6e666572656e636573223b693a32313b733a33323a22626c6f636b2e626c6f636b2e6e6578746576656e7473666f726d6174696f6e73223b693a32323b733a32343a22626c6f636b2e626c6f636b2e6576656e7464657461696c73223b693a32333b733a32323a22626c6f636b2e626c6f636b2e666f6f74657274657874223b693a32343b733a33383a22626c6f636b2e626c6f636b2e626574746572736f6369616c73686172696e67627574746f6e73223b693a32353b733a32363a22626c6f636b2e626c6f636b2e63617465676f726965736c697374223b693a32363b733a32323a22626c6f636b2e626c6f636b2e6d617371756572616465223b693a32373b733a32313a22626c6f636b2e626c6f636b2e6c617374706f737473223b693a32383b733a33323a22626c6f636b2e626c6f636b2e666f726d756c616972656e6577736c6574746572223b693a32393b733a36373a22626c6f636b2e626c6f636b2e76696577735f626c6f636b5f5f6c697374655f6465735f696e7363726974735f636f706965725f636f6c6c61626c655f626c6f636b5f31223b693a33303b733a32333a22626c6f636b2e626c6f636b2e73796e636d656d62657273223b693a33313b733a32353a22626c6f636b2e626c6f636b2e73796e636d656d626572735f32223b7d),
('config.entity.key_store.block', 'theme:seven', 0x613a383a7b693a303b733a33393a22626c6f636b2e626c6f636b2e736576656e5f7365636f6e646172795f6c6f63616c5f7461736b73223b693a313b733a33373a22626c6f636b2e626c6f636b2e736576656e5f7072696d6172795f6c6f63616c5f7461736b73223b693a323b733a32383a22626c6f636b2e626c6f636b2e736576656e5f706167655f7469746c65223b693a333b733a33313a22626c6f636b2e626c6f636b2e736576656e5f6c6f63616c5f616374696f6e73223b693a343b733a32323a22626c6f636b2e626c6f636b2e736576656e5f68656c70223b693a353b733a32363a22626c6f636b2e626c6f636b2e736576656e5f6d65737361676573223b693a363b733a32353a22626c6f636b2e626c6f636b2e736576656e5f636f6e74656e74223b693a373b733a32393a22626c6f636b2e626c6f636b2e736576656e5f62726561646372756d6273223b7d),
('config.entity.key_store.block', 'theme:stark', 0x613a31333a7b693a303b733a33303a22626c6f636b2e626c6f636b2e737461726b5f6163636f756e745f6d656e75223b693a313b733a32363a22626c6f636b2e626c6f636b2e737461726b5f6272616e64696e67223b693a323b733a32353a22626c6f636b2e626c6f636b2e737461726b5f636f6e74656e74223b693a333b733a32343a22626c6f636b2e626c6f636b2e737461726b5f666f6f746572223b693a343b733a32323a22626c6f636b2e626c6f636b2e737461726b5f68656c70223b693a353b733a33313a22626c6f636b2e626c6f636b2e737461726b5f6c6f63616c5f616374696f6e73223b693a363b733a32393a22626c6f636b2e626c6f636b2e737461726b5f6c6f63616c5f7461736b73223b693a373b733a32373a22626c6f636b2e626c6f636b2e737461726b5f6d61696e5f6d656e75223b693a383b733a32363a22626c6f636b2e626c6f636b2e737461726b5f6d65737361676573223b693a393b733a32383a22626c6f636b2e626c6f636b2e737461726b5f706167655f7469746c65223b693a31303b733a32333a22626c6f636b2e626c6f636b2e737461726b5f746f6f6c73223b693a31313b733a32383a22626c6f636b2e626c6f636b2e737461726b5f636f6d6d756e61757465223b693a31323b733a33383a22626c6f636b2e626c6f636b2e737461726b5f636f6e6e6578696f6e7574696c69736174657572223b7d),
('config.entity.key_store.block', 'uuid:022d3b59-0b15-4470-8fec-65dfe2ded7a1', 0x613a313a7b693a303b733a32333a22626c6f636b2e626c6f636b2e62617274696b5f68656c70223b7d),
('config.entity.key_store.block', 'uuid:054d665f-9fb9-4849-aa53-c1a3ceca2b3e', 0x613a313a7b693a303b733a32323a22626c6f636b2e626c6f636b2e6d617371756572616465223b7d),
('config.entity.key_store.block', 'uuid:069bb183-d75e-4a65-b5e3-61b08612e55a', 0x613a313a7b693a303b733a33303a22626c6f636b2e626c6f636b2e737461726b5f6163636f756e745f6d656e75223b7d),
('config.entity.key_store.block', 'uuid:06d8f99e-1c52-4a9e-a77d-09c528e2e750', 0x613a313a7b693a303b733a32393a22626c6f636b2e626c6f636b2e62617274696b5f706167655f7469746c65223b7d),
('config.entity.key_store.block', 'uuid:0750ea10-d94b-4ed7-b0af-a14c67d1fefb', 0x613a313a7b693a303b733a33313a22626c6f636b2e626c6f636b2e737461726b5f6c6f63616c5f616374696f6e73223b7d),
('config.entity.key_store.block', 'uuid:0fb04c8f-4087-43fc-bcf7-f51584941204', 0x613a313a7b693a303b733a32333a22626c6f636b2e626c6f636b2e73796e636d656d62657273223b7d),
('config.entity.key_store.block', 'uuid:115a3546-0e1a-4633-9ba2-7c69e436f439', 0x613a313a7b693a303b733a32373a22626c6f636b2e626c6f636b2e62617274696b5f6d65737361676573223b7d),
('config.entity.key_store.block', 'uuid:1793ab1b-6f0f-438a-a520-164b98df3296', 0x613a313a7b693a303b733a33303a22626c6f636b2e626c6f636b2e626f6f7473747261705f6272616e64696e67223b7d),
('config.entity.key_store.block', 'uuid:1d0198ca-fadf-40ba-8788-7a34cbd7b24c', 0x613a313a7b693a303b733a33383a22626c6f636b2e626c6f636b2e737461726b5f636f6e6e6578696f6e7574696c69736174657572223b7d),
('config.entity.key_store.block', 'uuid:1d3436a3-1abf-4c98-a3e9-863efdd82d92', 0x613a313a7b693a303b733a32313a22626c6f636b2e626c6f636b2e6c617374706f737473223b7d),
('config.entity.key_store.block', 'uuid:1f584a5c-b16c-4479-a0d7-2cb8a463517b', 0x613a313a7b693a303b733a32373a22626c6f636b2e626c6f636b2e737461726b5f6d61696e5f6d656e75223b7d),
('config.entity.key_store.block', 'uuid:2058db69-ef5b-475f-994b-159c98924840', 0x613a313a7b693a303b733a32383a22626c6f636b2e626c6f636b2e62617274696b5f6d61696e5f6d656e75223b7d),
('config.entity.key_store.block', 'uuid:2186f56a-dc03-4a24-836e-686360abcaae', 0x613a313a7b693a303b733a34333a22626c6f636b2e626c6f636b2e76696577735f626c6f636b5f5f61637475616c697465735f626c6f636b5f31223b7d),
('config.entity.key_store.block', 'uuid:282c51a5-dc7c-4b0e-b9fb-43fcc8f6e4d2', 0x613a313a7b693a303b733a32353a22626c6f636b2e626c6f636b2e636c61726f5f636f6e74656e74223b7d),
('config.entity.key_store.block', 'uuid:2dd11905-848a-42ef-bcef-5bc2bc889ecd', 0x613a313a7b693a303b733a32363a22626c6f636b2e626c6f636b2e62617274696b5f636f6e74656e74223b7d),
('config.entity.key_store.block', 'uuid:310f57c9-8f6f-48fe-ab0b-f05b77439f40', 0x613a313a7b693a303b733a32333a22626c6f636b2e626c6f636b2e7072656d696572626c6f63223b7d),
('config.entity.key_store.block', 'uuid:312601e8-dbf0-4ed8-8af7-b5cf3e9a648c', 0x613a313a7b693a303b733a32363a22626c6f636b2e626c6f636b2e626f6f7473747261705f68656c70223b7d),
('config.entity.key_store.block', 'uuid:358a0a8e-29f5-47b0-a1c5-82497ac2322a', 0x613a313a7b693a303b733a33313a22626c6f636b2e626c6f636b2e636c61726f5f6c6f63616c5f616374696f6e73223b7d),
('config.entity.key_store.block', 'uuid:38b3c8ae-68e1-4059-aab0-dfd5e886d9cc', 0x613a313a7b693a303b733a34393a22626c6f636b2e626c6f636b2e76696577735f626c6f636b5f5f61727469636c65735f64755f626c6f675f626c6f636b5f31223b7d),
('config.entity.key_store.block', 'uuid:3e7febc2-d989-45b5-bca8-445b0e6539ed', 0x613a313a7b693a303b733a33323a22626c6f636b2e626c6f636b2e6e617669676174696f6e7072696e636970616c65223b7d),
('config.entity.key_store.block', 'uuid:3f376f3e-022a-4f21-89ef-a974d23cc1a1', 0x613a313a7b693a303b733a32323a22626c6f636b2e626c6f636b2e636c61726f5f68656c70223b7d),
('config.entity.key_store.block', 'uuid:43181b83-7136-4288-b6f8-f93c76b90fe8', 0x613a313a7b693a303b733a33303a22626c6f636b2e626c6f636b2e626f6f7473747261705f6d65737361676573223b7d),
('config.entity.key_store.block', 'uuid:43799708-499a-4b6b-8db2-1607e1a46ae0', 0x613a313a7b693a303b733a32393a22626c6f636b2e626c6f636b2e737461726b5f6c6f63616c5f7461736b73223b7d),
('config.entity.key_store.block', 'uuid:439dfdc2-ee89-479c-aea6-d726faf0b5c7', 0x613a313a7b693a303b733a32383a22626c6f636b2e626c6f636b2e736576656e5f706167655f7469746c65223b7d),
('config.entity.key_store.block', 'uuid:47d5c019-25c5-4762-b10b-76e369e9fc36', 0x613a313a7b693a303b733a32363a22626c6f636b2e626c6f636b2e63617465676f726965736c697374223b7d),
('config.entity.key_store.block', 'uuid:4a0b6e73-f701-4c16-81a3-da6858c44001', 0x613a313a7b693a303b733a33373a22626c6f636b2e626c6f636b2e736576656e5f7072696d6172795f6c6f63616c5f7461736b73223b7d),
('config.entity.key_store.block', 'uuid:4a81e943-e576-40ca-8dd7-38106d1b8abd', 0x613a313a7b693a303b733a32383a22626c6f636b2e626c6f636b2e737461726b5f636f6d6d756e61757465223b7d),
('config.entity.key_store.block', 'uuid:4b750ddc-dde3-4a6c-bff0-5a4a4f363ee3', 0x613a313a7b693a303b733a33313a22626c6f636b2e626c6f636b2e62617274696b5f6163636f756e745f6d656e75223b7d),
('config.entity.key_store.block', 'uuid:53f8c1d3-67a0-4bc0-9f3e-ca03fb4b8c09', 0x613a313a7b693a303b733a33393a22626c6f636b2e626c6f636b2e76696577735f626c6f636b5f5f6c69767265735f626c6f636b5f31223b7d),
('config.entity.key_store.block', 'uuid:57d81b1d-3e75-410e-b25b-402a757b53cf', 0x613a313a7b693a303b733a32393a22626c6f636b2e626c6f636b2e62617369635f6c6f63616c5f7461736b73223b7d),
('config.entity.key_store.block', 'uuid:59d1aaa9-5767-498d-b937-69e6e1bba68e', 0x613a313a7b693a303b733a33393a22626c6f636b2e626c6f636b2e736576656e5f7365636f6e646172795f6c6f63616c5f7461736b73223b7d),
('config.entity.key_store.block', 'uuid:6235434f-4f6f-4667-9b5d-36ea01b1d75a', 0x613a313a7b693a303b733a33323a22626c6f636b2e626c6f636b2e62617274696b5f6c6f63616c5f616374696f6e73223b7d),
('config.entity.key_store.block', 'uuid:66518d07-56b8-4cba-91b4-e95adb7807fb', 0x613a313a7b693a303b733a33353a22626c6f636b2e626c6f636b2e6f6273657373696f6e735f6163636f756e745f6d656e75223b7d),
('config.entity.key_store.block', 'uuid:675f1c5d-f7cb-4485-a1dc-e506264f52e7', 0x613a313a7b693a303b733a32353a22626c6f636b2e626c6f636b2e62617274696b5f666f6f746572223b7d),
('config.entity.key_store.block', 'uuid:68cdc9cb-08f2-44ab-be72-df4ec9fcdda5', 0x613a313a7b693a303b733a32353a22626c6f636b2e626c6f636b2e62617369635f636f6e74656e74223b7d),
('config.entity.key_store.block', 'uuid:6b0c9992-39a1-437b-95d5-97f67b83afbe', 0x613a313a7b693a303b733a32323a22626c6f636b2e626c6f636b2e62617369635f68656c70223b7d),
('config.entity.key_store.block', 'uuid:6b829bef-a6f5-4cd7-9cbb-22721f1f97f2', 0x613a313a7b693a303b733a33313a22626c6f636b2e626c6f636b2e6f6273657373696f6e735f6d65737361676573223b7d),
('config.entity.key_store.block', 'uuid:73054191-a8e0-4e1f-9224-da02cc5d609b', 0x613a313a7b693a303b733a33393a22626c6f636b2e626c6f636b2e636c61726f5f7365636f6e646172795f6c6f63616c5f7461736b73223b7d),
('config.entity.key_store.block', 'uuid:76bfef66-8a2c-451b-b5b7-428d86e315d0', 0x613a313a7b693a303b733a33333a22626c6f636b2e626c6f636b2e626f6f7473747261705f6c6f63616c5f7461736b73223b7d),
('config.entity.key_store.block', 'uuid:77b71e32-d2f0-4fd6-927f-21707f1d9200', 0x613a313a7b693a303b733a33323a22626c6f636b2e626c6f636b2e6e6578746576656e7473666f726d6174696f6e73223b7d),
('config.entity.key_store.block', 'uuid:7cb6a06d-53da-43b1-b2e8-a7cf87020821', 0x613a313a7b693a303b733a33333a22626c6f636b2e626c6f636b2e6e6578746576656e7473636f6e666572656e636573223b7d),
('config.entity.key_store.block', 'uuid:810d6981-13a5-4080-bb5e-7f4046f8a4dc', 0x613a313a7b693a303b733a32373a22626c6f636b2e626c6f636b2e62617369635f6d61696e5f6d656e75223b7d),
('config.entity.key_store.block', 'uuid:84774473-0e18-4e3e-80dd-d6f08e2dd038', 0x613a313a7b693a303b733a32373a22626c6f636b2e626c6f636b2e6f6273657373696f6e735f68656c70223b7d),
('config.entity.key_store.block', 'uuid:85e83e7d-d65a-417c-88f1-e7f53c813d1f', 0x613a313a7b693a303b733a32353a22626c6f636b2e626c6f636b2e736576656e5f636f6e74656e74223b7d),
('config.entity.key_store.block', 'uuid:883ed485-65a2-41ef-b86c-d691c2155e90', 0x613a313a7b693a303b733a33333a22626c6f636b2e626c6f636b2e626f6f7473747261705f62726561646372756d6273223b7d),
('config.entity.key_store.block', 'uuid:8bf2126b-fc8c-4b70-956b-4a45baa61816', 0x613a313a7b693a303b733a33313a22626c6f636b2e626c6f636b2e626f6f7473747261705f6d61696e5f6d656e75223b7d),
('config.entity.key_store.block', 'uuid:92841660-759c-490f-bbcc-4abc393116ee', 0x613a313a7b693a303b733a32383a22626c6f636b2e626c6f636b2e62617369635f706167655f7469746c65223b7d),
('config.entity.key_store.block', 'uuid:949d686a-ebe8-427b-81fd-62afa3d66e6d', 0x613a313a7b693a303b733a32343a22626c6f636b2e626c6f636b2e6576656e7464657461696c73223b7d),
('config.entity.key_store.block', 'uuid:96b4e34f-efe2-4ad5-95f2-d9336152ed41', 0x613a313a7b693a303b733a32343a22626c6f636b2e626c6f636b2e62617274696b5f746f6f6c73223b7d),
('config.entity.key_store.block', 'uuid:991550d6-052d-4446-905c-9f2b81e08780', 0x613a313a7b693a303b733a32383a22626c6f636b2e626c6f636b2e737461726b5f706167655f7469746c65223b7d),
('config.entity.key_store.block', 'uuid:999cff02-1782-4a8b-9e37-4398887e7dad', 0x613a313a7b693a303b733a32363a22626c6f636b2e626c6f636b2e62617369635f6272616e64696e67223b7d),
('config.entity.key_store.block', 'uuid:9b8d48ec-615f-4c1c-ad13-c67aa586f519', 0x613a313a7b693a303b733a32363a22626c6f636b2e626c6f636b2e636c61726f5f6d65737361676573223b7d),
('config.entity.key_store.block', 'uuid:9d6f14a7-48f9-4db6-9d10-b7a95b55f5fd', 0x613a313a7b693a303b733a32393a22626c6f636b2e626c6f636b2e736576656e5f62726561646372756d6273223b7d),
('config.entity.key_store.block', 'uuid:a0d118dd-c6cb-470e-9286-d190bbb8af14', 0x613a313a7b693a303b733a32393a22626c6f636b2e626c6f636b2e62617369635f62726561646372756d6273223b7d),
('config.entity.key_store.block', 'uuid:a452ef31-9487-422e-abca-c7abfc875693', 0x613a313a7b693a303b733a32383a22626c6f636b2e626c6f636b2e626f6f7473747261705f736561726368223b7d),
('config.entity.key_store.block', 'uuid:a86165a8-73f0-4964-ab99-fa0bc46eda43', 0x613a313a7b693a303b733a32333a22626c6f636b2e626c6f636b2e62617369635f746f6f6c73223b7d),
('config.entity.key_store.block', 'uuid:a895036a-7049-438c-b03e-75015f676c26', 0x613a313a7b693a303b733a33313a22626c6f636b2e626c6f636b2e62617369635f6c6f63616c5f616374696f6e73223b7d),
('config.entity.key_store.block', 'uuid:a9191881-e270-4918-a81c-d2987b830dbe', 0x613a313a7b693a303b733a33333a22626c6f636b2e626c6f636b2e6f6273657373696f6e735f706167655f7469746c65223b7d),
('config.entity.key_store.block', 'uuid:aa6fe47b-6726-403f-be86-e2c6b806b15b', 0x613a313a7b693a303b733a33363a22626c6f636b2e626c6f636b2e6f6273657373696f6e735f6c6f63616c5f616374696f6e73223b7d),
('config.entity.key_store.block', 'uuid:aaf240e4-ea0d-4da1-ac89-7fc9ad389579', 0x613a313a7b693a303b733a32323a22626c6f636b2e626c6f636b2e736576656e5f68656c70223b7d),
('config.entity.key_store.block', 'uuid:ab631f2c-1b1c-4e50-86f9-0d3b7701cad6', 0x613a313a7b693a303b733a33323a22626c6f636b2e626c6f636b2e6f6273657373696f6e735f6d61696e5f6d656e75223b7d),
('config.entity.key_store.block', 'uuid:b1ed5796-7b76-4984-a79a-a8e58e4e1faa', 0x613a313a7b693a303b733a33343a22626c6f636b2e626c6f636b2e6f6273657373696f6e735f6c6f63616c5f7461736b73223b7d),
('config.entity.key_store.block', 'uuid:b2990fc4-36e7-479a-9651-94524b351531', 0x613a313a7b693a303b733a32373a22626c6f636b2e626c6f636b2e626f6f7473747261705f746f6f6c73223b7d),
('config.entity.key_store.block', 'uuid:b749c8a1-4a40-4283-bc4f-5b7138f33c54', 0x613a313a7b693a303b733a36373a22626c6f636b2e626c6f636b2e76696577735f626c6f636b5f5f6c697374655f6465735f696e7363726974735f636f706965725f636f6c6c61626c655f626c6f636b5f31223b7d),
('config.entity.key_store.block', 'uuid:b9366777-4d88-4190-9d89-8085b86cca5f', 0x613a313a7b693a303b733a33373a22626c6f636b2e626c6f636b2e636c61726f5f7072696d6172795f6c6f63616c5f7461736b73223b7d),
('config.entity.key_store.block', 'uuid:bce2bdff-a186-41cd-87e5-e5089bfd1a1b', 0x613a313a7b693a303b733a33323a22626c6f636b2e626c6f636b2e666f726d756c616972656e6577736c6574746572223b7d),
('config.entity.key_store.block', 'uuid:bdada23d-ed7c-4f93-9ac7-bd9a437bd087', 0x613a313a7b693a303b733a32353a22626c6f636b2e626c6f636b2e737461726b5f636f6e74656e74223b7d),
('config.entity.key_store.block', 'uuid:c18d3c6a-5caf-41b1-8317-94200fd5ec6b', 0x613a313a7b693a303b733a32363a22626c6f636b2e626c6f636b2e62617369635f6d65737361676573223b7d),
('config.entity.key_store.block', 'uuid:c494f2fc-9ccd-44e0-a40b-f95b0f6042d1', 0x613a313a7b693a303b733a32323a22626c6f636b2e626c6f636b2e666f6f74657274657874223b7d),
('config.entity.key_store.block', 'uuid:c4af6f17-fd66-4421-b593-93e565fc1f8a', 0x613a313a7b693a303b733a32383a22626c6f636b2e626c6f636b2e626f6f7473747261705f666f6f746572223b7d),
('config.entity.key_store.block', 'uuid:c70b7c27-6a10-4013-a5ed-c9157f2eb4fb', 0x613a313a7b693a303b733a32333a22626c6f636b2e626c6f636b2e737461726b5f746f6f6c73223b7d),
('config.entity.key_store.block', 'uuid:c7f1330b-484c-4aa0-9506-480a55af7d61', 0x613a313a7b693a303b733a32303a22626c6f636b2e626c6f636b2e6c6566746d656e75223b7d),
('config.entity.key_store.block', 'uuid:c91d0a39-0fd8-4fc3-b40e-fb45ccc69d95', 0x613a313a7b693a303b733a33323a22626c6f636b2e626c6f636b2e636f6e6e6578696f6e7574696c69736174657572223b7d),
('config.entity.key_store.block', 'uuid:ce108c48-6c23-4db6-b10d-6fb4e207d9b3', 0x613a313a7b693a303b733a32373a22626c6f636b2e626c6f636b2e62617274696b5f6272616e64696e67223b7d),
('config.entity.key_store.block', 'uuid:ce31e53e-c18e-41a5-9860-1864076a4612', 0x613a313a7b693a303b733a32323a22626c6f636b2e626c6f636b2e6e6578746576656e7473223b7d),
('config.entity.key_store.block', 'uuid:d1fefda2-021e-4a93-a8b8-7e071068cc90', 0x613a313a7b693a303b733a32343a22626c6f636b2e626c6f636b2e737461726b5f666f6f746572223b7d),
('config.entity.key_store.block', 'uuid:d26ef247-1894-4c25-99c7-24789d76db0a', 0x613a313a7b693a303b733a32353a22626c6f636b2e626c6f636b2e73796e636d656d626572735f32223b7d),
('config.entity.key_store.block', 'uuid:d5700458-fba9-4419-b269-5fb4fcd24d2f', 0x613a313a7b693a303b733a32393a22626c6f636b2e626c6f636b2e626f6f7473747261705f636f6e74656e74223b7d),
('config.entity.key_store.block', 'uuid:d619bbe4-72a2-4260-91a4-7838fe2418c7', 0x613a313a7b693a303b733a33383a22626c6f636b2e626c6f636b2e626574746572736f6369616c73686172696e67627574746f6e73223b7d),
('config.entity.key_store.block', 'uuid:d7b28d9c-3328-4f76-a2e2-1e7b560b0070', 0x613a313a7b693a303b733a32363a22626c6f636b2e626c6f636b2e736576656e5f6d65737361676573223b7d),
('config.entity.key_store.block', 'uuid:d852b945-69d5-4718-952a-204053e72818', 0x613a313a7b693a303b733a32323a22626c6f636b2e626c6f636b2e636f6d6d756e61757465223b7d),
('config.entity.key_store.block', 'uuid:dafb25b0-32b5-4619-b7d2-4367f67e081d', 0x613a313a7b693a303b733a32373a22626c6f636b2e626c6f636b2e757365726f7074696f6e736d656e75223b7d),
('config.entity.key_store.block', 'uuid:dd82053a-da84-4d28-80bf-f1c7d81e6875', 0x613a313a7b693a303b733a32363a22626c6f636b2e626c6f636b2e737461726b5f6d65737361676573223b7d),
('config.entity.key_store.block', 'uuid:de5250d5-183f-4c03-8305-f35ac6e38ea7', 0x613a313a7b693a303b733a32363a22626c6f636b2e626c6f636b2e636f6d6d756e697479706f737473223b7d),
('config.entity.key_store.block', 'uuid:e7ec6153-4b5e-4088-a20e-9b8a9403fd1a', 0x613a313a7b693a303b733a33303a22626c6f636b2e626c6f636b2e62617274696b5f6c6f63616c5f7461736b73223b7d),
('config.entity.key_store.block', 'uuid:e846ce91-8ba1-4fe6-938b-2140de90c798', 0x613a313a7b693a303b733a32393a22626c6f636b2e626c6f636b2e636c61726f5f62726561646372756d6273223b7d),
('config.entity.key_store.block', 'uuid:e889db6d-1f0b-4996-85e5-c5e6d6f5f0e8', 0x613a313a7b693a303b733a32393a22626c6f636b2e626c6f636b2e626f6f7473747261705f706f7765726564223b7d),
('config.entity.key_store.block', 'uuid:ea34783c-2f8f-492c-93b7-d4db8491f602', 0x613a313a7b693a303b733a32323a22626c6f636b2e626c6f636b2e737461726b5f68656c70223b7d),
('config.entity.key_store.block', 'uuid:ec1b1b14-6b7c-4fdc-8dba-eb7434bd572a', 0x613a313a7b693a303b733a33303a22626c6f636b2e626c6f636b2e6f6273657373696f6e735f636f6e74656e74223b7d),
('config.entity.key_store.block', 'uuid:ed24c09d-7786-4c76-b46a-6afefeb80f3e', 0x613a313a7b693a303b733a33353a22626c6f636b2e626c6f636b2e626f6f7473747261705f6c6f63616c5f616374696f6e73223b7d),
('config.entity.key_store.block', 'uuid:ed4f0f63-efde-43fe-bf29-c3ef9b406a0e', 0x613a313a7b693a303b733a33313a22626c6f636b2e626c6f636b2e736576656e5f6c6f63616c5f616374696f6e73223b7d),
('config.entity.key_store.block', 'uuid:ee016930-6bdc-4965-a480-477462272eb4', 0x613a313a7b693a303b733a33303a22626c6f636b2e626c6f636b2e62617369635f6163636f756e745f6d656e75223b7d),
('config.entity.key_store.block', 'uuid:f00c6341-5dd3-4d3b-84a0-a94ef3c3f7f0', 0x613a313a7b693a303b733a33323a22626c6f636b2e626c6f636b2e626f6f7473747261705f706167655f7469746c65223b7d),
('config.entity.key_store.block', 'uuid:f49d9b41-940d-4559-a2d8-73a3894209d2', 0x613a313a7b693a303b733a32343a22626c6f636b2e626c6f636b2e62617369635f736561726368223b7d),
('config.entity.key_store.block', 'uuid:f7979401-9c7e-400b-9877-7662c1c4f105', 0x613a313a7b693a303b733a33313a22626c6f636b2e626c6f636b2e6f6273657373696f6e735f6272616e64696e67223b7d),
('config.entity.key_store.block', 'uuid:f7bcd632-d9ff-4fa2-88c6-e767cb03d53a', 0x613a313a7b693a303b733a32363a22626c6f636b2e626c6f636b2e737461726b5f6272616e64696e67223b7d),
('config.entity.key_store.block', 'uuid:faebb910-a978-45fd-abf0-dfc1701e1d28', 0x613a313a7b693a303b733a32343a22626c6f636b2e626c6f636b2e62617369635f666f6f746572223b7d),
('config.entity.key_store.block', 'uuid:fc026660-44dd-42c1-9c74-72800eeda573', 0x613a313a7b693a303b733a33343a22626c6f636b2e626c6f636b2e626f6f7473747261705f6163636f756e745f6d656e75223b7d),
('config.entity.key_store.block', 'uuid:fcde099a-16c8-42a8-880a-5ca3700b4009', 0x613a313a7b693a303b733a32383a22626c6f636b2e626c6f636b2e636c61726f5f706167655f7469746c65223b7d),
('config.entity.key_store.block_content_type', 'uuid:d9b71867-fd38-4a3f-af3a-0ca7cea2e654', 0x613a313a7b693a303b733a32343a22626c6f636b5f636f6e74656e742e747970652e6261736963223b7d),
('config.entity.key_store.comment_type', 'uuid:0df6aa7c-d071-488e-8407-e77f28cd02ea', 0x613a313a7b693a303b733a32383a22636f6d6d656e742e747970652e636f6d6d656e745f636f6d6d656e74223b7d),
('config.entity.key_store.comment_type', 'uuid:8d4a6106-ef82-41a4-8f1b-7d9a2fb88465', 0x613a313a7b693a303b733a32303a22636f6d6d656e742e747970652e636f6d6d656e74223b7d),
('config.entity.key_store.comment_type', 'uuid:f2417d91-7f5e-4ddf-93e7-4c7d009f5989', 0x613a313a7b693a303b733a33353a22636f6d6d656e742e747970652e636f6d6d656e745f636f6d6d756e6974795f706f7374223b7d),
('config.entity.key_store.configurable_language', 'uuid:65553619-5236-4295-9cad-23ba0e26a077', 0x613a313a7b693a303b733a31383a226c616e67756167652e656e746974792e6672223b7d),
('config.entity.key_store.configurable_language', 'uuid:df9bdb8d-b4aa-4979-82ff-ee22d71a6ef3', 0x613a313a7b693a303b733a31393a226c616e67756167652e656e746974792e7a7878223b7d),
('config.entity.key_store.configurable_language', 'uuid:ec9d7860-3674-43c2-bfaf-67edb9eac9e3', 0x613a313a7b693a303b733a31393a226c616e67756167652e656e746974792e756e64223b7d),
('config.entity.key_store.contact_form', 'uuid:8a5915cc-7113-4cfb-8ddf-d96f5daf1164', 0x613a313a7b693a303b733a33343a22636f6e746163742e666f726d2e666f726d756c616972655f64655f636f6e74616374223b7d),
('config.entity.key_store.contact_form', 'uuid:b9a561c4-40f1-4be2-9077-0d380b5d1608', 0x613a313a7b693a303b733a32313a22636f6e746163742e666f726d2e666565646261636b223b7d),
('config.entity.key_store.contact_form', 'uuid:e8021c06-864c-497a-9c56-4fdfd124e3d9', 0x613a313a7b693a303b733a32313a22636f6e746163742e666f726d2e706572736f6e616c223b7d),
('config.entity.key_store.date_format', 'uuid:003656a6-6758-4a47-8340-5ef4fc61e175', 0x613a313a7b693a303b733a32363a22636f72652e646174655f666f726d61742e68746d6c5f74696d65223b7d),
('config.entity.key_store.date_format', 'uuid:043f1686-42c6-4218-92e0-a0c8952931d6', 0x613a313a7b693a303b733a33303a22636f72652e646174655f666f726d61742e68746d6c5f6461746574696d65223b7d),
('config.entity.key_store.date_format', 'uuid:0c5cca5f-864c-4b2c-8b81-d66559f1b255', 0x613a313a7b693a303b733a33353a22636f72652e646174655f666f726d61742e68746d6c5f796561726c6573735f64617465223b7d),
('config.entity.key_store.date_format', 'uuid:0ed83aaf-6f25-44ee-8fb3-6c365ad63cf9', 0x613a313a7b693a303b733a32363a22636f72652e646174655f666f726d61742e68746d6c5f64617465223b7d),
('config.entity.key_store.date_format', 'uuid:18b77aba-e928-46a7-b6c8-01af2d99f124', 0x613a313a7b693a303b733a32353a22636f72652e646174655f666f726d61742e66616c6c6261636b223b7d),
('config.entity.key_store.date_format', 'uuid:4ac32364-19a6-42b3-886b-e6c01071d236', 0x613a313a7b693a303b733a32373a22636f72652e646174655f666f726d61742e68746d6c5f6d6f6e7468223b7d),
('config.entity.key_store.date_format', 'uuid:577541e1-6da6-4b23-b3f0-bf677639e973', 0x613a313a7b693a303b733a32333a22636f72652e646174655f666f726d61742e6d656469756d223b7d),
('config.entity.key_store.date_format', 'uuid:868ca75a-5f95-4fdd-95cf-665d2bf221e0', 0x613a313a7b693a303b733a32323a22636f72652e646174655f666f726d61742e73686f7274223b7d),
('config.entity.key_store.date_format', 'uuid:daad3f04-236d-42f3-a381-43eb3a98b44f', 0x613a313a7b693a303b733a32363a22636f72652e646174655f666f726d61742e68746d6c5f79656172223b7d),
('config.entity.key_store.date_format', 'uuid:f1fa9fac-8e11-4efe-a237-c98681da565b', 0x613a313a7b693a303b733a32313a22636f72652e646174655f666f726d61742e6c6f6e67223b7d),
('config.entity.key_store.date_format', 'uuid:f6892313-bad1-47fd-9e65-42805edd78d9', 0x613a313a7b693a303b733a32363a22636f72652e646174655f666f726d61742e68746d6c5f7765656b223b7d),
('config.entity.key_store.editor', 'uuid:7cd1afb9-b78f-4f37-8cbb-c25496c65fdf', 0x613a313a7b693a303b733a32343a22656469746f722e656469746f722e62617369635f68746d6c223b7d),
('config.entity.key_store.editor', 'uuid:c37354c7-3e29-44c6-bc47-e435de33643b', 0x613a313a7b693a303b733a32333a22656469746f722e656469746f722e66756c6c5f68746d6c223b7d),
('config.entity.key_store.entity_form_display', 'uuid:15fc18a2-1293-4ee4-a639-d9ba2242e282', 0x613a313a7b693a303b733a34383a22636f72652e656e746974795f666f726d5f646973706c61792e636f6d6d656e742e636f6d6d656e742e64656661756c74223b7d),
('config.entity.key_store.entity_form_display', 'uuid:20004ce4-fe19-4c17-b923-373ce446cc00', 0x613a313a7b693a303b733a34333a22636f72652e656e746974795f666f726d5f646973706c61792e6e6f64652e6576656e742e64656661756c74223b7d),
('config.entity.key_store.entity_form_display', 'uuid:20dbbd36-4781-4619-8dc2-19689dc66a9e', 0x613a313a7b693a303b733a34393a22636f72652e656e746974795f666f726d5f646973706c61792e6e6f64652e7075626c69636174696f6e2e64656661756c74223b7d),
('config.entity.key_store.entity_form_display', 'uuid:25a9707d-2f67-4f05-982d-096ee747a793', 0x613a313a7b693a303b733a34353a22636f72652e656e746974795f666f726d5f646973706c61792e6e6f64652e61727469636c652e64656661756c74223b7d),
('config.entity.key_store.entity_form_display', 'uuid:3351854d-f757-4bc8-ada5-4f702f0481de', 0x613a313a7b693a303b733a34373a22636f72652e656e746974795f666f726d5f646973706c61792e6e6f64652e61637475616c6974652e64656661756c74223b7d),
('config.entity.key_store.entity_form_display', 'uuid:4352d263-6648-4b04-95ad-1b9a6c19a6ac', 0x613a313a7b693a303b733a34333a22636f72652e656e746974795f666f726d5f646973706c61792e757365722e757365722e7265676973746572223b7d),
('config.entity.key_store.entity_form_display', 'uuid:475754db-87d2-457c-abeb-3e5476ec4fda', 0x613a313a7b693a303b733a37353a22636f72652e656e746974795f666f726d5f646973706c61792e7061726167726170682e70686f746f5f656e5f666f6e645f617665635f70657469745f626c6f635f64652e64656661756c74223b7d),
('config.entity.key_store.entity_form_display', 'uuid:481ecbb2-0289-44e4-8013-7dabb5c505ff', 0x613a313a7b693a303b733a35313a22636f72652e656e746974795f666f726d5f646973706c61792e6d656469612e72656d6f74655f766964656f2e64656661756c74223b7d),
('config.entity.key_store.entity_form_display', 'uuid:54ff2c93-64ae-49dc-a1f6-9f1e1fa3fcc9', 0x613a313a7b693a303b733a36313a22636f72652e656e746974795f666f726d5f646973706c61792e6e6f64652e6e6577736c65747465725f737562736372697074696f6e2e64656661756c74223b7d),
('config.entity.key_store.entity_form_display', 'uuid:569079c5-7d59-4744-85d1-1f73f2609d23', 0x613a313a7b693a303b733a35383a22636f72652e656e746974795f666f726d5f646973706c61792e7061726167726170682e626c6f635f617665635f766964656f2e64656661756c74223b7d),
('config.entity.key_store.entity_form_display', 'uuid:5d6013a8-8023-46d6-b910-398a72e46823', 0x613a313a7b693a303b733a34343a22636f72652e656e746974795f666f726d5f646973706c61792e6d656469612e696d6167652e64656661756c74223b7d),
('config.entity.key_store.entity_form_display', 'uuid:81dfd5f0-df12-451e-973d-2077720da7ee', 0x613a313a7b693a303b733a35323a22636f72652e656e746974795f666f726d5f646973706c61792e626c6f636b5f636f6e74656e742e62617369632e64656661756c74223b7d),
('config.entity.key_store.entity_form_display', 'uuid:ad81873e-c567-4c38-8026-f6c895a79b53', 0x613a313a7b693a303b733a34323a22636f72652e656e746974795f666f726d5f646973706c61792e757365722e757365722e64656661756c74223b7d),
('config.entity.key_store.entity_form_display', 'uuid:c0e4deb5-857a-4ee2-8f2a-07f8aabdd7ae', 0x613a313a7b693a303b733a36333a22636f72652e656e746974795f666f726d5f646973706c61792e636f6d6d656e742e636f6d6d656e745f636f6d6d756e6974795f706f73742e64656661756c74223b7d),
('config.entity.key_store.entity_form_display', 'uuid:c3f675c1-f6b1-458c-929f-4270a50cf92c', 0x613a313a7b693a303b733a34343a22636f72652e656e746974795f666f726d5f646973706c61792e6d656469612e617564696f2e64656661756c74223b7d),
('config.entity.key_store.entity_form_display', 'uuid:cbb645e2-8742-4d8c-a90c-81cbc6b21b3b', 0x613a313a7b693a303b733a35313a22636f72652e656e746974795f666f726d5f646973706c61792e7061726167726170682e6c69656e735f72732e64656661756c74223b7d),
('config.entity.key_store.entity_form_display', 'uuid:e0322a16-14b4-4c0f-a127-cd7b1938d880', 0x613a313a7b693a303b733a36373a22636f72652e656e746974795f666f726d5f646973706c61792e7061726167726170682e626c6f635f64655f74657874655f617665635f74697472652e64656661756c74223b7d),
('config.entity.key_store.entity_form_display', 'uuid:e4aa54b6-bd3a-40be-beb5-6f9fbb33b9b8', 0x613a313a7b693a303b733a34323a22636f72652e656e746974795f666f726d5f646973706c61792e6e6f64652e706167652e64656661756c74223b7d),
('config.entity.key_store.entity_form_display', 'uuid:eaf8958e-7701-469d-9516-ec83ba452448', 0x613a313a7b693a303b733a34373a22636f72652e656e746974795f666f726d5f646973706c61792e6d656469612e646f63756d656e742e64656661756c74223b7d),
('config.entity.key_store.entity_form_display', 'uuid:f21c5aaa-181e-4d3a-9e24-dbfc6832670a', 0x613a313a7b693a303b733a34333a22636f72652e656e746974795f666f726d5f646973706c61792e6e6f64652e6c697672652e64656661756c74223b7d),
('config.entity.key_store.entity_form_display', 'uuid:f567a4c1-42e3-4d28-8ca9-29d8c7787020', 0x613a313a7b693a303b733a35363a22636f72652e656e746974795f666f726d5f646973706c61792e636f6d6d656e742e636f6d6d656e745f636f6d6d656e742e64656661756c74223b7d),
('config.entity.key_store.entity_form_display', 'uuid:f7579849-8fb6-4fdb-87c8-eefa4967b5dd', 0x613a313a7b693a303b733a34343a22636f72652e656e746974795f666f726d5f646973706c61792e6d656469612e766964656f2e64656661756c74223b7d),
('config.entity.key_store.entity_form_mode', 'uuid:28d37b41-6eb0-491f-89c5-c705f6ceac25', 0x613a313a7b693a303b733a33353a22636f72652e656e746974795f666f726d5f6d6f64652e757365722e7265676973746572223b7d),
('config.entity.key_store.entity_view_display', 'uuid:001b9f28-0be3-4f00-93e9-0360676d301a', 0x613a313a7b693a303b733a34313a22636f72652e656e746974795f766965775f646973706c61792e6e6f64652e61727469636c652e727373223b7d),
('config.entity.key_store.entity_view_display', 'uuid:0569d006-f8b6-4c21-8b7b-0a20f558bad6', 0x613a313a7b693a303b733a34343a22636f72652e656e746974795f766965775f646973706c61792e6d656469612e696d6167652e64656661756c74223b7d),
('config.entity.key_store.entity_view_display', 'uuid:099cd075-ce0b-4fa3-a17e-5456d896bb75', 0x613a313a7b693a303b733a34343a22636f72652e656e746974795f766965775f646973706c61792e6d656469612e617564696f2e64656661756c74223b7d),
('config.entity.key_store.entity_view_display', 'uuid:20d604ec-2472-4425-925c-9973c54928b7', 0x613a313a7b693a303b733a37303a22636f72652e656e746974795f766965775f646973706c61792e636f6e746163745f6d6573736167652e666f726d756c616972655f64655f636f6e746163742e64656661756c74223b7d),
('config.entity.key_store.entity_view_display', 'uuid:2daa109c-ebc0-4db1-9180-c0a1d48b7249', 0x613a313a7b693a303b733a34373a22636f72652e656e746974795f766965775f646973706c61792e6e6f64652e61637475616c6974652e64656661756c74223b7d),
('config.entity.key_store.entity_view_display', 'uuid:506ce340-9778-406d-8651-919dc592e656', 0x613a313a7b693a303b733a34333a22636f72652e656e746974795f766965775f646973706c61792e6e6f64652e6576656e742e64656661756c74223b7d),
('config.entity.key_store.entity_view_display', 'uuid:5a4bfec7-7588-4040-8466-9824cf5e6d17', 0x613a313a7b693a303b733a36313a22636f72652e656e746974795f766965775f646973706c61792e6e6f64652e6e6577736c65747465725f737562736372697074696f6e2e64656661756c74223b7d),
('config.entity.key_store.entity_view_display', 'uuid:6668faae-3153-4471-bbd6-f5c7ef8d7601', 0x613a313a7b693a303b733a34333a22636f72652e656e746974795f766965775f646973706c61792e6e6f64652e6c697672652e64656661756c74223b7d),
('config.entity.key_store.entity_view_display', 'uuid:6c455d68-69c4-4966-b09e-c4b538b9584b', 0x613a313a7b693a303b733a34323a22636f72652e656e746974795f766965775f646973706c61792e6e6f64652e706167652e64656661756c74223b7d),
('config.entity.key_store.entity_view_display', 'uuid:6e121734-67a3-4309-ab6d-e1561d52a1b1', 0x613a313a7b693a303b733a36333a22636f72652e656e746974795f766965775f646973706c61792e636f6d6d656e742e636f6d6d656e745f636f6d6d756e6974795f706f73742e64656661756c74223b7d),
('config.entity.key_store.entity_view_display', 'uuid:742dcb24-24bb-46f8-8f14-e900fad1baff', 0x613a313a7b693a303b733a36303a22636f72652e656e746974795f766965775f646973706c61792e6e6f64652e6e6577736c65747465725f737562736372697074696f6e2e746561736572223b7d),
('config.entity.key_store.entity_view_display', 'uuid:75d6ccab-6f51-48b8-aba2-51834bd5bc49', 0x613a313a7b693a303b733a34323a22636f72652e656e746974795f766965775f646973706c61792e757365722e757365722e64656661756c74223b7d),
('config.entity.key_store.entity_view_display', 'uuid:7841e502-d62d-4491-905d-d5fc1015a715', 0x613a313a7b693a303b733a34383a22636f72652e656e746974795f766965775f646973706c61792e636f6d6d656e742e636f6d6d656e742e64656661756c74223b7d),
('config.entity.key_store.entity_view_display', 'uuid:7e55c760-870d-46d2-907c-0dccb5e0ed3a', 0x613a313a7b693a303b733a34393a22636f72652e656e746974795f766965775f646973706c61792e6e6f64652e7075626c69636174696f6e2e64656661756c74223b7d),
('config.entity.key_store.entity_view_display', 'uuid:7fcd514d-6fbc-4124-96ea-5fabb3986bba', 0x613a313a7b693a303b733a34313a22636f72652e656e746974795f766965775f646973706c61792e6e6f64652e706167652e746561736572223b7d),
('config.entity.key_store.entity_view_display', 'uuid:81456c77-f6c9-4856-a041-41cd79daa862', 0x613a313a7b693a303b733a34383a22636f72652e656e746974795f766965775f646973706c61792e6e6f64652e7075626c69636174696f6e2e746561736572223b7d),
('config.entity.key_store.entity_view_display', 'uuid:83d1387a-8f9b-4750-9c11-e87e8b1ec84e', 0x613a313a7b693a303b733a35363a22636f72652e656e746974795f766965775f646973706c61792e636f6d6d656e742e636f6d6d656e745f636f6d6d656e742e64656661756c74223b7d),
('config.entity.key_store.entity_view_display', 'uuid:88696216-c249-49da-b59c-c4cd4c7f4e5c', 0x613a313a7b693a303b733a34363a22636f72652e656e746974795f766965775f646973706c61792e6e6f64652e61637475616c6974652e746561736572223b7d),
('config.entity.key_store.entity_view_display', 'uuid:8ff830a4-882a-4167-a63e-026c4df15ed1', 0x613a313a7b693a303b733a34323a22636f72652e656e746974795f766965775f646973706c61792e6e6f64652e6c697672652e746561736572223b7d),
('config.entity.key_store.entity_view_display', 'uuid:9420499d-b104-4519-98ff-07094559b45e', 0x613a313a7b693a303b733a34343a22636f72652e656e746974795f766965775f646973706c61792e6e6f64652e61727469636c652e746561736572223b7d),
('config.entity.key_store.entity_view_display', 'uuid:95467993-a033-4c3f-9943-7ae814d34d6e', 0x613a313a7b693a303b733a36373a22636f72652e656e746974795f766965775f646973706c61792e7061726167726170682e626c6f635f64655f74657874655f617665635f74697472652e64656661756c74223b7d),
('config.entity.key_store.entity_view_display', 'uuid:9ab646c6-b63f-4c73-a8f1-ecbc9aebf7ca', 0x613a313a7b693a303b733a34353a22636f72652e656e746974795f766965775f646973706c61792e6e6f64652e61727469636c652e64656661756c74223b7d),
('config.entity.key_store.entity_view_display', 'uuid:9e513f4d-3ffc-44bf-82fe-2a8b3f56646c', 0x613a313a7b693a303b733a37353a22636f72652e656e746974795f766965775f646973706c61792e7061726167726170682e70686f746f5f656e5f666f6e645f617665635f70657469745f626c6f635f64652e64656661756c74223b7d),
('config.entity.key_store.entity_view_display', 'uuid:a68798a4-a8ee-4104-9ddd-0804443c459a', 0x613a313a7b693a303b733a34323a22636f72652e656e746974795f766965775f646973706c61792e757365722e757365722e636f6d70616374223b7d),
('config.entity.key_store.entity_view_display', 'uuid:c79422fa-3e63-4297-b674-928ef52446c0', 0x613a313a7b693a303b733a35383a22636f72652e656e746974795f766965775f646973706c61792e7061726167726170682e626c6f635f617665635f766964656f2e64656661756c74223b7d),
('config.entity.key_store.entity_view_display', 'uuid:cc4862e7-d968-4e5f-ad0e-2eb11ef9b327', 0x613a313a7b693a303b733a34373a22636f72652e656e746974795f766965775f646973706c61792e6d656469612e646f63756d656e742e64656661756c74223b7d),
('config.entity.key_store.entity_view_display', 'uuid:cfd8d502-badc-4e60-a0f4-c7d8e5bf1df5', 0x613a313a7b693a303b733a35313a22636f72652e656e746974795f766965775f646973706c61792e6d656469612e72656d6f74655f766964656f2e64656661756c74223b7d),
('config.entity.key_store.entity_view_display', 'uuid:d5e7c257-cac4-47b4-b5d4-564dcc48d430', 0x613a313a7b693a303b733a35313a22636f72652e656e746974795f766965775f646973706c61792e7061726167726170682e6c69656e735f72732e64656661756c74223b7d),
('config.entity.key_store.entity_view_display', 'uuid:dbed5556-dd49-44ad-9c1b-9ba3b4001a71', 0x613a313a7b693a303b733a34343a22636f72652e656e746974795f766965775f646973706c61792e6d656469612e766964656f2e64656661756c74223b7d),
('config.entity.key_store.entity_view_display', 'uuid:f526a63d-8540-49c7-a494-4cfa71842dd9', 0x613a313a7b693a303b733a35323a22636f72652e656e746974795f766965775f646973706c61792e626c6f636b5f636f6e74656e742e62617369632e64656661756c74223b7d),
('config.entity.key_store.entity_view_mode', 'uuid:09b902f8-ea72-44da-93e6-8a6ec608347b', 0x613a313a7b693a303b733a33323a22636f72652e656e746974795f766965775f6d6f64652e66696c652e746f6b656e223b7d),
('config.entity.key_store.entity_view_mode', 'uuid:1b06619a-8b4d-4ecd-b111-01d9e370a15a', 0x613a313a7b693a303b733a33333a22636f72652e656e746974795f766965775f6d6f64652e6e6f64652e746561736572223b7d),
('config.entity.key_store.entity_view_mode', 'uuid:24344191-27a4-46e4-b3c3-d122d452d7dc', 0x613a313a7b693a303b733a33323a22636f72652e656e746974795f766965775f6d6f64652e6d656469612e66756c6c223b7d),
('config.entity.key_store.entity_view_mode', 'uuid:2cd5bc39-422e-42f9-90a2-b51948a8ea50', 0x613a313a7b693a303b733a34313a22636f72652e656e746974795f766965775f6d6f64652e626c6f636b5f636f6e74656e742e746f6b656e223b7d),
('config.entity.key_store.entity_view_mode', 'uuid:43168cdd-f1a8-41ba-a10e-095be8561aa8', 0x613a313a7b693a303b733a33363a22636f72652e656e746974795f766965775f6d6f64652e6d656e74696f6e732e746f6b656e223b7d),
('config.entity.key_store.entity_view_mode', 'uuid:48c94fe8-3696-498d-a9bc-738520ff5185', 0x613a313a7b693a303b733a33323a22636f72652e656e746974795f766965775f6d6f64652e746f75722e746f6b656e223b7d);
INSERT INTO `prod_d8key_value` (`collection`, `name`, `value`) VALUES
('config.entity.key_store.entity_view_mode', 'uuid:60eceeaa-e133-410c-8c8d-09442f81c601', 0x613a313a7b693a303b733a34313a22636f72652e656e746974795f766965775f6d6f64652e7461786f6e6f6d795f7465726d2e746f6b656e223b7d),
('config.entity.key_store.entity_view_mode', 'uuid:6151907e-d67a-4746-a9c3-6807518cfc05', 0x613a313a7b693a303b733a33323a22636f72652e656e746974795f766965775f6d6f64652e757365722e746f6b656e223b7d),
('config.entity.key_store.entity_view_mode', 'uuid:7500047b-1544-416e-b1dd-ae5bc732dfc0', 0x613a313a7b693a303b733a33323a22636f72652e656e746974795f766965775f6d6f64652e6e6f64652e746f6b656e223b7d),
('config.entity.key_store.entity_view_mode', 'uuid:769710ae-2946-4c36-9efe-f42d45bfd8ba', 0x613a313a7b693a303b733a33343a22636f72652e656e746974795f766965775f6d6f64652e636f6d6d656e742e66756c6c223b7d),
('config.entity.key_store.entity_view_mode', 'uuid:8470ea63-49a1-4d6a-bd4b-48c88d9209aa', 0x613a313a7b693a303b733a34303a22636f72652e656e746974795f766965775f6d6f64652e7461786f6e6f6d795f7465726d2e66756c6c223b7d),
('config.entity.key_store.entity_view_mode', 'uuid:91a42f39-79b1-4736-8c9a-f511422d9b16', 0x613a313a7b693a303b733a33363a22636f72652e656e746974795f766965775f6d6f64652e73686f72746375742e746f6b656e223b7d),
('config.entity.key_store.entity_view_mode', 'uuid:9d787a17-876a-44c3-a3d1-d4598e0f1a03', 0x613a313a7b693a303b733a34333a22636f72652e656e746974795f766965775f6d6f64652e636f6e746163745f6d6573736167652e746f6b656e223b7d),
('config.entity.key_store.entity_view_mode', 'uuid:a523898d-def6-4f68-b81f-607bd3e8e9d9', 0x613a313a7b693a303b733a33303a22636f72652e656e746974795f766965775f6d6f64652e6e6f64652e727373223b7d),
('config.entity.key_store.entity_view_mode', 'uuid:acadacd0-ca7a-428b-9c63-1cc0b90e8eea', 0x613a313a7b693a303b733a33373a22636f72652e656e746974795f766965775f6d6f64652e7061726167726170682e746f6b656e223b7d),
('config.entity.key_store.entity_view_mode', 'uuid:b97e9e1d-195f-4dcb-8811-35806b68fddc', 0x613a313a7b693a303b733a33393a22636f72652e656e746974795f766965775f6d6f64652e6e6f64652e7365617263685f696e646578223b7d),
('config.entity.key_store.entity_view_mode', 'uuid:be0bfade-397a-4b62-9014-31d3a44a6a5c', 0x613a313a7b693a303b733a33383a22636f72652e656e746974795f766965775f6d6f64652e706174685f616c6961732e746f6b656e223b7d),
('config.entity.key_store.entity_view_mode', 'uuid:bf018d82-aeea-4ed3-a82a-cf90a93a0f14', 0x613a313a7b693a303b733a33353a22636f72652e656e746974795f766965775f6d6f64652e636f6d6d656e742e746f6b656e223b7d),
('config.entity.key_store.entity_view_mode', 'uuid:c61b2a1f-bf8a-4d20-8af6-991703290dcb', 0x613a313a7b693a303b733a34353a22636f72652e656e746974795f766965775f6d6f64652e6d656e755f6c696e6b5f636f6e74656e742e746f6b656e223b7d),
('config.entity.key_store.entity_view_mode', 'uuid:ccdaebf1-8c01-4504-8018-ead16314840a', 0x613a313a7b693a303b733a34303a22636f72652e656e746974795f766965775f6d6f64652e6e6f64652e7365617263685f726573756c74223b7d),
('config.entity.key_store.entity_view_mode', 'uuid:d7d5e10b-0500-429f-bb83-6035b5f6c2e2', 0x613a313a7b693a303b733a33333a22636f72652e656e746974795f766965775f6d6f64652e626c6f636b2e746f6b656e223b7d),
('config.entity.key_store.entity_view_mode', 'uuid:d81e4295-e07c-4ffb-a264-b538dc7fc7de', 0x613a313a7b693a303b733a33343a22636f72652e656e746974795f766965775f6d6f64652e757365722e636f6d70616374223b7d),
('config.entity.key_store.entity_view_mode', 'uuid:dbb6da7a-92b7-4207-b6fe-6c1241a06c45', 0x613a313a7b693a303b733a33313a22636f72652e656e746974795f766965775f6d6f64652e6e6f64652e66756c6c223b7d),
('config.entity.key_store.entity_view_mode', 'uuid:dbcb0c7e-6b40-4f9a-b05e-e0683e0451c3', 0x613a313a7b693a303b733a33393a22636f72652e656e746974795f766965775f6d6f64652e7061726167726170682e70726576696577223b7d),
('config.entity.key_store.entity_view_mode', 'uuid:e8a3fa47-5275-4fd2-a5d2-86ff94a0d205', 0x613a313a7b693a303b733a34303a22636f72652e656e746974795f766965775f6d6f64652e626c6f636b5f636f6e74656e742e66756c6c223b7d),
('config.entity.key_store.entity_view_mode', 'uuid:f092f5bc-5ac1-42a0-a162-cfe26d0b4af3', 0x613a313a7b693a303b733a33313a22636f72652e656e746974795f766965775f6d6f64652e757365722e66756c6c223b7d),
('config.entity.key_store.field_config', 'uuid:066acda3-3bd5-4ab2-a540-1f92cdbf2a32', 0x613a313a7b693a303b733a33363a226669656c642e6669656c642e6e6f64652e6576656e742e6669656c645f62776578746964223b7d),
('config.entity.key_store.field_config', 'uuid:07bf1020-e2e1-4c00-809b-968775206319', 0x613a313a7b693a303b733a33333a226669656c642e6669656c642e6e6f64652e6576656e742e6669656c645f62776964223b7d),
('config.entity.key_store.field_config', 'uuid:086b514f-e7bd-447d-bca9-5329459d0249', 0x613a313a7b693a303b733a32393a226669656c642e6669656c642e6e6f64652e61727469636c652e626f6479223b7d),
('config.entity.key_store.field_config', 'uuid:09a29790-5eb9-44a0-beca-2d3b2b64218d', 0x613a313a7b693a303b733a33343a226669656c642e6669656c642e6e6f64652e6576656e742e6669656c645f6277656e64223b7d),
('config.entity.key_store.field_config', 'uuid:0c2fabd1-9ec6-4914-a6fd-3fad1084aae8', 0x613a313a7b693a303b733a33373a226669656c642e6669656c642e6e6f64652e6576656e742e6669656c645f62776f6e6c696e65223b7d),
('config.entity.key_store.field_config', 'uuid:0c701e7b-5961-4efe-8181-842b0dda778a', 0x613a313a7b693a303b733a34333a226669656c642e6669656c642e6e6f64652e7075626c69636174696f6e2e6669656c645f636f6d6d656e7473223b7d),
('config.entity.key_store.field_config', 'uuid:104679ae-b99f-4430-a168-948f6c8491ba', 0x613a313a7b693a303b733a35353a226669656c642e6669656c642e636f6d6d656e742e636f6d6d656e745f636f6d6d756e6974795f706f73742e636f6d6d656e745f626f6479223b7d),
('config.entity.key_store.field_config', 'uuid:13d00dfb-2957-468c-9936-acfeff743df9', 0x613a313a7b693a303b733a33333a226669656c642e6669656c642e6e6f64652e6c697672652e6669656c645f726f6c65223b7d),
('config.entity.key_store.field_config', 'uuid:1446e51c-f51d-4ab7-8bf6-f75b43bd2b5e', 0x613a313a7b693a303b733a35353a226669656c642e6669656c642e6d656469612e72656d6f74655f766964656f2e6669656c645f6d656469615f6f656d6265645f766964656f223b7d),
('config.entity.key_store.field_config', 'uuid:206ed789-cece-411e-ad37-be6680ed9373', 0x613a313a7b693a303b733a33343a226669656c642e6669656c642e6e6f64652e6c697672652e6669656c645f616e6e6565223b7d),
('config.entity.key_store.field_config', 'uuid:209c09d7-24ce-4a07-8e00-6219ca32ac72', 0x613a313a7b693a303b733a34333a226669656c642e6669656c642e6e6f64652e7075626c69636174696f6e2e6669656c645f6861736874616773223b7d),
('config.entity.key_store.field_config', 'uuid:27c332db-70a2-4d77-997c-8c6ff3e76911', 0x613a313a7b693a303b733a34363a226669656c642e6669656c642e6d656469612e766964656f2e6669656c645f6d656469615f766964656f5f66696c65223b7d),
('config.entity.key_store.field_config', 'uuid:2b586ba6-4f7f-424d-86ac-dcd1fc8d75b7', 0x613a313a7b693a303b733a33363a226669656c642e6669656c642e626c6f636b5f636f6e74656e742e62617369632e626f6479223b7d),
('config.entity.key_store.field_config', 'uuid:3be64ddf-5588-4969-aabe-f074cab16562', 0x613a313a7b693a303b733a34373a226669656c642e6669656c642e757365722e757365722e6669656c645f646f6e6e6565735f696e736372697074696f6e223b7d),
('config.entity.key_store.field_config', 'uuid:405f28da-38af-4455-aa1b-cd4da1ea1672', 0x613a313a7b693a303b733a35383a226669656c642e6669656c642e7061726167726170682e626c6f635f64655f74657874655f617665635f74697472652e6669656c645f7465787465223b7d),
('config.entity.key_store.field_config', 'uuid:46e795ff-ee18-4a7a-ab10-701bd77e4238', 0x613a313a7b693a303b733a32373a226669656c642e6669656c642e6e6f64652e6c697672652e626f6479223b7d),
('config.entity.key_store.field_config', 'uuid:47a1b9f7-ac62-4bb0-ad81-a25d70fa5c9e', 0x613a313a7b693a303b733a38333a226669656c642e6669656c642e7061726167726170682e70686f746f5f656e5f666f6e645f617665635f70657469745f626c6f635f64652e6669656c645f74697472655f706c757369657572735f6c69676e6573223b7d),
('config.entity.key_store.field_config', 'uuid:48c2cf35-ed94-4f34-a59a-865f725da0e1', 0x613a313a7b693a303b733a33353a226669656c642e6669656c642e6e6f64652e61727469636c652e6669656c645f74616773223b7d),
('config.entity.key_store.field_config', 'uuid:49453940-e2f2-44e3-bcad-6b6bdcd631b7', 0x613a313a7b693a303b733a33383a226669656c642e6669656c642e6e6f64652e61637475616c6974652e6669656c645f6d65646961223b7d),
('config.entity.key_store.field_config', 'uuid:4e2e0dde-62df-42c1-9aea-947d6d424eb0', 0x613a313a7b693a303b733a33343a226669656c642e6669656c642e6e6f64652e6576656e742e6669656c645f696d616765223b7d),
('config.entity.key_store.field_config', 'uuid:56e54704-dec4-4003-82c8-897e8e2cac12', 0x613a313a7b693a303b733a34353a226669656c642e6669656c642e7061726167726170682e6c69656e735f72732e6669656c645f74657874655f7273223b7d),
('config.entity.key_store.field_config', 'uuid:591b180d-d496-41db-81b7-2cacce6dcac0', 0x613a313a7b693a303b733a35323a226669656c642e6669656c642e6e6f64652e6e6577736c65747465725f737562736372697074696f6e2e6669656c645f656d61696c223b7d),
('config.entity.key_store.field_config', 'uuid:59302229-857e-4e8b-8997-e9978f7abb5a', 0x613a313a7b693a303b733a33383a226669656c642e6669656c642e6e6f64652e61637475616c6974652e6669656c645f636861706f223b7d),
('config.entity.key_store.field_config', 'uuid:5a9935d9-a78d-4696-ac93-d1d9ddb19abb', 0x613a313a7b693a303b733a33333a226669656c642e6669656c642e6e6f64652e7075626c69636174696f6e2e626f6479223b7d),
('config.entity.key_store.field_config', 'uuid:5b2ae1b1-d60b-4f6c-8a35-c3872fc2bc1f', 0x613a313a7b693a303b733a33363a226669656c642e6669656c642e6e6f64652e6576656e742e6669656c645f62777374617274223b7d),
('config.entity.key_store.field_config', 'uuid:5b3329ca-967a-47c6-a2ed-a5b285711a02', 0x613a313a7b693a303b733a34333a226669656c642e6669656c642e6e6f64652e7075626c69636174696f6e2e6669656c645f6669636869657273223b7d),
('config.entity.key_store.field_config', 'uuid:5b593c46-22b2-445e-b8bc-dddcebb0b671', 0x613a313a7b693a303b733a34303a226669656c642e6669656c642e636f6d6d656e742e636f6d6d656e742e636f6d6d656e745f626f6479223b7d),
('config.entity.key_store.field_config', 'uuid:5d747c36-ecfd-4517-a0f1-ee3eb394a059', 0x613a313a7b693a303b733a33363a226669656c642e6669656c642e6e6f64652e706167652e6669656c645f6d65746174616773223b7d),
('config.entity.key_store.field_config', 'uuid:6064129c-ffaa-423a-9637-6e70e5589236', 0x613a313a7b693a303b733a33383a226669656c642e6669656c642e6e6f64652e61637475616c6974652e6669656c645f696d616765223b7d),
('config.entity.key_store.field_config', 'uuid:61151242-b544-41da-81c6-39bb1d352114', 0x613a313a7b693a303b733a35383a226669656c642e6669656c642e7061726167726170682e626c6f635f64655f74657874655f617665635f74697472652e6669656c645f7469747265223b7d),
('config.entity.key_store.field_config', 'uuid:70d1f02d-6e11-47c4-8e0e-a44fbea50617', 0x613a313a7b693a303b733a33363a226669656c642e6669656c642e6e6f64652e6c697672652e6669656c645f65646974657572223b7d),
('config.entity.key_store.field_config', 'uuid:7325200a-c77a-461f-a483-dd6828fedf1d', 0x613a313a7b693a303b733a37323a226669656c642e6669656c642e7061726167726170682e70686f746f5f656e5f666f6e645f617665635f70657469745f626c6f635f64652e6669656c645f626f75746f6e5f6c69656e223b7d),
('config.entity.key_store.field_config', 'uuid:74d6e44b-751f-4df2-b66c-a776f49df768', 0x613a313a7b693a303b733a33363a226669656c642e6669656c642e6e6f64652e61727469636c652e6669656c645f696d616765223b7d),
('config.entity.key_store.field_config', 'uuid:7d1e086a-5d63-471a-8d51-232bdfeb3e7c', 0x613a313a7b693a303b733a33393a226669656c642e6669656c642e6e6f64652e61727469636c652e6669656c645f6d65746174616773223b7d),
('config.entity.key_store.field_config', 'uuid:7f18fc18-f213-4b64-946a-d6d039932f3a', 0x613a313a7b693a303b733a35353a226669656c642e6669656c642e6e6f64652e61637475616c6974652e6669656c645f646174655f64655f6c615f7075626c69636174696f6e223b7d),
('config.entity.key_store.field_config', 'uuid:88ccb393-7bae-4fb5-949b-0618a98cfa09', 0x613a313a7b693a303b733a33343a226669656c642e6669656c642e757365722e757365722e6669656c645f7072656e6f6d223b7d),
('config.entity.key_store.field_config', 'uuid:8c52fe93-5f53-4fe0-90e0-ae74aa4b6a02', 0x613a313a7b693a303b733a34313a226669656c642e6669656c642e6d656469612e696d6167652e6669656c645f6d656469615f696d616765223b7d),
('config.entity.key_store.field_config', 'uuid:8cdc8181-8242-4235-bf5d-6d60e7edba5d', 0x613a313a7b693a303b733a33343a226669656c642e6669656c642e757365722e757365722e757365725f70696374757265223b7d),
('config.entity.key_store.field_config', 'uuid:8cfe35ee-6856-49c9-87bd-504e68ccad56', 0x613a313a7b693a303b733a33373a226669656c642e6669656c642e6e6f64652e6576656e742e6669656c645f6d65746174616773223b7d),
('config.entity.key_store.field_config', 'uuid:93298213-1f51-48b0-abf6-b3a30b7e87d9', 0x613a313a7b693a303b733a34383a226669656c642e6669656c642e636f6d6d656e742e636f6d6d656e745f636f6d6d656e742e636f6d6d656e745f626f6479223b7d),
('config.entity.key_store.field_config', 'uuid:97162e88-dfbc-4af1-8af1-cf88af9baf05', 0x613a313a7b693a303b733a32363a226669656c642e6669656c642e6e6f64652e706167652e626f6479223b7d),
('config.entity.key_store.field_config', 'uuid:999f33c9-fe75-491f-a07d-dc1237e30455', 0x613a313a7b693a303b733a34343a226669656c642e6669656c642e6e6f64652e6576656e742e6669656c645f69645f74617269665f6d656d627265223b7d),
('config.entity.key_store.field_config', 'uuid:9c14ffae-1c2f-48ae-b818-b3b93d81a426', 0x613a313a7b693a303b733a33313a226669656c642e6669656c642e757365722e757365722e6669656c645f6e6f6d223b7d),
('config.entity.key_store.field_config', 'uuid:a3118a62-2b1a-44ea-b149-121254978fa3', 0x613a313a7b693a303b733a35303a226669656c642e6669656c642e6e6f64652e706167652e6669656c645f636f6e74656e755f656e5f7061726167726170686573223b7d),
('config.entity.key_store.field_config', 'uuid:b376e4a5-53ff-4902-9896-7802cdf160e2', 0x613a313a7b693a303b733a34333a226669656c642e6669656c642e757365722e757365722e6669656c645f646174655f65787069726174696f6e223b7d),
('config.entity.key_store.field_config', 'uuid:b43ddcca-6c78-429b-b002-ddbdbe79ffd2', 0x613a313a7b693a303b733a33333a226669656c642e6669656c642e6e6f64652e6c697672652e6669656c645f736f7573223b7d),
('config.entity.key_store.field_config', 'uuid:be1020e0-f6a9-4e5a-91cb-268833dac237', 0x613a313a7b693a303b733a34343a226669656c642e6669656c642e6e6f64652e61727469636c652e6669656c645f646973706c61795f7469746c65223b7d),
('config.entity.key_store.field_config', 'uuid:c063a7af-b919-4206-93bf-84d017b7ebf5', 0x613a313a7b693a303b733a34323a226669656c642e6669656c642e6e6f64652e6c697672652e6669656c645f646973706c61795f7469746c65223b7d),
('config.entity.key_store.field_config', 'uuid:c4e651c2-aed0-4752-a013-1c75485bc0eb', 0x613a313a7b693a303b733a34323a226669656c642e6669656c642e6e6f64652e6576656e742e6669656c645f646973706c61795f7469746c65223b7d),
('config.entity.key_store.field_config', 'uuid:c6842e96-4151-412f-ae7b-17e47c98c044', 0x613a313a7b693a303b733a32373a226669656c642e6669656c642e6e6f64652e6576656e742e626f6479223b7d),
('config.entity.key_store.field_config', 'uuid:cd78e973-de99-4e7f-b7c7-deae83c297b0', 0x613a313a7b693a303b733a33373a226669656c642e6669656c642e6e6f64652e61637475616c6974652e6669656c645f6c69656e223b7d),
('config.entity.key_store.field_config', 'uuid:d0d20d1d-5919-444a-a240-84649f0d5df7', 0x613a313a7b693a303b733a34343a226669656c642e6669656c642e6e6f64652e7075626c69636174696f6e2e6669656c645f63617465676f726965223b7d),
('config.entity.key_store.field_config', 'uuid:d0fd3290-5914-42bf-950c-022703f3d94f', 0x613a313a7b693a303b733a34303a226669656c642e6669656c642e6e6f64652e6576656e742e6669656c645f6465736372697074696f6e223b7d),
('config.entity.key_store.field_config', 'uuid:d90938b0-4217-4521-ab91-7c8c07a45a2d', 0x613a313a7b693a303b733a33343a226669656c642e6669656c642e6e6f64652e6c697672652e6669656c645f696d616765223b7d),
('config.entity.key_store.field_config', 'uuid:d9702d00-989d-40c3-b862-83a03b465f74', 0x613a313a7b693a303b733a34313a226669656c642e6669656c642e6e6f64652e706167652e6669656c645f646973706c61795f7469746c65223b7d),
('config.entity.key_store.field_config', 'uuid:dc4543ad-1ab9-486c-90f6-029baab1cfe3', 0x613a313a7b693a303b733a34363a226669656c642e6669656c642e6d656469612e617564696f2e6669656c645f6d656469615f617564696f5f66696c65223b7d),
('config.entity.key_store.field_config', 'uuid:e3a5fa77-56a9-4f54-9e3c-c0f819de0ed3', 0x613a313a7b693a303b733a34363a226669656c642e6669656c642e6e6f64652e61637475616c6974652e6669656c645f646973706c61795f7469746c65223b7d),
('config.entity.key_store.field_config', 'uuid:e3e58ae8-45e5-428b-b623-d48475c96eda', 0x613a313a7b693a303b733a34383a226669656c642e6669656c642e6e6f64652e7075626c69636174696f6e2e6669656c645f646973706c61795f7469746c65223b7d),
('config.entity.key_store.field_config', 'uuid:e4a5e53f-accc-48d7-b909-436bd4e62116', 0x613a313a7b693a303b733a34363a226669656c642e6669656c642e6e6f64652e6576656e742e6669656c645f707269785f74617269665f6d656d627265223b7d),
('config.entity.key_store.field_config', 'uuid:e4fff0bb-0157-4092-a302-77be611a1b5a', 0x613a313a7b693a303b733a35323a226669656c642e6669656c642e6e6f64652e6c697672652e6669656c645f6c69656e5f656469746575725f706f75725f6163686174223b7d),
('config.entity.key_store.field_config', 'uuid:e70f77a9-479a-4065-846d-ca658f70d4b4', 0x613a313a7b693a303b733a35393a226669656c642e6669656c642e7061726167726170682e626c6f635f617665635f766964656f2e6669656c645f75726c5f64655f6c615f766964656f223b7d),
('config.entity.key_store.field_config', 'uuid:e7358efd-82b7-475b-a915-a530e48c708c', 0x613a313a7b693a303b733a33333a226669656c642e6669656c642e6e6f64652e6576656e742e6669656c645f74797065223b7d),
('config.entity.key_store.field_config', 'uuid:eb50aeb1-e808-4079-83d8-fbb15de163f1', 0x613a313a7b693a303b733a36343a226669656c642e6669656c642e7061726167726170682e626c6f635f64655f74657874655f617665635f74697472652e6669656c645f626f75746f6e5f6c69656e223b7d),
('config.entity.key_store.field_config', 'uuid:f1f5276e-01d4-49e5-b796-856426794530', 0x613a313a7b693a303b733a34373a226669656c642e6669656c642e6d656469612e646f63756d656e742e6669656c645f6d656469615f646f63756d656e74223b7d),
('config.entity.key_store.field_config', 'uuid:f8f595ea-4c4f-4323-be98-dba0720fa760', 0x613a313a7b693a303b733a37343a226669656c642e6669656c642e7061726167726170682e70686f746f5f656e5f666f6e645f617665635f70657469745f626c6f635f64652e6669656c645f696d6167655f64655f666f6e64223b7d),
('config.entity.key_store.field_config', 'uuid:f92d7db5-8457-4d8e-b8ac-521912402d02', 0x613a313a7b693a303b733a35353a226669656c642e6669656c642e6e6f64652e7075626c69636174696f6e2e6669656c645f7075626c69636174696f6e5f6570696e676c6565223b7d),
('config.entity.key_store.field_config', 'uuid:fdfe1b9c-3376-454d-b068-7d99b259fed8', 0x613a313a7b693a303b733a36303a226669656c642e6669656c642e6e6f64652e6e6577736c65747465725f737562736372697074696f6e2e6669656c645f646973706c61795f7469746c65223b7d),
('config.entity.key_store.field_config', 'uuid:ff6bf83e-bea9-4f5c-91cd-65b6131b2a50', 0x613a313a7b693a303b733a37323a226669656c642e6669656c642e7061726167726170682e70686f746f5f656e5f666f6e645f617665635f70657469745f626c6f635f64652e6669656c645f70657469745f7465787465223b7d),
('config.entity.key_store.field_storage_config', 'uuid:006dcce1-597c-4fe0-98ca-9035b6acdf1e', 0x613a313a7b693a303b733a32393a226669656c642e73746f726167652e6e6f64652e6669656c645f62776964223b7d),
('config.entity.key_store.field_storage_config', 'uuid:04159a66-d2a5-4081-8030-2f3ac644fbd8', 0x613a313a7b693a303b733a34383a226669656c642e73746f726167652e6e6f64652e6669656c645f6c69656e5f656469746575725f706f75725f6163686174223b7d),
('config.entity.key_store.field_storage_config', 'uuid:0922ec49-6875-488f-a67e-c2cb4408ef2a', 0x613a313a7b693a303b733a33383a226669656c642e73746f726167652e6e6f64652e6669656c645f646973706c61795f7469746c65223b7d),
('config.entity.key_store.field_storage_config', 'uuid:09bfebf0-ca37-4128-940d-126521ef52dd', 0x613a313a7b693a303b733a33303a226669656c642e73746f726167652e6e6f64652e6669656c645f6d65646961223b7d),
('config.entity.key_store.field_storage_config', 'uuid:09e9f993-6800-4f6d-a55c-1450ec0ad43c', 0x613a313a7b693a303b733a33383a226669656c642e73746f726167652e7061726167726170682e6669656c645f74657874655f7273223b7d),
('config.entity.key_store.field_storage_config', 'uuid:0a8f28da-0d60-4906-9085-2b5fe4ea92ca', 0x613a313a7b693a303b733a33323a226669656c642e73746f726167652e6e6f64652e6669656c645f65646974657572223b7d),
('config.entity.key_store.field_storage_config', 'uuid:0d59d74e-23e8-4306-aa71-a39de024916b', 0x613a313a7b693a303b733a33333a226669656c642e73746f726167652e6e6f64652e6669656c645f6d65746174616773223b7d),
('config.entity.key_store.field_storage_config', 'uuid:1897c58f-8856-4e99-b493-32ceb38b7a62', 0x613a313a7b693a303b733a32393a226669656c642e73746f726167652e6e6f64652e6669656c645f74797065223b7d),
('config.entity.key_store.field_storage_config', 'uuid:26465999-2a76-44d2-a55c-a43d6e4d8513', 0x613a313a7b693a303b733a34353a226669656c642e73746f726167652e7061726167726170682e6669656c645f75726c5f64655f6c615f766964656f223b7d),
('config.entity.key_store.field_storage_config', 'uuid:28b8d03a-7948-4e0c-b775-a9f8e38f1b9d', 0x613a313a7b693a303b733a32393a226669656c642e73746f726167652e6e6f64652e6669656c645f74616773223b7d),
('config.entity.key_store.field_storage_config', 'uuid:29f82812-6dc1-4d0e-bb28-74afa350076f', 0x613a313a7b693a303b733a33303a226669656c642e73746f726167652e6e6f64652e6669656c645f636861706f223b7d),
('config.entity.key_store.field_storage_config', 'uuid:2e4c3aea-46c1-40cb-8ad8-0757a69634a6', 0x613a313a7b693a303b733a33373a226669656c642e73746f726167652e6d656469612e6669656c645f6d656469615f696d616765223b7d),
('config.entity.key_store.field_storage_config', 'uuid:30c2a0a2-7549-4ead-8d59-f96452540082', 0x613a313a7b693a303b733a32393a226669656c642e73746f726167652e6e6f64652e6669656c645f726f6c65223b7d),
('config.entity.key_store.field_storage_config', 'uuid:35d2704c-40b2-4573-abc5-9de8341da76f', 0x613a313a7b693a303b733a32383a226669656c642e73746f726167652e757365722e6669656c645f6e6f6d223b7d),
('config.entity.key_store.field_storage_config', 'uuid:378230ed-8a4e-431d-a1ec-a3c0a38b70c8', 0x613a313a7b693a303b733a34303a226669656c642e73746f726167652e757365722e6669656c645f646174655f65787069726174696f6e223b7d),
('config.entity.key_store.field_storage_config', 'uuid:3a1224f4-8e38-4c45-b894-bc6a2063b971', 0x613a313a7b693a303b733a34303a226669656c642e73746f726167652e6e6f64652e6669656c645f69645f74617269665f6d656d627265223b7d),
('config.entity.key_store.field_storage_config', 'uuid:3dcb5651-7017-4739-9ddf-c2391e360d87', 0x613a313a7b693a303b733a34373a226669656c642e73746f726167652e6e6f64652e6669656c645f646174655f64655f6c615f7075626c69636174696f6e223b7d),
('config.entity.key_store.field_storage_config', 'uuid:3f1069db-0b9e-4da3-a8b0-40fe2a340e89', 0x613a313a7b693a303b733a33333a226669656c642e73746f726167652e6e6f64652e6669656c645f62776f6e6c696e65223b7d),
('config.entity.key_store.field_storage_config', 'uuid:40db2fad-76e2-4456-8ffc-636abb85bc18', 0x613a313a7b693a303b733a33303a226669656c642e73746f726167652e6e6f64652e6669656c645f6277656e64223b7d),
('config.entity.key_store.field_storage_config', 'uuid:427ec4ba-d6f4-4dfc-8c58-b8ff41c6ed03', 0x613a313a7b693a303b733a33343a226669656c642e73746f726167652e6e6f64652e6669656c645f63617465676f726965223b7d),
('config.entity.key_store.field_storage_config', 'uuid:44ff6f23-1e66-4e33-be66-2592d2dcd2ea', 0x613a313a7b693a303b733a34343a226669656c642e73746f726167652e757365722e6669656c645f646f6e6e6565735f696e736372697074696f6e223b7d),
('config.entity.key_store.field_storage_config', 'uuid:5218f6ce-001f-48bd-b474-fad6246317cc', 0x613a313a7b693a303b733a32393a226669656c642e73746f726167652e6e6f64652e6669656c645f736f7573223b7d),
('config.entity.key_store.field_storage_config', 'uuid:60c5fa19-103e-4c78-8a0a-682fa1a2d5cc', 0x613a313a7b693a303b733a33333a226669656c642e73746f726167652e6e6f64652e6669656c645f6669636869657273223b7d),
('config.entity.key_store.field_storage_config', 'uuid:6271dea6-5599-4c16-a1e5-2d61bd591326', 0x613a313a7b693a303b733a34313a226669656c642e73746f726167652e7061726167726170682e6669656c645f70657469745f7465787465223b7d),
('config.entity.key_store.field_storage_config', 'uuid:64a2e425-ea64-411f-b5a4-75af71b24454', 0x613a313a7b693a303b733a32333a226669656c642e73746f726167652e6e6f64652e626f6479223b7d),
('config.entity.key_store.field_storage_config', 'uuid:6e045ad3-917b-4d2d-9e34-e4975cb0b2de', 0x613a313a7b693a303b733a34333a226669656c642e73746f726167652e7061726167726170682e6669656c645f696d6167655f64655f666f6e64223b7d),
('config.entity.key_store.field_storage_config', 'uuid:733d5d00-cb47-446f-b9dc-9d394c7547dd', 0x613a313a7b693a303b733a34323a226669656c642e73746f726167652e6d656469612e6669656c645f6d656469615f766964656f5f66696c65223b7d),
('config.entity.key_store.field_storage_config', 'uuid:7e7bc30a-7094-4a4a-a488-a49cb5aaa8ce', 0x613a313a7b693a303b733a33363a226669656c642e73746f726167652e6e6f64652e6669656c645f6465736372697074696f6e223b7d),
('config.entity.key_store.field_storage_config', 'uuid:86090826-ba0a-42ac-b282-6b5675fc96aa', 0x613a313a7b693a303b733a33333a226669656c642e73746f726167652e6e6f64652e6669656c645f6861736874616773223b7d),
('config.entity.key_store.field_storage_config', 'uuid:8f38bcf8-be4d-402b-97e0-2c6419e923d3', 0x613a313a7b693a303b733a34323a226669656c642e73746f726167652e6d656469612e6669656c645f6d656469615f617564696f5f66696c65223b7d),
('config.entity.key_store.field_storage_config', 'uuid:95475f74-0730-4f60-bf92-599755ae63eb', 0x613a313a7b693a303b733a34353a226669656c642e73746f726167652e6e6f64652e6669656c645f7075626c69636174696f6e5f6570696e676c6565223b7d),
('config.entity.key_store.field_storage_config', 'uuid:96f73ec8-38af-4028-b12e-29bb9c2ab47c', 0x613a313a7b693a303b733a33323a226669656c642e73746f726167652e6e6f64652e6669656c645f62777374617274223b7d),
('config.entity.key_store.field_storage_config', 'uuid:97ccb2d9-21aa-49cf-8598-51840a4056f5', 0x613a313a7b693a303b733a33303a226669656c642e73746f726167652e6e6f64652e6669656c645f696d616765223b7d),
('config.entity.key_store.field_storage_config', 'uuid:9bbb583c-7513-4220-96ea-30d2b80d467f', 0x613a313a7b693a303b733a33313a226669656c642e73746f726167652e757365722e6669656c645f7072656e6f6d223b7d),
('config.entity.key_store.field_storage_config', 'uuid:aff53251-df79-4a56-bdfb-8e4cac6adc7f', 0x613a313a7b693a303b733a34323a226669656c642e73746f726167652e6e6f64652e6669656c645f707269785f74617269665f6d656d627265223b7d),
('config.entity.key_store.field_storage_config', 'uuid:b00d63b4-0ef1-40ac-8d23-1269ab685704', 0x613a313a7b693a303b733a33303a226669656c642e73746f726167652e6e6f64652e6669656c645f616e6e6565223b7d),
('config.entity.key_store.field_storage_config', 'uuid:b215fb56-f5cd-4093-9281-8561d02e5429', 0x613a313a7b693a303b733a33353a226669656c642e73746f726167652e7061726167726170682e6669656c645f7469747265223b7d),
('config.entity.key_store.field_storage_config', 'uuid:b44600ae-c9aa-4ced-a295-b8043a7a21ca', 0x613a313a7b693a303b733a35323a226669656c642e73746f726167652e7061726167726170682e6669656c645f74697472655f706c757369657572735f6c69676e6573223b7d),
('config.entity.key_store.field_storage_config', 'uuid:b9098516-cb52-496b-97ec-1d61618d4c6b', 0x613a313a7b693a303b733a33353a226669656c642e73746f726167652e7061726167726170682e6669656c645f7465787465223b7d),
('config.entity.key_store.field_storage_config', 'uuid:bf75eb3a-a956-4921-b0c6-19fa77fd0943', 0x613a313a7b693a303b733a32393a226669656c642e73746f726167652e6e6f64652e6669656c645f6c69656e223b7d),
('config.entity.key_store.field_storage_config', 'uuid:c65df325-329e-4901-b0d4-ff5fd2f4478e', 0x613a313a7b693a303b733a34343a226669656c642e73746f726167652e6d656469612e6669656c645f6d656469615f6f656d6265645f766964656f223b7d),
('config.entity.key_store.field_storage_config', 'uuid:c9d3d240-4208-4c84-8167-d91361664394', 0x613a313a7b693a303b733a33303a226669656c642e73746f726167652e6e6f64652e6669656c645f656d61696c223b7d),
('config.entity.key_store.field_storage_config', 'uuid:cba1b402-710e-4d40-ba64-128e0f642522', 0x613a313a7b693a303b733a34373a226669656c642e73746f726167652e6e6f64652e6669656c645f636f6e74656e755f656e5f7061726167726170686573223b7d),
('config.entity.key_store.field_storage_config', 'uuid:d145060b-7732-4c87-8e51-aae292d1b15d', 0x613a313a7b693a303b733a33323a226669656c642e73746f726167652e6e6f64652e6669656c645f62776578746964223b7d),
('config.entity.key_store.field_storage_config', 'uuid:e2d53d2d-1418-4da8-82ed-0e628582fccb', 0x613a313a7b693a303b733a34313a226669656c642e73746f726167652e7061726167726170682e6669656c645f626f75746f6e5f6c69656e223b7d),
('config.entity.key_store.field_storage_config', 'uuid:e5b5e73f-5ab9-4c4c-affd-c977921dc091', 0x613a313a7b693a303b733a33333a226669656c642e73746f726167652e6e6f64652e6669656c645f636f6d6d656e7473223b7d),
('config.entity.key_store.field_storage_config', 'uuid:f06fb0b9-a6ab-4b46-98a5-76019a5a7982', 0x613a313a7b693a303b733a33343a226669656c642e73746f726167652e636f6d6d656e742e636f6d6d656e745f626f6479223b7d),
('config.entity.key_store.field_storage_config', 'uuid:f1520d91-61d0-4e10-ae04-4d86b42701e1', 0x613a313a7b693a303b733a33313a226669656c642e73746f726167652e757365722e757365725f70696374757265223b7d),
('config.entity.key_store.field_storage_config', 'uuid:f67c7830-d7e4-4900-a351-348a03aca071', 0x613a313a7b693a303b733a33323a226669656c642e73746f726167652e626c6f636b5f636f6e74656e742e626f6479223b7d),
('config.entity.key_store.field_storage_config', 'uuid:f7ae4561-fbb9-4da9-b140-82e746315196', 0x613a313a7b693a303b733a34303a226669656c642e73746f726167652e6d656469612e6669656c645f6d656469615f646f63756d656e74223b7d),
('config.entity.key_store.filter_format', 'uuid:10c2e90e-1866-4b76-9b98-db999b8c22a1', 0x613a313a7b693a303b733a32343a2266696c7465722e666f726d61742e62617369635f68746d6c223b7d),
('config.entity.key_store.filter_format', 'uuid:8a7790a9-3921-464a-b28f-2acd7ae7737d', 0x613a313a7b693a303b733a32343a2266696c7465722e666f726d61742e706c61696e5f74657874223b7d),
('config.entity.key_store.filter_format', 'uuid:ad0a853b-61e3-40b9-ad4c-c8b98e5e6ab1', 0x613a313a7b693a303b733a32393a2266696c7465722e666f726d61742e726573747269637465645f68746d6c223b7d),
('config.entity.key_store.filter_format', 'uuid:b4e4b414-1501-473a-84ef-8bbf65278663', 0x613a313a7b693a303b733a32333a2266696c7465722e666f726d61742e66756c6c5f68746d6c223b7d),
('config.entity.key_store.image_style', 'uuid:0ba677f0-d13f-4327-bdf4-91d132563b20', 0x613a313a7b693a303b733a32353a22696d6167652e7374796c652e63617272655f32323078323230223b7d),
('config.entity.key_store.image_style', 'uuid:103007b7-b8c9-45e6-8662-990f7340939f', 0x613a313a7b693a303b733a32313a22696d6167652e7374796c652e63617272655f353030223b7d),
('config.entity.key_store.image_style', 'uuid:4d567c92-1784-4c71-9257-b37f6cdac475', 0x613a313a7b693a303b733a31373a22696d6167652e7374796c652e6c61726765223b7d),
('config.entity.key_store.image_style', 'uuid:8e5306e2-7615-492c-a9ec-a0a743c4ac25', 0x613a313a7b693a303b733a32353a22696d6167652e7374796c652e70686f746f5f61727469636c65223b7d),
('config.entity.key_store.image_style', 'uuid:8fd1bb40-31ad-4dc8-aa71-6dc57d10acf2', 0x613a313a7b693a303b733a31383a22696d6167652e7374796c652e6d656469756d223b7d),
('config.entity.key_store.image_style', 'uuid:ae3b4127-55ef-4087-bb28-57780b30e126', 0x613a313a7b693a303b733a32323a22696d6167652e7374796c652e70686f746f5f666f6e64223b7d),
('config.entity.key_store.image_style', 'uuid:df4113c5-7700-4160-8adf-a720b5ca33e7', 0x613a313a7b693a303b733a32313a22696d6167652e7374796c652e7468756d626e61696c223b7d),
('config.entity.key_store.language_content_settings', 'uuid:1d7b1cde-9e88-44fb-9342-a56fc406479e', 0x613a313a7b693a303b733a33383a226c616e67756167652e636f6e74656e745f73657474696e67732e6e6f64652e61727469636c65223b7d),
('config.entity.key_store.language_content_settings', 'uuid:379f4dad-586a-454e-a77d-1b475c67738a', 0x613a313a7b693a303b733a33363a226c616e67756167652e636f6e74656e745f73657474696e67732e6e6f64652e6576656e74223b7d),
('config.entity.key_store.language_content_settings', 'uuid:3ccd7bc7-8046-483d-bfd3-bdd74115123d', 0x613a313a7b693a303b733a34323a226c616e67756167652e636f6e74656e745f73657474696e67732e6e6f64652e7075626c69636174696f6e223b7d),
('config.entity.key_store.language_content_settings', 'uuid:4793c7d2-531d-4bb8-9d3d-4d8f2af4a383', 0x613a313a7b693a303b733a33363a226c616e67756167652e636f6e74656e745f73657474696e67732e6e6f64652e6c69767265223b7d),
('config.entity.key_store.language_content_settings', 'uuid:505f2a85-0a37-45f5-a010-77525f277bf1', 0x613a313a7b693a303b733a34373a226c616e67756167652e636f6e74656e745f73657474696e67732e706174685f616c6961732e706174685f616c696173223b7d),
('config.entity.key_store.language_content_settings', 'uuid:6573b404-482c-42da-995d-e96502219512', 0x613a313a7b693a303b733a35343a226c616e67756167652e636f6e74656e745f73657474696e67732e6e6f64652e6e6577736c65747465725f737562736372697074696f6e223b7d),
('config.entity.key_store.language_content_settings', 'uuid:987f2419-ffef-40d5-86f5-097e84cca23a', 0x613a313a7b693a303b733a36363a226c616e67756167652e636f6e74656e745f73657474696e67732e7461786f6e6f6d795f7465726d2e63617465676f726965735f64655f7075626c69636174696f6e73223b7d),
('config.entity.key_store.language_content_settings', 'uuid:b1b3d899-6a68-4412-bca3-e1188df25c19', 0x613a313a7b693a303b733a33353a226c616e67756167652e636f6e74656e745f73657474696e67732e6e6f64652e70616765223b7d),
('config.entity.key_store.language_content_settings', 'uuid:ec1a1b2c-f526-44d8-8ec7-fb96229d04e2', 0x613a313a7b693a303b733a34303a226c616e67756167652e636f6e74656e745f73657474696e67732e6e6f64652e61637475616c697465223b7d),
('config.entity.key_store.media_type', 'uuid:565f43d3-b05c-4c41-a924-5faf701fdd7d', 0x613a313a7b693a303b733a31363a226d656469612e747970652e617564696f223b7d),
('config.entity.key_store.media_type', 'uuid:80f60002-6c6a-45ab-be71-247043040912', 0x613a313a7b693a303b733a31363a226d656469612e747970652e766964656f223b7d),
('config.entity.key_store.media_type', 'uuid:82b92141-23bd-403e-9531-2de118356ffb', 0x613a313a7b693a303b733a31393a226d656469612e747970652e646f63756d656e74223b7d),
('config.entity.key_store.media_type', 'uuid:938f6828-f9f3-450c-9270-ebb6e14eaf91', 0x613a313a7b693a303b733a32333a226d656469612e747970652e72656d6f74655f766964656f223b7d),
('config.entity.key_store.media_type', 'uuid:adf61af2-82cf-46c6-8480-9418415ae84e', 0x613a313a7b693a303b733a31363a226d656469612e747970652e696d616765223b7d),
('config.entity.key_store.mentions_type', 'uuid:89c714c6-c49a-40ee-a7d6-e35d2a759b7a', 0x613a313a7b693a303b733a33343a226d656e74696f6e732e6d656e74696f6e735f747970652e557365724d656e74696f6e223b7d),
('config.entity.key_store.menu', 'uuid:090b876d-417e-4929-a963-e419c2971a22', 0x613a313a7b693a303b733a31373a2273797374656d2e6d656e752e746f6f6c73223b7d),
('config.entity.key_store.menu', 'uuid:148f9230-88f3-44ba-aebf-e093c1af3071', 0x613a313a7b693a303b733a31363a2273797374656d2e6d656e752e6d61696e223b7d),
('config.entity.key_store.menu', 'uuid:297fe106-9a55-455f-b98d-f6002bf497e0', 0x613a313a7b693a303b733a31373a2273797374656d2e6d656e752e61646d696e223b7d),
('config.entity.key_store.menu', 'uuid:483fa79d-5e48-423b-9063-84e0a5378b72', 0x613a313a7b693a303b733a31383a2273797374656d2e6d656e752e666f6f746572223b7d),
('config.entity.key_store.menu', 'uuid:bfdbf376-412c-4110-afb1-71f58530bd36', 0x613a313a7b693a303b733a31393a2273797374656d2e6d656e752e6163636f756e74223b7d),
('config.entity.key_store.metatag_defaults', 'uuid:15824b81-2663-4850-a820-4161ecbd5954', 0x613a313a7b693a303b733a32393a226d6574617461672e6d6574617461675f64656661756c74732e75736572223b7d),
('config.entity.key_store.metatag_defaults', 'uuid:274ecac3-a52b-41e1-ba25-b080f529fc7f', 0x613a313a7b693a303b733a33313a226d6574617461672e6d6574617461675f64656661756c74732e676c6f62616c223b7d),
('config.entity.key_store.metatag_defaults', 'uuid:4b727116-1eaf-45dd-af1e-238145b31025', 0x613a313a7b693a303b733a32393a226d6574617461672e6d6574617461675f64656661756c74732e6e6f6465223b7d),
('config.entity.key_store.metatag_defaults', 'uuid:61b89ce1-6f66-4d88-9bf1-479592532881', 0x613a313a7b693a303b733a34323a226d6574617461672e6d6574617461675f64656661756c74732e6e6f64655f5f7075626c69636174696f6e223b7d),
('config.entity.key_store.metatag_defaults', 'uuid:6d9379f2-025e-4479-abaf-7f9ca7f5ef70', 0x613a313a7b693a303b733a33383a226d6574617461672e6d6574617461675f64656661756c74732e7461786f6e6f6d795f7465726d223b7d),
('config.entity.key_store.metatag_defaults', 'uuid:84eb58f9-802e-476c-b676-002aaea3a5e2', 0x613a313a7b693a303b733a33383a226d6574617461672e6d6574617461675f64656661756c74732e6e6f64655f5f61727469636c65223b7d),
('config.entity.key_store.metatag_defaults', 'uuid:92f69a2f-214e-4868-8cf1-ca213e898f9c', 0x613a313a7b693a303b733a32383a226d6574617461672e6d6574617461675f64656661756c74732e343033223b7d),
('config.entity.key_store.metatag_defaults', 'uuid:ae874a4b-af59-4352-9d6f-14bcdc799fde', 0x613a313a7b693a303b733a33303a226d6574617461672e6d6574617461675f64656661756c74732e66726f6e74223b7d),
('config.entity.key_store.metatag_defaults', 'uuid:bff40713-25b5-4120-a00c-aeaad262c2cd', 0x613a313a7b693a303b733a33363a226d6574617461672e6d6574617461675f64656661756c74732e6e6f64655f5f6576656e74223b7d),
('config.entity.key_store.metatag_defaults', 'uuid:e7dbe2c5-ce68-41b8-9508-ff03c68c7119', 0x613a313a7b693a303b733a32383a226d6574617461672e6d6574617461675f64656661756c74732e343034223b7d),
('config.entity.key_store.node_type', 'uuid:674ca9e6-992a-4782-aef9-ee44404ac9e6', 0x613a313a7b693a303b733a31343a226e6f64652e747970652e70616765223b7d),
('config.entity.key_store.node_type', 'uuid:7409dd11-536e-406c-accc-f9bdf87a98aa', 0x613a313a7b693a303b733a31353a226e6f64652e747970652e6c69767265223b7d),
('config.entity.key_store.node_type', 'uuid:76665eb6-90c7-44b5-bc07-1493767fa1c1', 0x613a313a7b693a303b733a31373a226e6f64652e747970652e61727469636c65223b7d),
('config.entity.key_store.node_type', 'uuid:8e5199d1-8fce-4df5-816f-4c306afea09b', 0x613a313a7b693a303b733a31393a226e6f64652e747970652e61637475616c697465223b7d),
('config.entity.key_store.node_type', 'uuid:9062660d-02e2-4e45-9cb0-0125c3caf87f', 0x613a313a7b693a303b733a31353a226e6f64652e747970652e6576656e74223b7d),
('config.entity.key_store.node_type', 'uuid:d185e6f6-a4db-4528-b07f-51e603f77dbe', 0x613a313a7b693a303b733a33333a226e6f64652e747970652e6e6577736c65747465725f737562736372697074696f6e223b7d),
('config.entity.key_store.node_type', 'uuid:de2519b8-3a06-4d35-9bed-d51b887b3527', 0x613a313a7b693a303b733a32313a226e6f64652e747970652e7075626c69636174696f6e223b7d),
('config.entity.key_store.paragraphs_type', 'uuid:7e780982-1a2e-46c3-9821-00c83a637c39', 0x613a313a7b693a303b733a35313a22706172616772617068732e706172616772617068735f747970652e626c6f635f64655f74657874655f617665635f7469747265223b7d),
('config.entity.key_store.paragraphs_type', 'uuid:8d7c9904-2cb3-4779-84c2-c0fb6d5f1067', 0x613a313a7b693a303b733a34323a22706172616772617068732e706172616772617068735f747970652e626c6f635f617665635f766964656f223b7d),
('config.entity.key_store.paragraphs_type', 'uuid:c1542a27-ed95-4b37-a0c0-cf5a191e440f', 0x613a313a7b693a303b733a33353a22706172616772617068732e706172616772617068735f747970652e6c69656e735f7273223b7d),
('config.entity.key_store.paragraphs_type', 'uuid:e5b979e9-1836-431c-89fd-a3e5ce620d26', 0x613a313a7b693a303b733a35393a22706172616772617068732e706172616772617068735f747970652e70686f746f5f656e5f666f6e645f617665635f70657469745f626c6f635f6465223b7d),
('config.entity.key_store.pathauto_pattern', 'status:1', 0x613a333a7b693a303b733a33323a22706174686175746f2e7061747465726e2e706174685f66726f6d5f7469746c65223b693a313b733a34353a22706174686175746f2e7061747465726e2e6576656e656d656e745f65787469645f64655f62696c6c6574776562223b693a323b733a33323a22706174686175746f2e7061747465726e2e61637475616c6974655f6d65646961223b7d),
('config.entity.key_store.pathauto_pattern', 'type:canonical_entities:node', 0x613a333a7b693a303b733a33323a22706174686175746f2e7061747465726e2e706174685f66726f6d5f7469746c65223b693a313b733a34353a22706174686175746f2e7061747465726e2e6576656e656d656e745f65787469645f64655f62696c6c6574776562223b693a323b733a33323a22706174686175746f2e7061747465726e2e61637475616c6974655f6d65646961223b7d),
('config.entity.key_store.pathauto_pattern', 'uuid:00c4e739-25de-4651-81d5-2bbffea6f6d1', 0x613a313a7b693a303b733a34353a22706174686175746f2e7061747465726e2e6576656e656d656e745f65787469645f64655f62696c6c6574776562223b7d),
('config.entity.key_store.pathauto_pattern', 'uuid:23d19ccc-499e-4383-8956-fa3a9a5d758e', 0x613a313a7b693a303b733a33323a22706174686175746f2e7061747465726e2e706174685f66726f6d5f7469746c65223b7d),
('config.entity.key_store.pathauto_pattern', 'uuid:7927ce3d-98fa-4187-be47-6d875fa5c30c', 0x613a313a7b693a303b733a33323a22706174686175746f2e7061747465726e2e61637475616c6974655f6d65646961223b7d),
('config.entity.key_store.rdf_mapping', 'uuid:318c0783-bdce-46e6-8122-78ce1cf03754', 0x613a313a7b693a303b733a32313a227264662e6d617070696e672e6e6f64652e70616765223b7d),
('config.entity.key_store.rdf_mapping', 'uuid:a51dc171-760a-480b-8384-acbb600068dd', 0x613a313a7b693a303b733a32313a227264662e6d617070696e672e757365722e75736572223b7d),
('config.entity.key_store.rdf_mapping', 'uuid:d4441ca3-e9a3-40b4-b719-0d8df0f7a837', 0x613a313a7b693a303b733a32343a227264662e6d617070696e672e6e6f64652e61727469636c65223b7d),
('config.entity.key_store.rdf_mapping', 'uuid:ec255482-e65d-4489-a5a2-3dc410bb75b3', 0x613a313a7b693a303b733a33303a227264662e6d617070696e672e7461786f6e6f6d795f7465726d2e74616773223b7d),
('config.entity.key_store.rdf_mapping', 'uuid:efb8065f-c744-4459-a8cb-450c5183646d', 0x613a313a7b693a303b733a32373a227264662e6d617070696e672e636f6d6d656e742e636f6d6d656e74223b7d),
('config.entity.key_store.search_page', 'uuid:69dad45d-090e-4322-bb8a-c03fa4d8aa1d', 0x613a313a7b693a303b733a32333a227365617263682e706167652e6e6f64655f736561726368223b7d),
('config.entity.key_store.search_page', 'uuid:8ffe3c4e-c31b-4794-92aa-e7c4d7c0db83', 0x613a313a7b693a303b733a32333a227365617263682e706167652e757365725f736561726368223b7d),
('config.entity.key_store.shortcut_set', 'uuid:69a9ad7b-9afd-4b6b-838e-2e89bf67726c', 0x613a313a7b693a303b733a32303a2273686f72746375742e7365742e64656661756c74223b7d),
('config.entity.key_store.taxonomy_vocabulary', 'uuid:31f43549-6c71-4bdd-bf34-99fe30d64738', 0x613a313a7b693a303b733a32343a227461786f6e6f6d792e766f636162756c6172792e74616773223b7d),
('config.entity.key_store.taxonomy_vocabulary', 'uuid:92082d22-921d-45c6-8462-b94e69d64b5d', 0x613a313a7b693a303b733a34363a227461786f6e6f6d792e766f636162756c6172792e63617465676f726965735f64655f7075626c69636174696f6e73223b7d),
('config.entity.key_store.tour', 'routes.*.route_name:entity.configurable_language.collection', 0x613a313a7b693a303b733a31383a22746f75722e746f75722e6c616e6775616765223b7d),
('config.entity.key_store.tour', 'routes.*.route_name:entity.configurable_language.edit_form', 0x613a313a7b693a303b733a32333a22746f75722e746f75722e6c616e67756167652d65646974223b7d),
('config.entity.key_store.tour', 'routes.*.route_name:entity.view.edit_display_form', 0x613a313a7b693a303b733a31383a22746f75722e746f75722e76696577732d7569223b7d),
('config.entity.key_store.tour', 'routes.*.route_name:entity.view.edit_form', 0x613a313a7b693a303b733a31383a22746f75722e746f75722e76696577732d7569223b7d),
('config.entity.key_store.tour', 'routes.*.route_name:honeypot.config', 0x613a313a7b693a303b733a31383a22746f75722e746f75722e686f6e6579706f74223b7d),
('config.entity.key_store.tour', 'routes.*.route_name:language.add', 0x613a313a7b693a303b733a32323a22746f75722e746f75722e6c616e67756167652d616464223b7d),
('config.entity.key_store.tour', 'routes.*.route_name:locale.translate_page', 0x613a313a7b693a303b733a31363a22746f75722e746f75722e6c6f63616c65223b7d),
('config.entity.key_store.tour', 'uuid:5b2c6507-0171-4860-9902-f85cf070e6c7', 0x613a313a7b693a303b733a31383a22746f75722e746f75722e76696577732d7569223b7d),
('config.entity.key_store.tour', 'uuid:6c2f0a1b-373f-411d-a388-f2e28f1e9f54', 0x613a313a7b693a303b733a31363a22746f75722e746f75722e6c6f63616c65223b7d),
('config.entity.key_store.tour', 'uuid:9f50e894-1fb3-4b1d-a45d-2855162bdc25', 0x613a313a7b693a303b733a32333a22746f75722e746f75722e6c616e67756167652d65646974223b7d),
('config.entity.key_store.tour', 'uuid:a0fe1c4f-a57b-4f87-ab68-7e8d16d840a0', 0x613a313a7b693a303b733a31383a22746f75722e746f75722e686f6e6579706f74223b7d),
('config.entity.key_store.tour', 'uuid:f29fbe34-6741-453e-90f5-36d76df90cb1', 0x613a313a7b693a303b733a32323a22746f75722e746f75722e6c616e67756167652d616464223b7d),
('config.entity.key_store.tour', 'uuid:f78a4b96-fd26-4a9d-8140-53bc5433131a', 0x613a313a7b693a303b733a31383a22746f75722e746f75722e6c616e6775616765223b7d),
('config.entity.key_store.user_role', 'uuid:6b0d3ee2-efb1-4c2a-9e46-77500427ebec', 0x613a313a7b693a303b733a32333a22757365722e726f6c652e61757468656e74696361746564223b7d),
('config.entity.key_store.user_role', 'uuid:73f357d4-61f2-422b-8930-f9269ec73fc6', 0x613a313a7b693a303b733a31363a22757365722e726f6c652e6d656d627265223b7d),
('config.entity.key_store.user_role', 'uuid:ab3aca86-0115-458e-9866-d7bcf9954bb3', 0x613a313a7b693a303b733a31393a22757365722e726f6c652e616e6f6e796d6f7573223b7d),
('config.entity.key_store.user_role', 'uuid:ff7900d1-5080-4406-8725-4773206c7622', 0x613a313a7b693a303b733a32333a22757365722e726f6c652e61646d696e6973747261746f72223b7d),
('config.entity.key_store.view', 'uuid:01330880-76df-4e90-9d60-d5d8abd50b25', 0x613a313a7b693a303b733a32313a2276696577732e766965772e61637475616c69746573223b7d),
('config.entity.key_store.view', 'uuid:0a9490b8-eae9-4a4f-9ae7-3d4efae157ba', 0x613a313a7b693a303b733a32303a2276696577732e766965772e77686f5f735f6e6577223b7d),
('config.entity.key_store.view', 'uuid:0ab372e9-8788-4441-be44-5bb80d7fa446', 0x613a313a7b693a303b733a32343a2276696577732e766965772e626c6f636b5f636f6e74656e74223b7d),
('config.entity.key_store.view', 'uuid:193cb9da-07bd-4608-9c51-b8b401c52e31', 0x613a313a7b693a303b733a31363a2276696577732e766965772e6d65646961223b7d),
('config.entity.key_store.view', 'uuid:3285005d-aa08-4cfb-8244-beb61d098cc2', 0x613a313a7b693a303b733a31383a2276696577732e766965772e636f6d6d656e74223b7d),
('config.entity.key_store.view', 'uuid:3d7f39ca-4153-449e-906f-90a48d288d7c', 0x613a313a7b693a303b733a32353a2276696577732e766965772e636f6e74656e745f726563656e74223b7d),
('config.entity.key_store.view', 'uuid:517c20e8-6fb4-46be-9426-57b5af24bec1', 0x613a313a7b693a303b733a32373a2276696577732e766965772e636f6e746163745f6d65737361676573223b7d),
('config.entity.key_store.view', 'uuid:547e68ef-49ab-48a3-a73e-b9be7b133750', 0x613a313a7b693a303b733a31373a2276696577732e766965772e6c6976726573223b7d),
('config.entity.key_store.view', 'uuid:75ba68bf-9e4e-4497-a4c9-0803f4182a9c', 0x613a313a7b693a303b733a32303a2276696577732e766965772e66726f6e7470616765223b7d),
('config.entity.key_store.view', 'uuid:78e17b1f-08ca-4d61-b864-f84b6bb33925', 0x613a313a7b693a303b733a31393a2276696577732e766965772e7761746368646f67223b7d),
('config.entity.key_store.view', 'uuid:838d6292-7af5-42be-9f68-462bf777703e', 0x613a313a7b693a303b733a32333a2276696577732e766965772e77686f5f735f6f6e6c696e65223b7d),
('config.entity.key_store.view', 'uuid:83d43599-62dd-4009-82e6-016e21a00a2a', 0x613a313a7b693a303b733a34353a2276696577732e766965772e6c697374655f6465735f696e7363726974735f615f6c615f6e6577736c6574746572223b7d),
('config.entity.key_store.view', 'uuid:960956c9-9936-49f4-a976-3b45b0b15586', 0x613a313a7b693a303b733a31383a2276696577732e766965772e636f6e74656e74223b7d),
('config.entity.key_store.view', 'uuid:9ced6e67-4f7f-4a25-ac3c-12a0497b1ca5', 0x613a313a7b693a303b733a32343a2276696577732e766965772e7461786f6e6f6d795f7465726d223b7d),
('config.entity.key_store.view', 'uuid:a04ae860-e83d-455c-8d8a-216810cd5ae9', 0x613a313a7b693a303b733a31393a2276696577732e766965772e676c6f7373617279223b7d),
('config.entity.key_store.view', 'uuid:acba9b2a-e72f-4e95-ab1e-a852ad53367b', 0x613a313a7b693a303b733a31353a2276696577732e766965772e74657374223b7d),
('config.entity.key_store.view', 'uuid:b1c45ec2-d423-4556-b428-838482907bd7', 0x613a313a7b693a303b733a31383a2276696577732e766965772e61726368697665223b7d),
('config.entity.key_store.view', 'uuid:b8b219a9-92dd-40dc-9327-d3cef0e63935', 0x613a313a7b693a303b733a32363a2276696577732e766965772e636f6d6d656e74735f726563656e74223b7d),
('config.entity.key_store.view', 'uuid:cd68aa47-2f1a-4fdd-927e-b80bcba33f02', 0x613a313a7b693a303b733a32383a2276696577732e766965772e757365725f61646d696e5f70656f706c65223b7d),
('config.entity.key_store.view', 'uuid:ea1f7b33-2aad-4759-8bb2-c6ce5226d718', 0x613a313a7b693a303b733a31363a2276696577732e766965772e66696c6573223b7d),
('config.entity.key_store.view', 'uuid:ea842def-b4cd-49c7-9304-8822796b1143', 0x613a313a7b693a303b733a32373a2276696577732e766965772e61727469636c65735f64755f626c6f67223b7d),
('config.entity.key_store.view', 'uuid:ed7dc319-ac1b-4953-b5e2-0cb0613248b1', 0x613a313a7b693a303b733a34353a2276696577732e766965772e6c697374655f6465735f696e7363726974735f636f706965725f636f6c6c61626c65223b7d),
('entity.definitions.bundle_field_map', 'block_content', 0x613a313a7b733a343a22626f6479223b613a323a7b733a343a2274797065223b733a31373a22746578745f776974685f73756d6d617279223b733a373a2262756e646c6573223b613a313a7b733a353a226261736963223b733a353a226261736963223b7d7d7d),
('entity.definitions.bundle_field_map', 'comment', 0x613a313a7b733a31323a22636f6d6d656e745f626f6479223b613a323a7b733a343a2274797065223b733a393a22746578745f6c6f6e67223b733a373a2262756e646c6573223b613a333a7b733a373a22636f6d6d656e74223b733a373a22636f6d6d656e74223b733a32323a22636f6d6d656e745f636f6d6d756e6974795f706f7374223b733a32323a22636f6d6d656e745f636f6d6d756e6974795f706f7374223b733a31353a22636f6d6d656e745f636f6d6d656e74223b733a31353a22636f6d6d656e745f636f6d6d656e74223b7d7d7d),
('entity.definitions.bundle_field_map', 'media', 0x613a353a7b733a32323a226669656c645f6d656469615f617564696f5f66696c65223b613a323a7b733a343a2274797065223b733a343a2266696c65223b733a373a2262756e646c6573223b613a313a7b733a353a22617564696f223b733a353a22617564696f223b7d7d733a32303a226669656c645f6d656469615f646f63756d656e74223b613a323a7b733a343a2274797065223b733a343a2266696c65223b733a373a2262756e646c6573223b613a313a7b733a383a22646f63756d656e74223b733a383a22646f63756d656e74223b7d7d733a31373a226669656c645f6d656469615f696d616765223b613a323a7b733a343a2274797065223b733a353a22696d616765223b733a373a2262756e646c6573223b613a313a7b733a353a22696d616765223b733a353a22696d616765223b7d7d733a32343a226669656c645f6d656469615f6f656d6265645f766964656f223b613a323a7b733a343a2274797065223b733a363a22737472696e67223b733a373a2262756e646c6573223b613a313a7b733a31323a2272656d6f74655f766964656f223b733a31323a2272656d6f74655f766964656f223b7d7d733a32323a226669656c645f6d656469615f766964656f5f66696c65223b613a323a7b733a343a2274797065223b733a343a2266696c65223b733a373a2262756e646c6573223b613a313a7b733a353a22766964656f223b733a353a22766964656f223b7d7d7d);
INSERT INTO `prod_d8key_value` (`collection`, `name`, `value`) VALUES
('entity.definitions.bundle_field_map', 'node', 0x[encoded data, 7186 characters]),
('entity.definitions.bundle_field_map', 'paragraph', 0x613a383a7b733a31313a226669656c645f7469747265223b613a323a7b733a343a2274797065223b733a363a22737472696e67223b733a373a2262756e646c6573223b613a313a7b733a32343a22626c6f635f64655f74657874655f617665635f7469747265223b733a32343a22626c6f635f64655f74657874655f617665635f7469747265223b7d7d733a31313a226669656c645f7465787465223b613a323a7b733a343a2274797065223b733a393a22746578745f6c6f6e67223b733a373a2262756e646c6573223b613a313a7b733a32343a22626c6f635f64655f74657874655f617665635f7469747265223b733a32343a22626c6f635f64655f74657874655f617665635f7469747265223b7d7d733a31393a226669656c645f696d6167655f64655f666f6e64223b613a323a7b733a343a2274797065223b733a353a22696d616765223b733a373a2262756e646c6573223b613a313a7b733a33323a2270686f746f5f656e5f666f6e645f617665635f70657469745f626c6f635f6465223b733a33323a2270686f746f5f656e5f666f6e645f617665635f70657469745f626c6f635f6465223b7d7d733a31373a226669656c645f70657469745f7465787465223b613a323a7b733a343a2274797065223b733a31313a22737472696e675f6c6f6e67223b733a373a2262756e646c6573223b613a313a7b733a33323a2270686f746f5f656e5f666f6e645f617665635f70657469745f626c6f635f6465223b733a33323a2270686f746f5f656e5f666f6e645f617665635f70657469745f626c6f635f6465223b7d7d733a31373a226669656c645f626f75746f6e5f6c69656e223b613a323a7b733a343a2274797065223b733a343a226c696e6b223b733a373a2262756e646c6573223b613a323a7b733a33323a2270686f746f5f656e5f666f6e645f617665635f70657469745f626c6f635f6465223b733a33323a2270686f746f5f656e5f666f6e645f617665635f70657469745f626c6f635f6465223b733a32343a22626c6f635f64655f74657874655f617665635f7469747265223b733a32343a22626c6f635f64655f74657874655f617665635f7469747265223b7d7d733a32383a226669656c645f74697472655f706c757369657572735f6c69676e6573223b613a323a7b733a343a2274797065223b733a393a22746578745f6c6f6e67223b733a373a2262756e646c6573223b613a313a7b733a33323a2270686f746f5f656e5f666f6e645f617665635f70657469745f626c6f635f6465223b733a33323a2270686f746f5f656e5f666f6e645f617665635f70657469745f626c6f635f6465223b7d7d733a32313a226669656c645f75726c5f64655f6c615f766964656f223b613a323a7b733a343a2274797065223b733a31373a22766964656f5f656d6265645f6669656c64223b733a373a2262756e646c6573223b613a313a7b733a31353a22626c6f635f617665635f766964656f223b733a31353a22626c6f635f617665635f766964656f223b7d7d733a31343a226669656c645f74657874655f7273223b613a323a7b733a343a2274797065223b733a393a22746578745f6c6f6e67223b733a373a2262756e646c6573223b613a313a7b733a383a226c69656e735f7273223b733a383a226c69656e735f7273223b7d7d7d),
('entity.definitions.bundle_field_map', 'user', 0x613a353a7b733a31323a22757365725f70696374757265223b613a323a7b733a343a2274797065223b733a353a22696d616765223b733a373a2262756e646c6573223b613a313a7b733a343a2275736572223b733a343a2275736572223b7d7d733a31323a226669656c645f7072656e6f6d223b613a323a7b733a343a2274797065223b733a363a22737472696e67223b733a373a2262756e646c6573223b613a313a7b733a343a2275736572223b733a343a2275736572223b7d7d733a393a226669656c645f6e6f6d223b613a323a7b733a343a2274797065223b733a363a22737472696e67223b733a373a2262756e646c6573223b613a313a7b733a343a2275736572223b733a343a2275736572223b7d7d733a32353a226669656c645f646f6e6e6565735f696e736372697074696f6e223b613a323a7b733a343a2274797065223b733a31313a22737472696e675f6c6f6e67223b733a373a2262756e646c6573223b613a313a7b733a343a2275736572223b733a343a2275736572223b7d7d733a32313a226669656c645f646174655f65787069726174696f6e223b613a323a7b733a343a2274797065223b733a383a226461746574696d65223b733a373a2262756e646c6573223b613a313a7b733a343a2275736572223b733a343a2275736572223b7d7d7d),
('entity.definitions.installed', 'action.entity_type', 0x[encoded data, 5464 characters]),
('entity.definitions.installed', 'base_field_override.entity_type', 0x[encoded data, 4996 characters]),
('entity.definitions.installed', 'block.entity_type', 0x[encoded data, 6552 characters]),
('entity.definitions.installed', 'block_content.entity_type', 0x[encoded data, 8220 characters]);
INSERT INTO `prod_d8key_value` (`collection`, `name`, `value`) VALUES
('entity.definitions.installed', 'block_content.field_storage_definitions', 0x[encoded data, 40312 characters]),
('entity.definitions.installed', 'block_content_type.entity_type', 0x[encoded data, 7162 characters]);
INSERT INTO `prod_d8key_value` (`collection`, `name`, `value`) VALUES
('entity.definitions.installed', 'comment.entity_type', 0x[encoded data, 7134 characters]);
INSERT INTO `prod_d8key_value` (`collection`, `name`, `value`) VALUES
('entity.definitions.installed', 'comment.field_storage_definitions', 0x[encoded data, 46464 characters]);
INSERT INTO `prod_d8key_value` (`collection`, `name`, `value`) VALUES
('entity.definitions.installed', 'comment_type.entity_type', 0x[encoded data, 6468 characters]),
('entity.definitions.installed', 'configurable_language.entity_type', 0x[encoded data, 6648 characters]),
('entity.definitions.installed', 'contact_form.entity_type', 0x[encoded data, 6720 characters]),
('entity.definitions.installed', 'contact_message.entity_type', 0x[encoded data, 7908 characters]);
INSERT INTO `prod_d8key_value` (`collection`, `name`, `value`) VALUES
('entity.definitions.installed', 'contact_message.field_storage_definitions', 0x[encoded data, 30890 characters]),
('entity.definitions.installed', 'date_format.entity_type', 0x[encoded data, 5504 characters]),
('entity.definitions.installed', 'editor.entity_type', 0x[encoded data, 5416 characters]),
('entity.definitions.installed', 'entity_form_display.entity_type', 0x[encoded data, 4688 characters]);
INSERT INTO `prod_d8key_value` (`collection`, `name`, `value`) VALUES
('entity.definitions.installed', 'entity_form_mode.entity_type', 0x[encoded data, 5142 characters]),
('entity.definitions.installed', 'entity_view_display.entity_type', 0x[encoded data, 4688 characters]),
('entity.definitions.installed', 'entity_view_mode.entity_type', 0x[encoded data, 5142 characters]),
('entity.definitions.installed', 'field_config.entity_type', 0x[encoded data, 5782 characters]),
('entity.definitions.installed', 'field_storage_config.entity_type', 0x[encoded data, 5960 characters]),
('entity.definitions.installed', 'file.entity_type', 0x[encoded data, 5720 characters]);
