-- version OVH
-- https://www.phpmyadmin.net/
--
-- Hôte : mariepmmysqldev.mysql.db
-- Généré le : dim. 18 déc. 2022 à 15:33
-- Version du serveur : 5.7.40-log
-- Version de PHP : 7.4.29

START TRANSACTION;



-- --------------------------------------------------------

--
-- Structure de la table `prod_d8block_content`
--

CREATE TABLE `prod_d8block_content` (
  `id` int(10) UNSIGNED NOT NULL,
  `revision_id` int(10) UNSIGNED DEFAULT NULL,
  `type` varchar(32) CHARACTER SET ascii NOT NULL COMMENT 'The ID of the target entity.',
  `uuid` varchar(128) CHARACTER SET ascii NOT NULL,
  `langcode` varchar(12) CHARACTER SET ascii NOT NULL
) ENGINE=InnoDB DEFAULT CHARSET=utf8mb4 COMMENT='The base table for block_content entities.';

--
-- Déchargement des données de la table `prod_d8block_content`
--

INSERT INTO `prod_d8block_content` (`id`, `revision_id`, `type`, `uuid`, `langcode`) VALUES
(1, 1, 'basic', '4c9054b0-5167-4d32-a705-5ea7298667a1', 'fr'),
(2, 2, 'basic', '941939f6-ce09-46b8-9c39-911c663bfd90', 'fr');

-- --------------------------------------------------------

--
-- Structure de la table `prod_d8block_content_field_data`
--

CREATE TABLE `prod_d8block_content_field_data` (
  `id` int(10) UNSIGNED NOT NULL,
  `revision_id` int(10) UNSIGNED NOT NULL,
  `type` varchar(32) CHARACTER SET ascii NOT NULL COMMENT 'The ID of the target entity.',
  `langcode` varchar(12) CHARACTER SET ascii NOT NULL,
  `status` tinyint(4) NOT NULL,
  `info` varchar(255) DEFAULT NULL,
  `changed` int(11) DEFAULT NULL,
  `reusable` tinyint(4) DEFAULT NULL,
  `default_langcode` tinyint(4) NOT NULL,
  `revision_translation_affected` tinyint(4) DEFAULT NULL
) ENGINE=InnoDB DEFAULT CHARSET=utf8mb4 COMMENT='The data table for block_content entities.';

--
-- Déchargement des données de la table `prod_d8block_content_field_data`
--

INSERT INTO `prod_d8block_content_field_data` (`id`, `revision_id`, `type`, `langcode`, `status`, `info`, `changed`, `reusable`, `default_langcode`, `revision_translation_affected`) VALUES
(1, 1, 'basic', 'fr', 1, 'BtnAdmin', 1616340775, 1, 1, 1),
(2, 2, 'basic', 'fr', 1, 'Communauté', 1618764416, 1, 1, 1);

-- --------------------------------------------------------

--
-- Structure de la table `prod_d8block_content_field_revision`
--

CREATE TABLE `prod_d8block_content_field_revision` (
  `id` int(10) UNSIGNED NOT NULL,
  `revision_id` int(10) UNSIGNED NOT NULL,
  `langcode` varchar(12) CHARACTER SET ascii NOT NULL,
  `status` tinyint(4) NOT NULL,
  `info` varchar(255) DEFAULT NULL,
  `changed` int(11) DEFAULT NULL,
  `default_langcode` tinyint(4) NOT NULL,
  `revision_translation_affected` tinyint(4) DEFAULT NULL
) ENGINE=InnoDB DEFAULT CHARSET=utf8mb4 COMMENT='The revision data table for block_content entities.';

--
-- Déchargement des données de la table `prod_d8block_content_field_revision`
--

INSERT INTO `prod_d8block_content_field_revision` (`id`, `revision_id`, `langcode`, `status`, `info`, `changed`, `default_langcode`, `revision_translation_affected`) VALUES
(1, 1, 'fr', 1, 'BtnAdmin', 1616340775, 1, 1),
(2, 2, 'fr', 1, 'Communauté', 1618764416, 1, 1);

-- --------------------------------------------------------

--
-- Structure de la table `prod_d8block_content_revision`
--

CREATE TABLE `prod_d8block_content_revision` (
  `id` int(10) UNSIGNED NOT NULL,
  `revision_id` int(10) UNSIGNED NOT NULL,
  `langcode` varchar(12) CHARACTER SET ascii NOT NULL,
  `revision_user` int(10) UNSIGNED DEFAULT NULL COMMENT 'The ID of the target entity.',
  `revision_created` int(11) DEFAULT NULL,
  `revision_log` longtext,
  `revision_default` tinyint(4) DEFAULT NULL
) ENGINE=InnoDB DEFAULT CHARSET=utf8mb4 COMMENT='The revision table for block_content entities.';

--
-- Déchargement des données de la table `prod_d8block_content_revision`
--

INSERT INTO `prod_d8block_content_revision` (`id`, `revision_id`, `langcode`, `revision_user`, `revision_created`, `revision_log`, `revision_default`) VALUES
(1, 1, 'fr', NULL, 1616340638, NULL, 1),
(2, 2, 'fr', NULL, 1618764416, NULL, 1);

-- --------------------------------------------------------

--
-- Structure de la table `prod_d8block_content_revision__body`
--

CREATE TABLE `prod_d8block_content_revision__body` (
  `bundle` varchar(128) CHARACTER SET ascii NOT NULL DEFAULT '' COMMENT 'The field instance bundle to which this row belongs, used when deleting a field instance',
  `deleted` tinyint(4) NOT NULL DEFAULT '0' COMMENT 'A boolean indicating whether this data item has been deleted',
  `entity_id` int(10) UNSIGNED NOT NULL COMMENT 'The entity id this data is attached to',
  `revision_id` int(10) UNSIGNED NOT NULL COMMENT 'The entity revision id this data is attached to',
  `langcode` varchar(32) CHARACTER SET ascii NOT NULL DEFAULT '' COMMENT 'The language code for this data item.',
  `delta` int(10) UNSIGNED NOT NULL COMMENT 'The sequence number for this data item, used for multi-value fields',
  `body_value` longtext NOT NULL,
  `body_summary` longtext,
  `body_format` varchar(255) CHARACTER SET ascii DEFAULT NULL
) ENGINE=InnoDB DEFAULT CHARSET=utf8mb4 COMMENT='Revision archive storage for block_content field body.';

--
-- Déchargement des données de la table `prod_d8block_content_revision__body`
--

INSERT INTO `prod_d8block_content_revision__body` (`bundle`, `deleted`, `entity_id`, `revision_id`, `langcode`, `delta`, `body_value`, `body_summary`, `body_format`) VALUES
('basic', 0, 1, 1, 'fr', 0, 'on s\'enf ou ! ', '', 'basic_html'),
('basic', 0, 2, 2, 'fr', 0, '<a href=\"/communaute\">Devenir membre</a>', '', 'basic_html');

-- --------------------------------------------------------

--
-- Structure de la table `prod_d8block_content__body`
--

CREATE TABLE `prod_d8block_content__body` (
  `bundle` varchar(128) CHARACTER SET ascii NOT NULL DEFAULT '' COMMENT 'The field instance bundle to which this row belongs, used when deleting a field instance',
  `deleted` tinyint(4) NOT NULL DEFAULT '0' COMMENT 'A boolean indicating whether this data item has been deleted',
  `entity_id` int(10) UNSIGNED NOT NULL COMMENT 'The entity id this data is attached to',
  `revision_id` int(10) UNSIGNED NOT NULL COMMENT 'The entity revision id this data is attached to',
  `langcode` varchar(32) CHARACTER SET ascii NOT NULL DEFAULT '' COMMENT 'The language code for this data item.',
  `delta` int(10) UNSIGNED NOT NULL COMMENT 'The sequence number for this data item, used for multi-value fields',
  `body_value` longtext NOT NULL,
  `body_summary` longtext,
  `body_format` varchar(255) CHARACTER SET ascii DEFAULT NULL
) ENGINE=InnoDB DEFAULT CHARSET=utf8mb4 COMMENT='Data storage for block_content field body.';

--
-- Déchargement des données de la table `prod_d8block_content__body`
--

INSERT INTO `prod_d8block_content__body` (`bundle`, `deleted`, `entity_id`, `revision_id`, `langcode`, `delta`, `body_value`, `body_summary`, `body_format`) VALUES
('basic', 0, 1, 1, 'fr', 0, 'on s\'enf ou ! ', '', 'basic_html'),
('basic', 0, 2, 2, 'fr', 0, '<a href=\"/communaute\">Devenir membre</a>', '', 'basic_html');

-- --------------------------------------------------------

--
-- Structure de la table `prod_d8cachetags`
--

CREATE TABLE `prod_d8cachetags` (
  `tag` varchar(255) CHARACTER SET ascii NOT NULL DEFAULT '' COMMENT 'Namespace-prefixed tag string.',
  `invalidations` int(11) NOT NULL DEFAULT '0' COMMENT 'Number incremented when the tag is invalidated.'
) ENGINE=InnoDB DEFAULT CHARSET=utf8mb4 COMMENT='Cache table for tracking cache tag invalidations.';

--
-- Déchargement des données de la table `prod_d8cachetags`
--

INSERT INTO `prod_d8cachetags` (`tag`, `invalidations`) VALUES
('4xx-response', 4966),
('block_content:1', 2),
('block_content_list', 4),
('block_content_list:basic', 4),
('block_content_view', 1),
('breakpoints', 1457),
('comment:1', 1),
('comment:10', 1),
('comment:11', 1),
('comment:12', 1),
('comment:13', 1),
('comment:14', 1),
('comment:15', 1),
('comment:16', 1),
('comment:17', 1),
('comment:18', 1),
('comment:19', 1),
('comment:2', 1),
('comment:20', 1),
('comment:21', 1),
('comment:22', 1),
('comment:23', 1),
('comment:24', 1),
('comment:25', 1),
('comment:26', 1),
('comment:27', 1),
('comment:28', 1),
('comment:29', 1),
('comment:3', 1),
('comment:30', 1),
('comment:31', 1),
('comment:32', 1),
('comment:33', 1),
('comment:34', 1),
('comment:35', 1),
('comment:36', 1),
('comment:37', 1),
('comment:38', 1),
('comment:39', 1),
('comment:4', 1),
('comment:40', 1),
('comment:41', 1),
('comment:42', 1),
('comment:43', 1),
('comment:44', 1),
('comment:45', 1),
('comment:46', 1),
('comment:47', 1),
('comment:48', 1),
('comment:49', 1),
('comment:5', 1),
('comment:51', 1),
('comment:53', 1),
('comment:59', 1),
('comment:6', 1),
('comment:60', 1),
('comment:61', 1),
('comment:7', 1),
('comment:8', 1),
('comment:9', 1),
('comment_list', 78),
('comment_list:comment', 6),
('comment_list:comment_community_post', 73),
('comment_view', 4),
('config:action_list', 9),
('config:automated_cron.settings', 1),
('config:bartik.settings', 1),
('config:basic.settings', 1),
('config:better_social_sharing_buttons.settings', 3),
('config:billetweb.settings', 459),
('config:block.block.bartik_account_menu', 39),
('config:block.block.bartik_branding', 39),
('config:block.block.bartik_breadcrumbs', 22),
('config:block.block.bartik_content', 39),
('config:block.block.bartik_footer', 39),
('config:block.block.bartik_help', 39),
('config:block.block.bartik_local_actions', 39),
('config:block.block.bartik_local_tasks', 39),
('config:block.block.bartik_main_menu', 40),
('config:block.block.bartik_messages', 39),
('config:block.block.bartik_page_title', 39),
('config:block.block.bartik_powered', 23),
('config:block.block.bartik_search', 21),
('config:block.block.bartik_tools', 39),
('config:block.block.basic_account_menu', 18),
('config:block.block.basic_branding', 18),
('config:block.block.basic_breadcrumbs', 18),
('config:block.block.basic_content', 18),
('config:block.block.basic_footer', 18),
('config:block.block.basic_help', 18),
('config:block.block.basic_local_actions', 18),
('config:block.block.basic_local_tasks', 18),
('config:block.block.basic_main_menu', 18),
('config:block.block.basic_messages', 18),
('config:block.block.basic_page_title', 18),
('config:block.block.basic_search', 18),
('config:block.block.basic_tools', 18),
('config:block.block.bettersocialsharingbuttons', 11),
('config:block.block.bootstrap_account_menu', 19),
('config:block.block.bootstrap_branding', 19),
('config:block.block.bootstrap_breadcrumbs', 19),
('config:block.block.bootstrap_content', 19),
('config:block.block.bootstrap_footer', 19),
('config:block.block.bootstrap_help', 19),
('config:block.block.bootstrap_local_actions', 19),
('config:block.block.bootstrap_local_tasks', 19),
('config:block.block.bootstrap_main_menu', 21),
('config:block.block.bootstrap_messages', 19),
('config:block.block.bootstrap_page_title', 19),
('config:block.block.bootstrap_powered', 19),
('config:block.block.bootstrap_search', 19),
('config:block.block.bootstrap_tools', 19),
('config:block.block.btnadmin', 2),
('config:block.block.bw_events', 2),
('config:block.block.categorieslist', 8),
('config:block.block.claro_breadcrumbs', 18),
('config:block.block.claro_content', 18),
('config:block.block.claro_help', 18),
('config:block.block.claro_local_actions', 18),
('config:block.block.claro_messages', 18),
('config:block.block.claro_page_title', 18),
('config:block.block.claro_primary_local_tasks', 18),
('config:block.block.claro_secondary_local_tasks', 18),
('config:block.block.communaute', 3),
('config:block.block.communityposts', 30),
('config:block.block.conferencehome', 5),
('config:block.block.connexionutilisateur', 4),
('config:block.block.eventdetails', 10),
('config:block.block.footertext', 10),
('config:block.block.formulairenewsletter', 5),
('config:block.block.lastposts', 10),
('config:block.block.leftmenu', 26),
('config:block.block.masquerade', 7),
('config:block.block.navigationprincipale', 2),
('config:block.block.nextevents', 27),
('config:block.block.nexteventsconferences', 11),
('config:block.block.nexteventsformations', 11),
('config:block.block.obsessions_account_menu', 24),
('config:block.block.obsessions_branding', 24),
('config:block.block.obsessions_breadcrumbs', 10),
('config:block.block.obsessions_content', 24),
('config:block.block.obsessions_footer', 12),
('config:block.block.obsessions_help', 24),
('config:block.block.obsessions_local_actions', 24),
('config:block.block.obsessions_local_tasks', 24),
('config:block.block.obsessions_main_menu', 24),
('config:block.block.obsessions_messages', 24),
('config:block.block.obsessions_page_title', 24),
('config:block.block.obsessions_powered', 2),
('config:block.block.obsessions_search', 2),
('config:block.block.obsessions_tools', 2),
('config:block.block.paiementabonnement', 5),
('config:block.block.premierbloc', 51),
('config:block.block.seven_breadcrumbs', 37),
('config:block.block.seven_content', 37),
('config:block.block.seven_help', 37),
('config:block.block.seven_local_actions', 37),
('config:block.block.seven_messages', 37),
('config:block.block.seven_page_title', 37),
('config:block.block.seven_primary_local_tasks', 37),
('config:block.block.seven_secondary_local_tasks', 37),
('config:block.block.stark_account_menu', 1),
('config:block.block.stark_branding', 1),
('config:block.block.stark_communaute', 1),
('config:block.block.stark_connexionutilisateur', 1),
('config:block.block.stark_content', 1),
('config:block.block.stark_footer', 1),
('config:block.block.stark_help', 1),
('config:block.block.stark_local_actions', 1),
('config:block.block.stark_local_tasks', 1),
('config:block.block.stark_main_menu', 1),
('config:block.block.stark_messages', 1),
('config:block.block.stark_page_title', 1),
('config:block.block.stark_premierbloc', 2),
('config:block.block.stark_tools', 1),
('config:block.block.subtheme_account_menu', 6),
('config:block.block.subtheme_branding', 6),
('config:block.block.subtheme_breadcrumbs', 4),
('config:block.block.subtheme_communaute', 2),
('config:block.block.subtheme_connexionutilisateur', 2),
('config:block.block.subtheme_content', 6),
('config:block.block.subtheme_footer', 6),
('config:block.block.subtheme_help', 6),
('config:block.block.subtheme_local_actions', 6),
('config:block.block.subtheme_local_tasks', 6),
('config:block.block.subtheme_main_menu', 6),
('config:block.block.subtheme_messages', 6),
('config:block.block.subtheme_navigationprincipale', 2),
('config:block.block.subtheme_page_title', 6),
('config:block.block.subtheme_powered', 2),
('config:block.block.subtheme_premierbloc', 2),
('config:block.block.subtheme_search', 2),
('config:block.block.subtheme_tools', 6),
('config:block.block.syncmembers', 2),
('config:block.block.syncmembers_2', 4),
('config:block.block.useroptionsmenu', 14),
('config:block.block.views_block__actualites_block_1', 15),
('config:block.block.views_block__articles_du_blog_block_1', 15),
('config:block.block.views_block__liste_des_inscrits_copier_collable_block_1', 2),
('config:block.block.views_block__livres_block_1', 16),
('config:block_content.type.basic', 37),
('config:block_content_type_list', 1),
('config:block_list', 153),
('config:bootstrap.settings', 5),
('config:color.theme.bartik', 2),
('config:coming_soon.settings', 19),
('config:comment.settings', 1),
('config:comment.type.comment', 37),
('config:comment_type_list', 3),
('config:configurable_language_list', 2),
('config:contact.form.feedback', 38),
('config:contact.form.formulaire_de_contact', 1),
('config:contact.form.personal', 36),
('config:contact.settings', 7),
('config:contact_form_list', 5),
('config:contact_storage.settings', 1),
('config:core.base_field_override.node.page.promote', 37),
('config:core.date_format.fallback', 36),
('config:core.date_format.html_date', 36),
('config:core.date_format.html_datetime', 36),
('config:core.date_format.html_month', 36),
('config:core.date_format.html_time', 36),
('config:core.date_format.html_week', 36),
('config:core.date_format.html_year', 36),
('config:core.date_format.html_yearless_date', 36),
('config:core.date_format.long', 36),
('config:core.date_format.medium', 36),
('config:core.date_format.short', 36),
('config:core.entity_form_display.block_content.basic.default', 1),
('config:core.entity_form_display.comment.comment.default', 1),
('config:core.entity_form_display.media.audio.default', 1),
('config:core.entity_form_display.media.document.default', 1),
('config:core.entity_form_display.media.image.default', 1),
('config:core.entity_form_display.media.remote_video.default', 1),
('config:core.entity_form_display.media.video.default', 1),
('config:core.entity_form_display.node.actualite.default', 16),
('config:core.entity_form_display.node.article.default', 4),
('config:core.entity_form_display.node.event.default', 51),
('config:core.entity_form_display.node.livre.default', 8),
('config:core.entity_form_display.node.newsletter_subscription.default', 3),
('config:core.entity_form_display.node.page.default', 6),
('config:core.entity_form_display.node.publication.default', 6),
('config:core.entity_form_display.paragraph.bloc_de_texte_avec_titre.default', 2),
('config:core.entity_form_display.paragraph.liens_rs.default', 2),
('config:core.entity_form_display.paragraph.photo_en_fond_avec_petit_bloc_de.default', 5),
('config:core.entity_form_display.user.user.default', 12),
('config:core.entity_form_display.user.user.register', 1),
('config:core.entity_form_mode.user.register', 36),
('config:core.entity_view_display.block_content.basic.default', 1),
('config:core.entity_view_display.comment.comment.default', 1),
('config:core.entity_view_display.media.audio.default', 1),
('config:core.entity_view_display.media.document.default', 1),
('config:core.entity_view_display.media.image.default', 1),
('config:core.entity_view_display.media.remote_video.default', 1),
('config:core.entity_view_display.media.video.default', 1),
('config:core.entity_view_display.node.actualite.default', 18),
('config:core.entity_view_display.node.actualite.teaser', 15),
('config:core.entity_view_display.node.article.default', 10),
('config:core.entity_view_display.node.article.rss', 4),
('config:core.entity_view_display.node.article.teaser', 4),
('config:core.entity_view_display.node.event.default', 22),
('config:core.entity_view_display.node.livre.default', 7),
('config:core.entity_view_display.node.livre.teaser', 7),
('config:core.entity_view_display.node.newsletter_subscription.default', 4),
('config:core.entity_view_display.node.newsletter_subscription.teaser', 2),
('config:core.entity_view_display.node.page.default', 10),
('config:core.entity_view_display.node.page.teaser', 6),
('config:core.entity_view_display.node.publication.default', 6),
('config:core.entity_view_display.node.publication.teaser', 6),
('config:core.entity_view_display.paragraph.bloc_avec_video.default', 1),
('config:core.entity_view_display.paragraph.bloc_de_texte_avec_titre.default', 11),
('config:core.entity_view_display.paragraph.liens_rs.default', 3),
('config:core.entity_view_display.paragraph.photo_en_fond_avec_petit_bloc_de.default', 9),
('config:core.entity_view_display.user.user.compact', 5),
('config:core.entity_view_display.user.user.default', 10),
('config:core.entity_view_mode.block_content.full', 36),
('config:core.entity_view_mode.comment.full', 36),
('config:core.entity_view_mode.media.full', 7),
('config:core.entity_view_mode.node.full', 36),
('config:core.entity_view_mode.node.rss', 36),
('config:core.entity_view_mode.node.search_index', 36),
('config:core.entity_view_mode.node.search_result', 36),
('config:core.entity_view_mode.node.teaser', 36),
('config:core.entity_view_mode.paragraph.preview', 16),
('config:core.entity_view_mode.taxonomy_term.full', 36),
('config:core.entity_view_mode.user.compact', 36),
('config:core.entity_view_mode.user.full', 36),
('config:core.extension', 157),
('config:core.menu.static_menu_link_overrides', 3),
('config:dblog.settings', 1),
('config:editor.editor.basic_html', 1),
('config:editor.editor.full_html', 1),
('config:editor_list', 1),
('config:entity_form_display_list', 96),
('config:entity_form_mode_list', 1),
('config:entity_view_display_list', 124),
('config:entity_view_mode_list', 8),
('config:field.field.block_content.basic.body', 37),
('config:field.field.comment.comment.comment_body', 37),
('config:field.field.media.audio.field_media_audio_file', 7),
('config:field.field.media.document.field_media_document', 7),
('config:field.field.media.image.field_media_image', 7),
('config:field.field.media.remote_video.field_media_oembed_video', 7),
('config:field.field.media.video.field_media_video_file', 7),
('config:field.field.node.actualite.body', 1),
('config:field.field.node.actualite.field_chapeau', 2),
('config:field.field.node.actualite.field_chapo', 1),
('config:field.field.node.actualite.field_date_de_la_publication', 1),
('config:field.field.node.actualite.field_date_de_la_publicatoin', 1),
('config:field.field.node.actualite.field_date_de_la_publicato_in', 1),
('config:field.field.node.actualite.field_date_de_publication', 1),
('config:field.field.node.actualite.field_image', 1),
('config:field.field.node.actualite.field_lien', 1),
('config:field.field.node.actualite.field_media', 1),
('config:field.field.node.article.body', 37),
('config:field.field.node.article.comment', 23),
('config:field.field.node.article.field_image', 38),
('config:field.field.node.article.field_metatags', 1),
('config:field.field.node.article.field_tags', 37),
('config:field.field.node.event.body', 1),
('config:field.field.node.event.field_bwend', 5),
('config:field.field.node.event.field_bwextid', 7),
('config:field.field.node.event.field_bwid', 23),
('config:field.field.node.event.field_bwonline', 7),
('config:field.field.node.event.field_bwstart', 5),
('config:field.field.node.event.field_description', 1),
('config:field.field.node.event.field_id_tarif_membre', 1),
('config:field.field.node.event.field_image', 1),
('config:field.field.node.event.field_metatags', 1),
('config:field.field.node.event.field_prix_tarif_membre', 1),
('config:field.field.node.event.field_type', 1),
('config:field.field.node.livre.field_annee', 1),
('config:field.field.node.livre.field_editeur', 1),
('config:field.field.node.livre.field_image', 1),
('config:field.field.node.livre.field_lien_editeur_pour_achat', 1),
('config:field.field.node.livre.field_role', 1),
('config:field.field.node.livre.field_sous', 1),
('config:field.field.node.newsletter_subscription.body', 1),
('config:field.field.node.newsletter_subscription.field_email', 1),
('config:field.field.node.page.body', 37),
('config:field.field.node.page.field_contenu_en_paragraphes', 5),
('config:field.field.node.page.field_formulaire_de_contact', 1),
('config:field.field.node.page.field_metatags', 1),
('config:field.field.node.publication.body', 1),
('config:field.field.node.publication.field_categorie', 1),
('config:field.field.node.publication.field_comments', 1),
('config:field.field.node.publication.field_fichiers', 1),
('config:field.field.node.publication.field_hashtags', 1),
('config:field.field.node.publication.field_publication_epinglee', 1),
('config:field.field.paragraph.bloc_avec_video.field_url_de_la_video', 1),
('config:field.field.paragraph.bloc_de_texte_avec_titre.field_bouton_lien', 1),
('config:field.field.paragraph.bloc_de_texte_avec_titre.field_texte', 1),
('config:field.field.paragraph.bloc_de_texte_avec_titre.field_titre', 1),
('config:field.field.paragraph.liens_rs.field_texte_rs', 4),
('config:field.field.paragraph.photo_en_fond_avec_petit_bloc_de.field_bouton_lien', 1),
('config:field.field.paragraph.photo_en_fond_avec_petit_bloc_de.field_image_de_fond', 1),
('config:field.field.paragraph.photo_en_fond_avec_petit_bloc_de.field_petit_texte', 1),
('config:field.field.paragraph.photo_en_fond_avec_petit_bloc_de.field_titre_en_plusieurs_lignes', 2),
('config:field.field.paragraph.photo_en_fond_avec_petit_bloc_de.field_titre_plusieurs_lignes', 1),
('config:field.field.user.user.field_date_expiration', 1),
('config:field.field.user.user.field_nom', 1),
('config:field.field.user.user.field_prenom', 4),
('config:field.field.user.user.user_picture', 38),
('config:field.settings', 1),
('config:field.storage.block_content.body', 1),
('config:field.storage.comment.comment_body', 1),
('config:field.storage.media.field_media_audio_file', 1),
('config:field.storage.media.field_media_document', 1),
('config:field.storage.media.field_media_image', 1),
('config:field.storage.media.field_media_oembed_video', 1),
('config:field.storage.media.field_media_video_file', 1),
('config:field.storage.node.body', 2),
('config:field.storage.node.comment', 2),
('config:field.storage.node.field_annee', 1),
('config:field.storage.node.field_bwend', 6),
('config:field.storage.node.field_bwexid', 2),
('config:field.storage.node.field_bwextid', 16),
('config:field.storage.node.field_bwid', 29),
('config:field.storage.node.field_bwonline', 18),
('config:field.storage.node.field_bwstart', 8),
('config:field.storage.node.field_categorie', 1),
('config:field.storage.node.field_chapeau', 2),
('config:field.storage.node.field_chapo', 1),
('config:field.storage.node.field_comments', 1),
('config:field.storage.node.field_contenu_en_paragraphes', 1),
('config:field.storage.node.field_date_de_la_publication', 1),
('config:field.storage.node.field_date_de_la_publicatoin', 1),
('config:field.storage.node.field_date_de_la_publicato_in', 1),
('config:field.storage.node.field_date_de_publication', 2),
('config:field.storage.node.field_description', 1),
('config:field.storage.node.field_editeur', 1),
('config:field.storage.node.field_email', 1),
('config:field.storage.node.field_fichiers', 1),
('config:field.storage.node.field_formulaire_de_contact', 1),
('config:field.storage.node.field_hashtags', 1),
('config:field.storage.node.field_id_tarif_membre', 1),
('config:field.storage.node.field_image', 1),
('config:field.storage.node.field_lien', 1),
('config:field.storage.node.field_lien_editeur_pour_achat', 2),
('config:field.storage.node.field_media', 1),
('config:field.storage.node.field_metatags', 1),
('config:field.storage.node.field_prix_tarif_membre', 1),
('config:field.storage.node.field_publication_epinglee', 1),
('config:field.storage.node.field_sous', 1),
('config:field.storage.node.field_tags', 1),
('config:field.storage.node.field_type', 1),
('config:field.storage.paragraph.field_bouton_lien', 1),
('config:field.storage.paragraph.field_image_de_fond', 1),
('config:field.storage.paragraph.field_petit_texte', 1),
('config:field.storage.paragraph.field_texte', 1),
('config:field.storage.paragraph.field_texte_rs', 2),
('config:field.storage.paragraph.field_titre', 1),
('config:field.storage.paragraph.field_titre_en_plusieurs_lignes', 2),
('config:field.storage.paragraph.field_titre_plusieurs_lignes', 1),
('config:field.storage.paragraph.field_url_de_la_video', 1),
('config:field.storage.user.field_date_expiration', 1),
('config:field.storage.user.field_nom', 1),
('config:field.storage.user.field_prenom', 1),
('config:field.storage.user.user_picture', 1),
('config:field_ui.settings', 1),
('config:file.settings', 1),
('config:filter.format.basic_html', 37),
('config:filter.format.full_html', 37),
('config:filter.format.plain_text', 36),
('config:filter.format.restricted_html', 37),
('config:filter.settings', 1),
('config:filter_format_list', 2),
('config:google_analytics.settings', 5),
('config:honeypot.settings', 2),
('config:image.settings', 1),
('config:image.style.carre_220x220', 3),
('config:image.style.carre_500', 2),
('config:image.style.large', 36),
('config:image.style.medium', 36),
('config:image.style.photo_article', 3),
('config:image.style.photo_fond', 3),
('config:image.style.thumbnail', 36),
('config:image_style_list', 16),
('config:language.content_settings.node.actualite', 2),
('config:language.content_settings.node.article', 2),
('config:language.content_settings.node.event', 2),
('config:language.content_settings.node.livre', 1),
('config:language.content_settings.node.newsletter_subscription', 1),
('config:language.content_settings.path_alias.path_alias', 1),
('config:language.entity.en', 2),
('config:language.entity.und', 36),
('config:language.entity.zxx', 36),
('config:language.mappings', 1),
('config:language.negotiation', 3),
('config:language.types', 89),
('config:locale.settings', 2),
('config:media.settings', 1),
('config:media.type.audio', 7),
('config:media.type.document', 7),
('config:media.type.image', 7),
('config:media.type.remote_video', 7),
('config:media.type.video', 7),
('config:media_type_list', 1),
('config:mentions.mentions_type.UserMention', 1),
('config:mentions_type_list', 1),
('config:menu_list', 5),
('config:menu_ui.settings', 1),
('config:metatag.metatag_defaults.403', 12),
('config:metatag.metatag_defaults.404', 12),
('config:metatag.metatag_defaults.front', 13),
('config:metatag.metatag_defaults.global', 12),
('config:metatag.metatag_defaults.node', 12),
('config:metatag.metatag_defaults.node__article', 2),
('config:metatag.metatag_defaults.node__event', 5),
('config:metatag.metatag_defaults.taxonomy_term', 12),
('config:metatag.metatag_defaults.user', 12),
('config:metatag.settings', 1),
('config:metatag_defaults_list', 13),
('config:node.settings', 1),
('config:node.type.actualite', 2),
('config:node.type.article', 39),
('config:node.type.event', 30),
('config:node.type.livre', 1),
('config:node.type.newsletter_subscription', 1),
('config:node.type.page', 37),
('config:nodeaccess.settings', 4),
('config:node_type_list', 71),
('config:obsessions.settings', 3),
('config:paragraphs.settings', 1),
('config:paragraphs_type_list', 4),
('config:pathauto.pattern.evenement_extid_de_billetweb', 1),
('config:pathauto.pattern.path_from_title', 1),
('config:pathauto.settings', 2),
('config:pathauto_pattern_list', 5),
('config:rdf.mapping.comment.comment', 1),
('config:rdf.mapping.node.article', 1),
('config:rdf.mapping.node.page', 1),
('config:rdf.mapping.taxonomy_term.tags', 1),
('config:rdf.mapping.user.user', 1),
('config:rdf_mapping_list', 1),
('config:schema.settings', 4),
('config:search.page.node_search', 37),
('config:search.page.user_search', 37),
('config:search.settings', 1),
('config:search_page_list', 1),
('config:shortcut.set.default', 37),
('config:shortcut_set_list', 2),
('config:simple_sitemap.custom_links.default', 1),
('config:simple_sitemap.settings', 3),
('config:simple_sitemap.variants.default_hreflang', 1),
('config:subtheme.settings', 5),
('config:system.action.comment_delete_action', 36),
('config:system.action.comment_publish_action', 36),
('config:system.action.comment_save_action', 36),
('config:system.action.comment_unpublish_action', 36),
('config:system.action.contact_message_delete_action', 15),
('config:system.action.media_delete_action', 7),
('config:system.action.media_publish_action', 7),
('config:system.action.media_save_action', 7),
('config:system.action.media_unpublish_action', 7),
('config:system.action.node_delete_action', 36),
('config:system.action.node_make_sticky_action', 36),
('config:system.action.node_make_unsticky_action', 36),
('config:system.action.node_promote_action', 36),
('config:system.action.node_publish_action', 36),
('config:system.action.node_save_action', 36),
('config:system.action.node_unpromote_action', 36),
('config:system.action.node_unpublish_action', 36),
('config:system.action.pathauto_update_alias_node', 9),
('config:system.action.pathauto_update_alias_user', 9),
('config:system.action.taxonomy_term_publish_action', 36),
('config:system.action.taxonomy_term_unpublish_action', 36),
('config:system.action.user_block_user_action', 36),
('config:system.action.user_cancel_user_action', 36),
('config:system.action.user_unblock_user_action', 36),
('config:system.authorize', 1),
('config:system.cron', 1),
('config:system.date', 2),
('config:system.diff', 1),
('config:system.file', 2),
('config:system.image', 2),
('config:system.image.gd', 2),
('config:system.logging', 1),
('config:system.mail', 1),
('config:system.maintenance', 37),
('config:system.menu.account', 1554),
('config:system.menu.admin', 1555),
('config:system.menu.footer', 1544),
('config:system.menu.main', 1594),
('config:system.menu.tools', 1547),
('config:system.performance', 9),
('config:system.rss', 1),
('config:system.site', 18),
('config:system.theme', 16),
('config:system.theme.global', 1),
('config:taxonomy.settings', 1),
('config:taxonomy.vocabulary.tags', 36),
('config:taxonomy_vocabulary_list', 2),
('config:text.settings', 1),
('config:tour.tour.honeypot', 13),
('config:tour.tour.language', 37),
('config:tour.tour.language-add', 37),
('config:tour.tour.language-edit', 37),
('config:tour.tour.locale', 37),
('config:tour.tour.views-ui', 37),
('config:tour_list', 2),
('config:update.settings', 1),
('config:user.flood', 1),
('config:user.mail', 41),
('config:user.role.administrator', 43),
('config:user.role.anonymous', 41),
('config:user.role.authenticated', 43),
('config:user.role.membre', 1),
('config:user.settings', 41),
('config:user_role_list', 14),
('config:views.settings', 1),
('config:views.view.actualites', 23),
('config:views.view.archive', 38),
('config:views.view.articles_du_blog', 9),
('config:views.view.block_content', 37),
('config:views.view.comment', 37),
('config:views.view.comments_recent', 37),
('config:views.view.contact_messages', 16),
('config:views.view.content', 38),
('config:views.view.content_recent', 38),
('config:views.view.files', 38),
('config:views.view.frontpage', 38),
('config:views.view.glossary', 38),
('config:views.view.liste_des_inscrits_a_la_newsletter', 16),
('config:views.view.liste_des_inscrits_copier_collable', 12),
('config:views.view.livres', 8),
('config:views.view.media', 8),
('config:views.view.taxonomy_term', 38),
('config:views.view.test', 1),
('config:views.view.user_admin_people', 38),
('config:views.view.watchdog', 37),
('config:views.view.who_s_new', 38),
('config:views.view.who_s_online', 38),
('config:view_list', 54),
('contact_message_list', 173),
('contact_message_list:formulaire_de_contact', 173),
('contact_message_view', 3),
('contextual_links_plugins', 1466),
('element_info_build', 1466),
('entity_bundles', 93),
('entity_field_info', 637),
('entity_types', 1559),
('file:1', 3),
('file:10', 373),
('file:100', 1),
('file:101', 1),
('file:102', 1),
('file:103', 1),
('file:104', 1),
('file:105', 1),
('file:106', 1),
('file:107', 1),
('file:108', 1),
('file:109', 1),
('file:11', 371),
('file:110', 1),
('file:111', 1),
('file:112', 1),
('file:113', 1),
('file:114', 1),
('file:115', 1),
('file:116', 1),
('file:117', 1),
('file:118', 1),
('file:119', 1),
('file:12', 371),
('file:120', 1),
('file:121', 1),
('file:122', 1),
('file:123', 1),
('file:124', 1),
('file:125', 1),
('file:126', 1),
('file:127', 1),
('file:128', 1),
('file:129', 1),
('file:13', 371),
('file:130', 1),
('file:131', 1),
('file:132', 1),
('file:133', 1),
('file:134', 1),
('file:135', 1),
('file:136', 1),
('file:137', 1),
('file:138', 1),
('file:139', 1),
('file:14', 2),
('file:140', 1),
('file:141', 1),
('file:142', 1),
('file:143', 1),
('file:144', 1),
('file:145', 1),
('file:146', 1),
('file:147', 1),
('file:148', 1),
('file:149', 1),
('file:15', 2),
('file:150', 1),
('file:151', 1),
('file:152', 1),
('file:153', 1),
('file:154', 1),
('file:155', 1),
('file:156', 1),
('file:157', 1),
('file:158', 1),
('file:159', 1),
('file:16', 1),
('file:160', 1),
('file:161', 1),
('file:162', 1),
('file:163', 1),
('file:164', 1),
('file:165', 1),
('file:166', 1),
('file:167', 1),
('file:168', 1),
('file:169', 1),
('file:17', 1),
('file:170', 1),
('file:171', 1),
('file:172', 1),
('file:173', 1),
('file:174', 1),
('file:175', 1),
('file:176', 1),
('file:177', 1),
('file:178', 1),
('file:179', 1),
('file:18', 1),
('file:180', 1),
('file:181', 1),
('file:182', 1),
('file:183', 1),
('file:184', 1),
('file:185', 1),
('file:186', 1),
('file:187', 1),
('file:188', 1),
('file:189', 1),
('file:19', 1),
('file:190', 1),
('file:191', 1),
('file:192', 1),
('file:193', 1),
('file:194', 1),
('file:195', 1),
('file:196', 1),
('file:197', 1),
('file:198', 1),
('file:199', 1),
('file:2', 1),
('file:20', 1),
('file:200', 1),
('file:201', 1),
('file:202', 1),
('file:203', 1),
('file:204', 1),
('file:205', 1),
('file:206', 1),
('file:207', 1),
('file:208', 1),
('file:209', 1),
('file:21', 1),
('file:210', 1),
('file:211', 1),
('file:212', 1),
('file:213', 1),
('file:214', 1),
('file:215', 1),
('file:216', 1),
('file:217', 365),
('file:218', 1),
('file:219', 1),
('file:22', 1),
('file:220', 1),
('file:221', 1),
('file:222', 1),
('file:223', 1),
('file:224', 1),
('file:225', 1),
('file:226', 1),
('file:227', 1),
('file:228', 1),
('file:229', 1),
('file:23', 1),
('file:230', 1),
('file:231', 1),
('file:232', 1),
('file:233', 1),
('file:234', 1),
('file:235', 1),
('file:236', 1),
('file:237', 359),
('file:238', 359),
('file:239', 359),
('file:24', 1),
('file:240', 1),
('file:241', 1),
('file:242', 1),
('file:243', 1),
('file:244', 1),
('file:245', 1),
('file:246', 1),
('file:247', 1),
('file:248', 1),
('file:249', 1),
('file:25', 1),
('file:250', 1),
('file:251', 1),
('file:252', 1),
('file:253', 1),
('file:254', 1),
('file:255', 1),
('file:256', 1),
('file:257', 1),
('file:258', 1),
('file:259', 1),
('file:26', 1),
('file:261', 1),
('file:262', 1),
('file:263', 1),
('file:264', 1),
('file:265', 1),
('file:266', 1),
('file:268', 1),
('file:269', 1),
('file:27', 1),
('file:270', 1),
('file:273', 1),
('file:274', 1),
('file:275', 1),
('file:276', 1),
('file:277', 1),
('file:279', 1),
('file:28', 1),
('file:280', 357),
('file:282', 1),
('file:283', 1),
('file:284', 1),
('file:285', 1),
('file:286', 1),
('file:287', 1),
('file:289', 1),
('file:29', 1),
('file:290', 1),
('file:291', 1),
('file:292', 1),
('file:293', 1),
('file:294', 1),
('file:295', 1),
('file:296', 1),
('file:297', 333),
('file:298', 333),
('file:299', 1),
('file:3', 1),
('file:30', 1),
('file:300', 1),
('file:301', 1),
('file:302', 1),
('file:303', 1),
('file:304', 1),
('file:305', 1),
('file:306', 1),
('file:307', 1),
('file:308', 1),
('file:309', 1),
('file:31', 1),
('file:310', 1),
('file:311', 1),
('file:312', 308),
('file:313', 308),
('file:314', 1),
('file:315', 1),
('file:316', 1),
('file:317', 1),
('file:318', 1),
('file:319', 1),
('file:32', 1),
('file:320', 1),
('file:321', 1),
('file:322', 1),
('file:323', 1),
('file:324', 1),
('file:325', 1),
('file:326', 293),
('file:327', 293),
('file:328', 1),
('file:329', 286),
('file:33', 1),
('file:330', 1),
('file:331', 1),
('file:332', 276),
('file:333', 276),
('file:334', 276),
('file:335', 276),
('file:336', 276),
('file:337', 1),
('file:338', 1),
('file:339', 1),
('file:34', 1),
('file:340', 1),
('file:341', 1),
('file:342', 1),
('file:343', 1),
('file:344', 1),
('file:345', 1),
('file:346', 1),
('file:347', 1),
('file:348', 1),
('file:349', 1),
('file:35', 1),
('file:350', 1),
('file:351', 1),
('file:352', 259),
('file:353', 259),
('file:354', 1),
('file:355', 1),
('file:356', 1),
('file:357', 1),
('file:358', 1),
('file:359', 1),
('file:36', 1),
('file:360', 1),
('file:361', 1),
('file:362', 1),
('file:363', 1),
('file:365', 1),
('file:367', 1),
('file:368', 1),
('file:369', 1),
('file:37', 1),
('file:370', 1),
('file:371', 1),
('file:372', 1),
('file:373', 1),
('file:374', 1),
('file:375', 1),
('file:376', 1),
('file:377', 1),
('file:378', 1),
('file:379', 240),
('file:38', 1),
('file:380', 1),
('file:381', 1),
('file:382', 1),
('file:383', 1),
('file:384', 226),
('file:385', 223),
('file:386', 1),
('file:387', 1),
('file:388', 1),
('file:389', 1),
('file:39', 1),
('file:390', 1),
('file:391', 1),
('file:392', 1),
('file:393', 1),
('file:394', 207),
('file:395', 207),
('file:396', 1),
('file:397', 1),
('file:398', 1),
('file:399', 1),
('file:4', 1),
('file:40', 1),
('file:400', 1),
('file:401', 1),
('file:402', 1),
('file:403', 1),
('file:404', 1),
('file:405', 1),
('file:406', 1),
('file:407', 146),
('file:408', 136),
('file:409', 1),
('file:41', 1),
('file:410', 1),
('file:411', 1),
('file:412', 1),
('file:413', 93),
('file:414', 93),
('file:415', 1),
('file:416', 1),
('file:419', 1),
('file:42', 1),
('file:420', 1),
('file:421', 1),
('file:422', 1),
('file:423', 1),
('file:424', 1),
('file:425', 1),
('file:426', 1),
('file:427', 1),
('file:428', 52),
('file:429', 52),
('file:43', 1),
('file:430', 1),
('file:431', 1),
('file:432', 1),
('file:433', 1),
('file:434', 21),
('file:435', 21),
('file:438', 1),
('file:439', 1),
('file:44', 1),
('file:440', 1),
('file:441', 1),
('file:442', 1),
('file:443', 1),
('file:444', 1),
('file:445', 1),
('file:446', 1),
('file:45', 1),
('file:46', 1),
('file:47', 1),
('file:48', 1),
('file:49', 1),
('file:5', 1),
('file:50', 1),
('file:51', 1),
('file:52', 1),
('file:53', 1),
('file:54', 1),
('file:55', 1),
('file:56', 1),
('file:57', 1),
('file:58', 1),
('file:59', 1),
('file:6', 1),
('file:60', 1),
('file:61', 1),
('file:62', 1),
('file:63', 1),
('file:64', 1),
('file:65', 1),
('file:66', 1),
('file:67', 1),
('file:68', 1),
('file:69', 1),
('file:7', 1),
('file:70', 1),
('file:71', 1),
('file:72', 1),
('file:73', 1),
('file:74', 1),
('file:75', 1),
('file:76', 1),
('file:77', 1),
('file:78', 1),
('file:79', 1),
('file:8', 1),
('file:80', 1),
('file:81', 1),
('file:82', 1),
('file:83', 1),
('file:84', 1),
('file:85', 1),
('file:86', 1),
('file:87', 1),
('file:88', 1),
('file:89', 1),
('file:9', 1),
('file:90', 1),
('file:91', 1),
('file:92', 1),
('file:93', 1),
('file:94', 1),
('file:95', 1),
('file:96', 1),
('file:97', 1),
('file:98', 1),
('file:99', 1),
('file_list', 959),
('http_response', 1520),
('library_info', 5),
('link_relation_type', 1466),
('local_action', 1466),
('local_task', 1590),
('media:12', 2),
('media:3', 1),
('media_list', 29),
('media_list:document', 29),
('media_view', 1),
('menu_link_content:1', 1),
('menu_link_content:10', 6),
('menu_link_content:2', 2),
('menu_link_content:3', 3),
('menu_link_content:4', 3),
('menu_link_content:5', 2),
('menu_link_content:6', 3),
('menu_link_content:7', 3),
('menu_link_content:8', 3),
('menu_link_content:9', 2),
('menu_link_content_list', 30),
('menu_link_content_list:menu_link_content', 30),
('node:1', 3),
('node:10', 1),
('node:100', 1),
('node:1000', 2),
('node:101', 6),
('node:1018', 1),
('node:102', 1),
('node:103', 1),
('node:104', 2),
('node:105', 1),
('node:106', 2),
('node:107', 1),
('node:11', 1),
('node:110', 7),
('node:111', 362),
('node:112', 362),
('node:113', 361),
('node:117', 1),
('node:12', 1),
('node:121', 1),
('node:122', 2),
('node:123', 1),
('node:124', 1),
('node:125', 1),
('node:126', 1),
('node:127', 1),
('node:128', 3),
('node:129', 1),
('node:13', 1),
('node:130', 1),
('node:131', 1),
('node:132', 1),
('node:133', 1),
('node:134', 1),
('node:135', 1),
('node:136', 1),
('node:137', 1),
('node:138', 3),
('node:139', 3),
('node:14', 1),
('node:140', 1),
('node:141', 1),
('node:142', 1),
('node:143', 1),
('node:144', 1),
('node:146', 1),
('node:148', 1),
('node:15', 1),
('node:150', 1),
('node:151', 1),
('node:152', 1),
('node:153', 1),
('node:154', 3),
('node:155', 1),
('node:156', 1),
('node:157', 1),
('node:158', 14),
('node:159', 1),
('node:16', 1),
('node:160', 4),
('node:161', 5),
('node:162', 1),
('node:163', 2),
('node:164', 1),
('node:165', 1),
('node:166', 1),
('node:167', 364),
('node:168', 1),
('node:169', 1),
('node:17', 3),
('node:170', 1),
('node:171', 1),
('node:172', 3),
('node:173', 1),
('node:174', 2),
('node:175', 2),
('node:176', 1),
('node:177', 1),
('node:178', 1),
('node:179', 1),
('node:18', 1),
('node:180', 2),
('node:181', 1),
('node:182', 1),
('node:183', 1),
('node:184', 1),
('node:185', 1),
('node:186', 1),
('node:187', 1),
('node:188', 6),
('node:19', 1),
('node:190', 334),
('node:191', 334),
('node:194', 1),
('node:195', 1),
('node:199', 2),
('node:2', 31),
('node:20', 2),
('node:204', 2),
('node:209', 1),
('node:21', 1),
('node:217', 309),
('node:218', 309),
('node:22', 2),
('node:221', 3),
('node:222', 2),
('node:224', 1),
('node:23', 2),
('node:234', 3),
('node:24', 1),
('node:241', 1),
('node:25', 1),
('node:26', 1),
('node:261', 5),
('node:27', 1),
('node:272', 294),
('node:273', 294),
('node:28', 1),
('node:280', 4),
('node:29', 1),
('node:298', 287),
('node:3', 1),
('node:30', 1),
('node:31', 1),
('node:32', 4),
('node:324', 277),
('node:325', 277),
('node:326', 277),
('node:327', 277),
('node:328', 277),
('node:33', 4),
('node:34', 4),
('node:344', 5),
('node:35', 4),
('node:36', 2),
('node:362', 1),
('node:363', 1),
('node:37', 2),
('node:38', 2),
('node:381', 1),
('node:39', 2),
('node:397', 260),
('node:398', 260),
('node:4', 3),
('node:40', 4),
('node:402', 2),
('node:406', 1),
('node:407', 2),
('node:408', 2),
('node:409', 1),
('node:41', 4),
('node:415', 7),
('node:42', 4),
('node:424', 2),
('node:428', 1),
('node:43', 4),
('node:44', 4),
('node:447', 2),
('node:45', 4),
('node:46', 4),
('node:460', 1),
('node:47', 4),
('node:472', 241),
('node:48', 8),
('node:482', 1),
('node:49', 9),
('node:496', 227),
('node:497', 224),
('node:5', 1),
('node:50', 13),
('node:51', 2),
('node:52', 1),
('node:53', 2),
('node:55', 2),
('node:56', 1),
('node:57', 1),
('node:570', 1),
('node:58', 1),
('node:580', 1),
('node:583', 208),
('node:584', 208),
('node:59', 1),
('node:60', 1),
('node:61', 1),
('node:62', 1),
('node:63', 1),
('node:64', 1),
('node:645', 1),
('node:65', 1),
('node:659', 1),
('node:66', 1),
('node:660', 1),
('node:67', 1),
('node:68', 1),
('node:69', 1),
('node:7', 1),
('node:70', 1),
('node:71', 1),
('node:72', 1),
('node:73', 1),
('node:74', 1),
('node:75', 1),
('node:76', 6),
('node:77', 27),
('node:78', 2),
('node:79', 8),
('node:8', 1),
('node:80', 1),
('node:81', 2),
('node:82', 1),
('node:83', 1),
('node:831', 147),
('node:84', 1),
('node:844', 137),
('node:85', 1),
('node:86', 1),
('node:87', 1),
('node:88', 3),
('node:89', 367),
('node:890', 1),
('node:9', 1),
('node:90', 367),
('node:900', 1),
('node:906', 94),
('node:907', 94),
('node:91', 367),
('node:92', 367),
('node:926', 1),
('node:927', 1),
('node:93', 367),
('node:939', 1),
('node:94', 1),
('node:945', 1),
('node:95', 1),
('node:96', 3),
('node:97', 7),
('node:970', 53),
('node:971', 53),
('node:98', 4),
('node:983', 2),
('node:99', 4),
('node:990', 22),
('node:991', 22),
('node:996', 1),
('node:997', 2),
('node_list', 1587),
('node_list:actualite', 142),
('node_list:article', 81),
('node_list:event', 415),
('node_list:livre', 8),
('node_list:newsletter_subscription', 647),
('node_list:page', 98),
('node_list:publication', 198),
('node_view', 158),
('paragraph:1', 4),
('paragraph:10', 5),
('paragraph:11', 5),
('paragraph:12', 5),
('paragraph:13', 26),
('paragraph:14', 20),
('paragraph:15', 4),
('paragraph:16', 8),
('paragraph:18', 3),
('paragraph:2', 4),
('paragraph:3', 4),
('paragraph:4', 6),
('paragraph:5', 6),
('paragraph:6', 6),
('paragraph:7', 4),
('paragraph:8', 5),
('paragraph:9', 5),
('paragraph_list', 50),
('paragraph_list:bloc_avec_video', 1),
('paragraph_list:bloc_de_texte_avec_titre', 44),
('paragraph_list:liens_rs', 4),
('paragraph_list:photo_en_fond_avec_petit_bloc_de', 27),
('paragraph_view', 49),
('rendered', 70),
('routes', 1520),
('route_match', 2066),
('search_index:node_search', 926),
('shortcut_list:default', 1),
('taxonomy_term:45', 2),
('taxonomy_term:46', 1),
('taxonomy_term:47', 2),
('taxonomy_term:48', 2),
('taxonomy_term:49', 2),
('taxonomy_term:50', 2),
('taxonomy_term:51', 2),
('taxonomy_term:55', 1),
('taxonomy_term_list', 46),
('taxonomy_term_list:categories_de_publications', 12),
('taxonomy_term_list:tag', 3),
('taxonomy_term_list:tags', 31),
('taxonomy_term_view', 1),
('theme_registry', 150),
('token_info', 43),
('user:1', 221),
('user:108', 174),
('user:109', 174),
('user:112', 174),
('user:113', 226),
('user:116', 26),
('user:117', 174),
('user:118', 174),
('user:119', 174),
('user:120', 174),
('user:121', 174),
('user:122', 219),
('user:123', 174),
('user:124', 174),
('user:125', 17),
('user:126', 174),
('user:127', 175),
('user:128', 174),
('user:129', 174),
('user:130', 174),
('user:131', 174),
('user:132', 174),
('user:133', 174),
('user:134', 174),
('user:135', 174),
('user:136', 174),
('user:137', 174),
('user:138', 174),
('user:139', 174),
('user:140', 174),
('user:141', 202),
('user:142', 174),
('user:143', 198),
('user:144', 174),
('user:146', 174),
('user:147', 174),
('user:148', 174),
('user:149', 205),
('user:150', 194),
('user:151', 180),
('user:152', 174),
('user:153', 684),
('user:154', 195),
('user:155', 198),
('user:156', 188),
('user:157', 174),
('user:158', 174),
('user:159', 174),
('user:160', 184),
('user:161', 174),
('user:162', 178),
('user:163', 174),
('user:164', 174),
('user:165', 173),
('user:166', 158),
('user:167', 149),
('user:168', 149),
('user:169', 149),
('user:170', 149),
('user:171', 149),
('user:172', 148),
('user:173', 148),
('user:174', 145),
('user:175', 145),
('user:176', 144),
('user:177', 143),
('user:178', 143),
('user:179', 142),
('user:180', 141),
('user:181', 136),
('user:182', 135),
('user:183', 134),
('user:184', 133),
('user:185', 132),
('user:186', 132),
('user:187', 131),
('user:188', 129),
('user:189', 128),
('user:190', 127),
('user:191', 127),
('user:192', 125),
('user:193', 124),
('user:194', 123),
('user:195', 123),
('user:196', 123),
('user:197', 122),
('user:198', 122),
('user:199', 121),
('user:200', 120),
('user:201', 119),
('user:202', 119),
('user:203', 119),
('user:204', 117),
('user:205', 117),
('user:206', 115),
('user:207', 118),
('user:208', 116),
('user:209', 109),
('user:210', 104),
('user:214', 326),
('user:215', 41),
('user:30', 15),
('user:35', 6),
('user:36', 3),
('user:37', 3),
('user:38', 3),
('user:39', 12),
('user:40', 4),
('user:41', 8),
('user:42', 4),
('user:43', 4),
('user:44', 4),
('user:45', 4),
('user:46', 35),
('user:47', 6),
('user:48', 3),
('user:49', 274),
('user:50', 174),
('user:62', 239),
('user:65', 180),
('user:66', 175),
('user:67', 178),
('user:71', 174),
('user:72', 304),
('user:73', 240),
('user:74', 203),
('user:75', 253),
('user:76', 233),
('user:77', 216),
('user:84', 220),
('user:85', 240),
('user:86', 263),
('user:87', 174),
('user:88', 174),
('user:89', 174),
('user:90', 174),
('user:91', 174),
('user:92', 174),
('user:93', 225),
('user:94', 174),
('user:95', 236),
('user:96', 182),
('user_list', 1791),
('user_view', 20),
('views_data', 164);

-- --------------------------------------------------------

--
-- Structure de la table `prod_d8cache_bootstrap`
--

CREATE TABLE `prod_d8cache_bootstrap` (
  `cid` varchar(255) CHARACTER SET ascii COLLATE ascii_bin NOT NULL DEFAULT '' COMMENT 'Primary Key: Unique cache ID.',
  `data` longblob COMMENT 'A collection of data to cache.',
  `expire` int(11) NOT NULL DEFAULT '0' COMMENT 'A Unix timestamp indicating when the cache entry should expire, or -1 for never.',
  `created` decimal(14,3) NOT NULL DEFAULT '0.000' COMMENT 'A timestamp with millisecond precision indicating when the cache entry was created.',
  `serialized` smallint(6) NOT NULL DEFAULT '0' COMMENT 'A flag to indicate whether content is serialized (1) or not (0).',
  `tags` longtext COMMENT 'Space-separated list of cache tags for this entry.',
  `checksum` varchar(255) CHARACTER SET ascii NOT NULL COMMENT 'The tag invalidation checksum when this entry was saved.'
) ENGINE=InnoDB DEFAULT CHARSET=utf8mb4 COMMENT='Storage for the cache API.';

--
-- Déchargement des données de la table `prod_d8cache_bootstrap`
--

INSERT INTO `prod_d8cache_bootstrap` (`cid`, `data`, `expire`, `created`, `serialized`, `tags`, `checksum`) VALUES
('hook_info', 0x[encoded data, 5284 characters], -1, '1671368754.032', 1, '', '0'),
('module_implements', 0x[encoded data, 39482 characters], -1, '1671373563.523', 1, '', '0'),
('path_alias_whitelist', 0x613a34323a7b733a353a2261646d696e223b623a303b733a383a226269675f70697065223b623a303b733a31303a22636f6d6d756e61757465223b623a303b733a31303a2261626f6e6e656d656e74223b4e3b733a31343a22626c6f636b2d63617465676f7279223b4e3b733a353a22626c6f636b223b4e3b733a373a22636f6d6d656e74223b4e3b733a383a22636f6d6d656e7473223b4e3b733a373a22636f6e74616374223b623a303b733a343a2275736572223b623a303b733a31303a22636f6e7465787475616c223b4e3b733a363a22656469746f72223b4e3b733a343a2266696c65223b4e3b733a363a2266696c746572223b4e3b733a373a22686973746f7279223b4e3b733a353a227369746573223b4e3b733a363a2273797374656d223b4e3b733a393a22717569636b65646974223b4e3b733a31303a226d617371756572616465223b4e3b733a31323a22756e6d617371756572616465223b4e3b733a353a226d65646961223b4e3b733a383a226d656e74696f6e73223b4e3b733a343a226e6f6465223b623a313b733a363a22736561726368223b4e3b733a31313a22736974656d61702e786d6c223b4e3b733a383a22736974656d617073223b4e3b733a31313a22736974656d61702e78736c223b4e3b733a343a2263726f6e223b4e3b733a31323a226d616368696e655f6e616d65223b4e3b733a303a22223b4e3b733a393a223c63757272656e743e223b4e3b733a353a226261746368223b4e3b733a31303a227570646174652e706870223b4e3b733a32393a22656e746974795f7265666572656e63655f6175746f636f6d706c657465223b4e3b733a373a2273657373696f6e223b4e3b733a383a227461786f6e6f6d79223b623a313b733a353a22746f6b656e223b4e3b733a373a22746f6f6c626172223b4e3b733a31313a222e77656c6c2d6b6e6f776e223b4e3b733a373a227273732e786d6c223b4e3b733a32343a22696e7363726974732d612d6c612d6e6577736c6574746572223b4e3b733a353a227669657773223b4e3b7d, -1, '1671369215.511', 1, '', '0');
INSERT INTO `prod_d8cache_bootstrap` (`cid`, `data`, `expire`, `created`, `serialized`, `tags`, `checksum`) VALUES
('routing.non_admin_routes', 0x[encoded data, 8638 characters], -1, '1671368756.063', 1, 'routes', '1520'),
('theme.active_theme.obsessions', 0x[encoded data, 16784 characters], -1, '1671368767.463', 1, '', '0');
INSERT INTO `prod_d8cache_bootstrap` (`cid`, `data`, `expire`, `created`, `serialized`, `tags`, `checksum`) VALUES
('theme.active_theme.seven', 0x[encoded data, 83194 characters], -1, '1671368756.143', 1, '', '0');
INSERT INTO `prod_d8cache_bootstrap` (`cid`, `data`, `expire`, `created`, `serialized`, `tags`, `checksum`) VALUES
('theme_registry:runtime:obsessions', 0x[encoded data, 67388 characters], -1, '1671369554.262', 1, 'theme_registry', '150');
INSERT INTO `prod_d8cache_bootstrap` (`cid`, `data`, `expire`, `created`, `serialized`, `tags`, `checksum`) VALUES
('theme_registry:runtime:seven', 0x[encoded data, 31068 characters], -1, '1671373563.529', 1, 'theme_registry', '150'),
('user_permissions_hash:anonymous', 0x37373437313161626264616566663233356461393734656635666439333761383662343832373535363364343639353930643832656639656536363165646431, -1, '1671368767.757', 0, 'config:user.role.anonymous', '41');

-- --------------------------------------------------------

--
-- Structure de la table `prod_d8cache_config`
--

