CREATE TABLE `prod_d8semaphore` (
  `name` varchar(255) CHARACTER SET ascii NOT NULL DEFAULT '' COMMENT 'Primary Key: Unique name.',
  `value` varchar(255) CHARACTER SET ascii NOT NULL DEFAULT '' COMMENT 'A value for the semaphore.',
  `expire` double NOT NULL COMMENT 'A Unix timestamp with microseconds indicating when the semaphore should expire.'
) ENGINE=InnoDB DEFAULT CHARSET=utf8mb4 COMMENT='Table for holding semaphores, locks, flags, etc. that…';

-- --------------------------------------------------------

--
-- Structure de la table `prod_d8sequences`
--

CREATE TABLE `prod_d8sequences` (
  `value` int(10) UNSIGNED NOT NULL COMMENT 'The value of the sequence.'
) ENGINE=InnoDB DEFAULT CHARSET=utf8mb4 COMMENT='Stores IDs.';

--
-- Déchargement des données de la table `prod_d8sequences`
--

INSERT INTO `prod_d8sequences` (`value`) VALUES
(215);

-- --------------------------------------------------------

--
-- Structure de la table `prod_d8sessions`
--

CREATE TABLE `prod_d8sessions` (
  `uid` int(10) UNSIGNED NOT NULL COMMENT 'The prod_d8users.uid corresponding to a session, or 0 for anonymous user.',
  `sid` varchar(128) CHARACTER SET ascii NOT NULL COMMENT 'A session ID (hashed). The value is generated by Drupal''s session handlers.',
  `hostname` varchar(128) CHARACTER SET ascii NOT NULL DEFAULT '' COMMENT 'The IP address that last used this session ID (sid).',
  `timestamp` int(11) NOT NULL DEFAULT '0' COMMENT 'The Unix timestamp when this session last requested a page. Old records are purged by PHP automatically.',
  `session` longblob COMMENT 'The serialized contents of $_SESSION, an array of name/value pairs that persists across page requests by this session ID. Drupal loads $_SESSION from here at the start of each request and saves it at the end.'
) ENGINE=InnoDB DEFAULT CHARSET=utf8mb4 COMMENT='Drupal''s session handlers read and write into the sessions…';

--
-- Déchargement des données de la table `prod_d8sessions`
--

INSERT INTO `prod_d8sessions` (`uid`, `sid`, `hostname`, `timestamp`, `session`) VALUES
(214, '1V7oK8-Pg-cfv1l9RRFeUqjPPObKqWaTkCc0krz8tkc', '176.125.229.4', 1671176193, 0x5f7366325f617474726962757465737c613a313a7b733a333a22756964223b733a333a22323134223b7d5f7366325f6d6574617c613a343a7b733a313a2275223b693a313637313137363139333b733a313a2263223b693a313637313137363139333b733a313a226c223b733a373a2232303030303030223b733a313a2273223b733a34333a2262364a5f47694f6d635653756350626f6861575548506459614959786b5956416c63693949464971644e63223b7d),
(214, '2NxS_KIjHqQwtak-MFA4sCHpzIr6BFtM4o1P_wjDSxI', '37.46.113.212', 1671255930, 0x5f7366325f617474726962757465737c613a313a7b733a333a22756964223b733a333a22323134223b7d5f7366325f6d6574617c613a343a7b733a313a2275223b693a313637313235353933303b733a313a2263223b693a313637313235353933303b733a313a226c223b733a373a2232303030303030223b733a313a2273223b733a34333a22325853504b756a4a3546374a5545624555585936666d376e51707178536c6d68674e7236445068664f6a6b223b7d),
(49, '54VvTpSGTiP5RqBYg-QKkyxzSnD61tPllSY5_TWgcJY', '2a02:a03f:667e:6f00:b416:46b1:ff4a:65f5', 1671362758, 0x5f7366325f617474726962757465737c613a313a7b733a333a22756964223b733a323a223439223b7d5f7366325f6d6574617c613a343a7b733a313a2275223b693a313637313336323633383b733a313a2263223b693a313637313330353331373b733a313a226c223b733a373a2232303030303030223b733a313a2273223b733a34333a224248433049314d7733716b3758753934317136536e4d55735058687462445455377a6f306e346b76384763223b7d),
(214, '5k0L0Uxixhc1zf2Am18woZZwIWLUo1HPs9d0snK1ys4', '176.125.229.14', 1671324599, 0x5f7366325f617474726962757465737c613a313a7b733a333a22756964223b733a333a22323134223b7d5f7366325f6d6574617c613a343a7b733a313a2275223b693a313637313332343630303b733a313a2263223b693a313637313332343630303b733a313a226c223b733a373a2232303030303030223b733a313a2273223b733a34333a2257484977466138625a59553553396a4a66617971714661546551784952517a4c644d70734261594c2d7473223b7d),
(214, 'cuy49hxX6ro8dZwz2STyGaCfz3rni4_a6XZq7R1TRuw', '169.150.197.68', 1671298108, 0x5f7366325f617474726962757465737c613a313a7b733a333a22756964223b733a333a22323134223b7d5f7366325f6d6574617c613a343a7b733a313a2275223b693a313637313239383130383b733a313a2263223b693a313637313239383130383b733a313a226c223b733a373a2232303030303030223b733a313a2273223b733a34333a2239674c496a33473772615a6e6c7241787874353136775f4a52347963714277353065694f4876526d565638223b7d),
(214, 'DFgfxbQA65-x6MtCZmVxx6BdK41knwIY6dCaWlffg6U', '95.181.237.8', 1671189804, 0x5f7366325f617474726962757465737c613a313a7b733a333a22756964223b733a333a22323134223b7d5f7366325f6d6574617c613a343a7b733a313a2275223b693a313637313138393830343b733a313a2263223b693a313637313138393830343b733a313a226c223b733a373a2232303030303030223b733a313a2273223b733a34333a22373959754a44375a727964527a45576e4d665a39644769346e505948634263385257676a30327374414c45223b7d),
(214, 'D_iR4sUBKi1WmAE6dM9YloYYcJ_7Zp0Vm3dU8cjGbzA', '91.90.124.18', 1671350387, 0x5f7366325f617474726962757465737c613a313a7b733a333a22756964223b733a333a22323134223b7d5f7366325f6d6574617c613a343a7b733a313a2275223b693a313637313335303338373b733a313a2263223b693a313637313335303338373b733a313a226c223b733a373a2232303030303030223b733a313a2273223b733a34333a2235416941325158584e346f687944614b7359374a733369363570666d64436b794b514749616b5361486d73223b7d),
(207, 'G96-APgDsPTE_Qm_pY6Qn6Ddz-kkztt1OTaH25HxDw8', '2a04:cec0:10e6:1894:1d89:38f8:cfe0:ac6a', 1671209530, 0x5f7366325f617474726962757465737c613a313a7b733a333a22756964223b733a333a22323037223b7d5f7366325f6d6574617c613a343a7b733a313a2275223b693a313637313230393533303b733a313a2263223b693a313637313230393533303b733a313a226c223b733a373a2232303030303030223b733a313a2273223b733a34333a2239456d6358673355714b3675736c65516c6d7250557170676f4271524d595f5f4c796f6b755f44715a4a73223b7d),
(214, 'gx3ekCKiu3NaSsO6LgQQG7qv5IVS_BaejfISgHwODII', '95.181.233.20', 1671336642, 0x5f7366325f617474726962757465737c613a313a7b733a333a22756964223b733a333a22323134223b7d5f7366325f6d6574617c613a343a7b733a313a2275223b693a313637313333363634323b733a313a2263223b693a313637313333363634323b733a313a226c223b733a373a2232303030303030223b733a313a2273223b733a34333a2273584a6c7670753051725a6544423051594c593949796433476b37376679624b45694738425f4549474b6f223b7d),
(214, 'J9lMXyGJ2zVbVYSiEe3-LBRPG7wHlEAhHZWxI0ts89o', '188.215.235.123', 1671230700, 0x5f7366325f617474726962757465737c613a313a7b733a333a22756964223b733a333a22323134223b7d5f7366325f6d6574617c613a343a7b733a313a2275223b693a313637313233303730303b733a313a2263223b693a313637313233303730303b733a313a226c223b733a373a2232303030303030223b733a313a2273223b733a34333a224342483468706f484b306f6f6c6a5751524d4d37306156485f717334753541455755714463387261467877223b7d),
(214, 'JiEsf99Jtbq80u_JriNi38b0tl9_mj6eHc6DGXxbyFs', '188.241.177.198', 1671312007, 0x5f7366325f617474726962757465737c613a313a7b733a333a22756964223b733a333a22323134223b7d5f7366325f6d6574617c613a343a7b733a313a2275223b693a313637313331323030373b733a313a2263223b693a313637313331323030373b733a313a226c223b733a373a2232303030303030223b733a313a2273223b733a34333a225147767a307172796163673953525230655f347445483251494942394c7362384155615a6641414c764259223b7d),
(214, 'M8_jLoaAsbjePCJ4TlJCPqTQCH6QrhA-UZT0SZtQTIw', '143.244.54.121', 1671112079, 0x5f7366325f617474726962757465737c613a313a7b733a333a22756964223b733a333a22323134223b7d5f7366325f6d6574617c613a343a7b733a313a2275223b693a313637313131323037393b733a313a2263223b693a313637313131323037393b733a313a226c223b733a373a2232303030303030223b733a313a2273223b733a34333a226a7169466c4d354b4470425a6b48316e4d6d67754167352d5741652d4c37425541455f3973485f652d3741223b7d),
(214, 'MYGn6mIWwZAxwG4KXUl7C3glg1W24GDZUy1FodHBd3s', '191.96.185.29', 1671165361, 0x5f7366325f617474726962757465737c613a313a7b733a333a22756964223b733a333a22323134223b7d5f7366325f6d6574617c613a343a7b733a313a2275223b693a313637313136353336313b733a313a2263223b693a313637313136353336313b733a313a226c223b733a373a2232303030303030223b733a313a2273223b733a34333a224d6b50554775655f482d4f68514770765a636a34384f2d4c48796d36506a5238684a4f4469384c695f7745223b7d),
(214, 'Nbee5_eNiPmURPI9nPKJsIKPpedNxTmYBCZpRxHnXfQ', '146.70.59.23', 1671243497, 0x5f7366325f617474726962757465737c613a313a7b733a333a22756964223b733a333a22323134223b7d5f7366325f6d6574617c613a343a7b733a313a2275223b693a313637313234333439373b733a313a2263223b693a313637313234333439373b733a313a226c223b733a373a2232303030303030223b733a313a2273223b733a34333a225f416946354a33337a70552d77725232747751674b747138413551426a554142377357397070364b677a4d223b7d),
(214, 'QpOLMXLUZS77OANnD-IaSiHhoKUNk69bm24nwZRF6iE', '191.96.150.148', 1671126315, 0x5f7366325f617474726962757465737c613a313a7b733a333a22756964223b733a333a22323134223b7d5f7366325f6d6574617c613a343a7b733a313a2275223b693a313637313132363331353b733a313a2263223b693a313637313132363331353b733a313a226c223b733a373a2232303030303030223b733a313a2273223b733a34333a224967584f473973354b4161414a6c5941594145556a355f4b38624933306871476c34336a67756841754873223b7d),
(214, 'Qr9zJBlzQQpgnczWT6eA4ovZCCaxgzpD99UaBPa7qfo', '95.181.233.7', 1671140834, 0x5f7366325f617474726962757465737c613a313a7b733a333a22756964223b733a333a22323134223b7d5f7366325f6d6574617c613a343a7b733a313a2275223b693a313637313134303833343b733a313a2263223b693a313637313134303833343b733a313a226c223b733a373a2232303030303030223b733a313a2273223b733a34333a22755a6c374a676479666a795642416230444e674367634830553545524e39475f6f47526d69473364575951223b7d),
(214, 'r0w98jDrls1nomZOy1r2wEHqwG9T2xxrkzUCuFLz_80', '37.46.115.29', 1671281016, 0x5f7366325f617474726962757465737c613a313a7b733a333a22756964223b733a333a22323134223b7d5f7366325f6d6574617c613a343a7b733a313a2275223b693a313637313238313031363b733a313a2263223b693a313637313238313031363b733a313a226c223b733a373a2232303030303030223b733a313a2273223b733a34333a22305f36583558434962314331373068354b4c7a577776392d34495f706c302d5554415a664754576b5f464d223b7d),
(214, 'S_meYcgvMyPNkLmeLP3zIoRnFY00ssnVN541MJzsZdE', '188.214.122.105', 1671269118, 0x5f7366325f617474726962757465737c613a313a7b733a333a22756964223b733a333a22323134223b7d5f7366325f6d6574617c613a343a7b733a313a2275223b693a313637313236393131383b733a313a2263223b693a313637313236393131383b733a313a226c223b733a373a2232303030303030223b733a313a2273223b733a34333a22754c6e4a6f4b6d323935337539724c726e4b436e477648465852786977596543636b646575697676616f41223b7d),
(214, 'Uw6Rtj0qBjIdb_wWM77VH1vRo-mF2giQZhWkKoQ-xKU', '143.244.36.59', 1671217069, 0x5f7366325f617474726962757465737c613a313a7b733a333a22756964223b733a333a22323134223b7d5f7366325f6d6574617c613a343a7b733a313a2275223b693a313637313231373036393b733a313a2263223b693a313637313231373036393b733a313a226c223b733a373a2232303030303030223b733a313a2273223b733a34333a227379494648696e745370787a7634437a6364566c71706c52614b6c74536e37456d63454643754f78393251223b7d),
(1, 'wp8_PyY1328OuU6JlEZ8dHhITwkgtUqRrDIvPK2931I', '2a02:2788:834:104:b574:d1c7:3a2:6b5', 1671373561, 0x5f7366325f617474726962757465737c613a313a7b733a333a22756964223b733a313a2231223b7d5f7366325f6d6574617c613a343a7b733a313a2275223b693a313637313337333536313b733a313a2263223b693a313637313336373636303b733a313a226c223b733a373a2232303030303030223b733a313a2273223b733a34333a224879546d5144335442446f683061486b346b49694359434b4253703049632d576b7952343477464f647938223b7d),
(214, 'x0n6FYnMK2g_BG4hEbvLtaf8ImMrIl6M4MqCHpSuNuM', '154.3.44.149', 1671152392, 0x5f7366325f617474726962757465737c613a313a7b733a333a22756964223b733a333a22323134223b7d5f7366325f6d6574617c613a343a7b733a313a2275223b693a313637313135323339323b733a313a2263223b693a313637313135323339323b733a313a226c223b733a373a2232303030303030223b733a313a2273223b733a34333a2235797938533757665362576c447538306a4d6a68725552477135386e4e4d775546623737336c3774556763223b7d),
(214, 'yiuamjcF0PJW2CH9d8n269FVoFqnT-ErEj6sc4nt3TA', '195.246.120.68', 1671363400, 0x5f7366325f617474726962757465737c613a313a7b733a333a22756964223b733a333a22323134223b7d5f7366325f6d6574617c613a343a7b733a313a2275223b693a313637313336333430303b733a313a2263223b693a313637313336333430303b733a313a226c223b733a373a2232303030303030223b733a313a2273223b733a34333a2255497737634874774744375a39413778372d794945317a475f787974526d686f68347961637a5a366a5838223b7d);

-- --------------------------------------------------------

--
-- Structure de la table `prod_d8shortcut`
--

CREATE TABLE `prod_d8shortcut` (
  `id` int(10) UNSIGNED NOT NULL,
  `shortcut_set` varchar(32) CHARACTER SET ascii NOT NULL COMMENT 'The ID of the target entity.',
  `uuid` varchar(128) CHARACTER SET ascii NOT NULL,
  `langcode` varchar(12) CHARACTER SET ascii NOT NULL
) ENGINE=InnoDB DEFAULT CHARSET=utf8mb4 COMMENT='The base table for shortcut entities.';

--
-- Déchargement des données de la table `prod_d8shortcut`
--

INSERT INTO `prod_d8shortcut` (`id`, `shortcut_set`, `uuid`, `langcode`) VALUES
(1, 'default', 'd2e98d00-1e35-410a-8bb7-ef1770721bc7', 'fr'),
(2, 'default', '7274dd01-8517-4901-a9cb-3a8c8bed9daa', 'fr');

-- --------------------------------------------------------

--
-- Structure de la table `prod_d8shortcut_field_data`
--

CREATE TABLE `prod_d8shortcut_field_data` (
  `id` int(10) UNSIGNED NOT NULL,
  `shortcut_set` varchar(32) CHARACTER SET ascii NOT NULL COMMENT 'The ID of the target entity.',
  `langcode` varchar(12) CHARACTER SET ascii NOT NULL,
  `title` varchar(255) DEFAULT NULL,
  `weight` int(11) DEFAULT NULL,
  `link__uri` varchar(2048) DEFAULT NULL COMMENT 'The URI of the link.',
  `link__title` varchar(255) DEFAULT NULL COMMENT 'The link text.',
  `link__options` longblob COMMENT 'Serialized array of options for the link.',
  `default_langcode` tinyint(4) NOT NULL
) ENGINE=InnoDB DEFAULT CHARSET=utf8mb4 COMMENT='The data table for shortcut entities.';

--
-- Déchargement des données de la table `prod_d8shortcut_field_data`
--

INSERT INTO `prod_d8shortcut_field_data` (`id`, `shortcut_set`, `langcode`, `title`, `weight`, `link__uri`, `link__title`, `link__options`, `default_langcode`) VALUES
(1, 'default', 'fr', 'Add content', -20, 'internal:/node/add', NULL, 0x613a303a7b7d, 1),
(2, 'default', 'fr', 'All content', -19, 'internal:/admin/content', NULL, 0x613a303a7b7d, 1);

-- --------------------------------------------------------

--
-- Structure de la table `prod_d8shortcut_set_users`
--

CREATE TABLE `prod_d8shortcut_set_users` (
  `uid` int(10) UNSIGNED NOT NULL DEFAULT '0' COMMENT 'The prod_d8users.uid for this set.',
  `set_name` varchar(32) CHARACTER SET ascii NOT NULL DEFAULT '' COMMENT 'The prod_d8shortcut_set.set_name that will be displayed for this user.'
) ENGINE=InnoDB DEFAULT CHARSET=utf8mb4 COMMENT='Maps users to shortcut sets.';

-- --------------------------------------------------------

--
-- Structure de la table `prod_d8simple_sitemap`
--

CREATE TABLE `prod_d8simple_sitemap` (
  `id` int(10) UNSIGNED NOT NULL COMMENT 'Sitemap chunk unique identifier.',
  `type` varchar(50) NOT NULL DEFAULT '' COMMENT 'Type of sitemap this chunk belongs to.',
  `delta` int(10) UNSIGNED NOT NULL COMMENT 'Delta of the chunk within the type scope.',
  `sitemap_string` longtext NOT NULL COMMENT 'XML sitemap chunk string.',
  `sitemap_created` int(10) UNSIGNED NOT NULL DEFAULT '0' COMMENT 'Timestamp of sitemap chunk generation.',
  `status` tinyint(3) UNSIGNED NOT NULL DEFAULT '0' COMMENT 'Flag indicating the publishing status of the chunk.',
  `link_count` int(10) UNSIGNED NOT NULL DEFAULT '0' COMMENT 'The number of links in the sitemap.'
) ENGINE=InnoDB DEFAULT CHARSET=utf8mb4 COMMENT='Holds XML sitemaps as strings for quick retrieval.';

--
-- Déchargement des données de la table `prod_d8simple_sitemap`
--

INSERT INTO `prod_d8simple_sitemap` (`id`, `type`, `delta`, `sitemap_string`, `sitemap_created`, `status`, `link_count`) VALUES
(76, 'default', 1, '<?xml version=\"1.0\" encoding=\"UTF-8\"?>\n<?xml-stylesheet type=\"text/xsl\" href=\"/sitemap.xsl\"?>\n<!--Generated by the Simple XML Sitemap Drupal module: https://drupal.org/project/simple_sitemap.-->\n<urlset xmlns=\"http://www.sitemaps.org/schemas/sitemap/0.9\" xmlns:image=\"http://www.google.com/schemas/sitemap-image/1.1\">\n <url>\n  <loc>https://mariepeltier.org/</loc>\n  <lastmod>2022-08-20T16:39:59+02:00</lastmod>\n  <changefreq>daily</changefreq>\n  <priority>1.0</priority>\n </url>\n <url>\n  <loc>https://mariepeltier.org/marie-peltier-dans-les-medias/theories-du-complot-journee-evenement</loc>\n  <lastmod>2021-05-15T15:06:49+02:00</lastmod>\n  <priority>0.5</priority>\n </url>\n <url>\n  <loc>https://mariepeltier.org/marie-peltier-dans-les-medias/complotisme-conspirationnisme-de-quels-maux-parlons-nous</loc>\n  <lastmod>2021-05-15T15:18:18+02:00</lastmod>\n  <priority>0.5</priority>\n </url>\n <url>\n  <loc>https://mariepeltier.org/marie-peltier-dans-les-medias/complotisme-depolitiser-le-debat-a-tout-prix</loc>\n  <lastmod>2021-05-15T15:53:00+02:00</lastmod>\n  <priority>0.5</priority>\n </url>\n <url>\n  <loc>https://mariepeltier.org/marie-peltier-dans-les-medias/la-revolutionne-syrienne-et-les-medias</loc>\n  <lastmod>2021-05-15T16:10:48+02:00</lastmod>\n  <priority>0.5</priority>\n </url>\n <url>\n  <loc>https://mariepeltier.org/marie-peltier-dans-les-medias/marie-peltier-il-ne-faut-pas-depolitiser-le-conspirationnisme</loc>\n  <lastmod>2021-05-15T16:26:24+02:00</lastmod>\n  <priority>0.5</priority>\n </url>\n <url>\n  <loc>https://mariepeltier.org/marie-peltier-dans-les-medias/ne-laissons-pas-bachar-al-assad-reecrire-la-guerre</loc>\n  <lastmod>2021-05-16T08:58:05+02:00</lastmod>\n  <priority>0.5</priority>\n </url>\n <url>\n  <loc>https://mariepeltier.org/marie-peltier-dans-les-medias/syrie-la-guerre-de-l-infox</loc>\n  <lastmod>2021-05-16T17:23:12+02:00</lastmod>\n  <priority>0.5</priority>\n </url>\n <url>\n  <loc>https://mariepeltier.org/marie-peltier-dans-les-medias/mieux-comprendre-le-complotisme-avec-marie-peltier</loc>\n  <lastmod>2021-05-16T17:29:13+02:00</lastmod>\n  <priority>0.5</priority>\n </url>\n <url>\n  <loc>https://mariepeltier.org/marie-peltier-dans-les-medias/on-est-tres-en-colere-contre-soi-meme-la-difficile-epreuve-de-l-apres</loc>\n  <lastmod>2021-05-16T17:37:55+02:00</lastmod>\n  <priority>0.5</priority>\n </url>\n <url>\n  <loc>https://mariepeltier.org/marie-peltier-dans-les-medias/je-faisais-partie-des-esprits-superieurs-pourquoi-le-complotisme</loc>\n  <lastmod>2021-05-16T17:40:50+02:00</lastmod>\n  <priority>0.5</priority>\n </url>\n <url>\n  <loc>https://mariepeltier.org/marie-peltier-dans-les-medias/je-faisais-partie-des-esprits-superieurs-pourquoi-le-complotisme-0</loc>\n  <lastmod>2021-05-16T17:45:13+02:00</lastmod>\n  <priority>0.5</priority>\n </url>\n <url>\n  <loc>https://mariepeltier.org/node/163</loc>\n  <lastmod>2021-06-07T22:15:57+02:00</lastmod>\n  <priority>0.5</priority>\n </url>\n <url>\n  <loc>https://mariepeltier.org/node/169</loc>\n  <lastmod>2021-06-20T08:55:54+02:00</lastmod>\n  <priority>0.5</priority>\n </url>\n <url>\n  <loc>https://mariepeltier.org/node/170</loc>\n  <lastmod>2021-06-20T09:11:28+02:00</lastmod>\n  <priority>0.5</priority>\n </url>\n <url>\n  <loc>https://mariepeltier.org/marie-peltier-dans-les-medias/marie-peltier-contre-le-complotisme-c-est-tout-un-projet-politique-qu</loc>\n  <lastmod>2021-08-13T19:01:41+02:00</lastmod>\n  <priority>0.5</priority>\n </url>\n <url>\n  <loc>https://mariepeltier.org/marie-peltier-dans-les-medias/la-pandemie-un-terreau-pour-le-complotisme-28-minutes-arte</loc>\n  <lastmod>2021-08-17T21:56:23+02:00</lastmod>\n  <priority>0.5</priority>\n </url>\n <url>\n  <loc>https://mariepeltier.org/marie-peltier-dans-les-medias/debat-27082021-la-sante-dans-tous-ses-etats</loc>\n  <lastmod>2021-08-19T14:02:22+02:00</lastmod>\n  <priority>0.5</priority>\n </url>\n <url>\n  <loc>https://mariepeltier.org/marie-peltier-dans-les-medias/conference-030921-reseaux-sociaux-et-debat-public-l-heure-du-bilan</loc>\n  <lastmod>2021-08-19T14:06:38+02:00</lastmod>\n  <priority>0.5</priority>\n </url>\n <url>\n  <loc>https://mariepeltier.org/marie-peltier-dans-les-medias/l-imaginaire-conspirationniste-est-un-peu-l-imaginaire-de-notre</loc>\n  <lastmod>2021-08-23T12:02:16+02:00</lastmod>\n  <priority>0.5</priority>\n </url>\n <url>\n  <loc>https://mariepeltier.org/marie-peltier-dans-les-medias/conference-14092021-comment-les-reseaux-sociaux-nous-transforment-ils</loc>\n  <lastmod>2021-09-15T09:54:13+02:00</lastmod>\n  <priority>0.5</priority>\n </url>\n <url>\n  <loc>https://mariepeltier.org/marie-peltier-dans-les-medias/11-septembre-et-le-complotisme-devint-civilisationnel</loc>\n  <lastmod>2021-09-11T11:31:07+02:00</lastmod>\n  <priority>0.5</priority>\n </url>\n <url>\n  <loc>https://mariepeltier.org/marie-peltier-dans-les-medias/comment-le-11-septembre-a-ouvert-la-voie-au-complotisme-a-grande</loc>\n  <lastmod>2021-09-12T16:17:59+02:00</lastmod>\n  <priority>0.5</priority>\n </url>\n <url>\n  <loc>https://mariepeltier.org/marie-peltier-dans-les-medias/les-dessous-de-l-infox-20-ans-de-complotisme</loc>\n  <lastmod>2021-09-13T16:05:10+02:00</lastmod>\n  <priority>0.5</priority>\n </url>\n <url>\n  <loc>https://mariepeltier.org/marie-peltier-dans-les-medias/comment-les-nouvelles-technologies-ont-permis-au-complotisme-de</loc>\n  <lastmod>2021-09-15T13:16:32+02:00</lastmod>\n  <priority>0.5</priority>\n </url>\n <url>\n  <loc>https://mariepeltier.org/marie-peltier-dans-les-medias/30-septembre-et-1er-octobre-2001-colloque-international-l-evenement</loc>\n  <lastmod>2021-09-20T17:41:46+02:00</lastmod>\n  <priority>0.5</priority>\n </url>\n <url>\n  <loc>https://mariepeltier.org/marie-peltier-dans-les-medias/comment-reagir-face-au-complotisme-l-historienne-marie-peltier-nous</loc>\n  <lastmod>2021-09-24T10:39:32+02:00</lastmod>\n  <priority>0.5</priority>\n </url>\n <url>\n  <loc>https://mariepeltier.org/marie-peltier-dans-les-medias/conference-debat-051021-a-morlanwelz-20-ans-apres-le-11-septembre</loc>\n  <lastmod>2021-09-24T12:17:35+02:00</lastmod>\n  <priority>0.5</priority>\n </url>\n <url>\n  <loc>https://mariepeltier.org/marie-peltier-dans-les-medias/conference-191021-a-boulogne-billancourt-une-histoire-du</loc>\n  <lastmod>2021-09-24T12:13:29+02:00</lastmod>\n  <priority>0.5</priority>\n </url>\n <url>\n  <loc>https://mariepeltier.org/marie-peltier-dans-les-medias/conference-281021-a-ath-la-cancel-culture</loc>\n  <lastmod>2021-09-24T12:16:06+02:00</lastmod>\n  <priority>0.5</priority>\n </url>\n <url>\n  <loc>https://mariepeltier.org/marie-peltier-dans-les-medias/il-y-a-un-lien-entre-la-denonciation-tres-ancienne-des-juifs-et-l</loc>\n  <lastmod>2021-09-26T17:20:59+02:00</lastmod>\n  <priority>0.5</priority>\n </url>\n <url>\n  <loc>https://mariepeltier.org/marie-peltier-dans-les-medias/la-theorie-du-grand-remplacement-est-elle-une-vraie-menace-ou-un-faux</loc>\n  <lastmod>2021-09-30T07:36:58+02:00</lastmod>\n  <priority>0.5</priority>\n </url>\n <url>\n  <loc>https://mariepeltier.org/marie-peltier-dans-les-medias/complotisme-une-menace-surestimee</loc>\n  <lastmod>2021-10-05T14:53:24+02:00</lastmod>\n  <priority>0.5</priority>\n </url>\n <url>\n  <loc>https://mariepeltier.org/marie-peltier-dans-les-medias/quel-avenir-pour-le-complotisme-avec-marie-peltier-historienne-et</loc>\n  <lastmod>2021-10-15T16:53:17+02:00</lastmod>\n  <priority>0.5</priority>\n </url>\n <url>\n  <loc>https://mariepeltier.org/marie-peltier-dans-les-medias/telecauserie-le-complotisme-mythe-ou-realite-avec-marie-peltier</loc>\n  <lastmod>2021-10-22T12:26:08+02:00</lastmod>\n  <priority>0.5</priority>\n </url>\n <url>\n  <loc>https://mariepeltier.org/marie-peltier-dans-les-medias/conference-18112021-a-bruxelles-20-ans-apres-le-11-septembre-le</loc>\n  <lastmod>2021-11-03T19:01:04+01:00</lastmod>\n  <priority>0.5</priority>\n </url>\n <url>\n  <loc>https://mariepeltier.org/marie-peltier-dans-les-medias/ne-laissons-pas-les-dictatures-se-servir-de-la-justice-francaise-pour</loc>\n  <lastmod>2021-12-14T20:54:44+01:00</lastmod>\n  <priority>0.5</priority>\n </url>\n <url>\n  <loc>https://mariepeltier.org/marie-peltier-dans-les-medias/vaccination-pourquoi-les-femmes-sont-elles-plus-sceptiques-que-les</loc>\n  <lastmod>2022-01-13T12:10:26+01:00</lastmod>\n  <priority>0.5</priority>\n </url>\n <url>\n  <loc>https://mariepeltier.org/marie-peltier-dans-les-medias/colloque-sur-le-complotisme-a-montpellier-le-6-fevrier-2022</loc>\n  <lastmod>2022-01-16T13:17:37+01:00</lastmod>\n  <priority>0.5</priority>\n </url>\n <url>\n  <loc>https://mariepeltier.org/marie-peltier-dans-les-medias/conference-de-marie-peltier-a-montpellier-le-6-fevrier-2022</loc>\n  <lastmod>2022-02-10T20:47:12+01:00</lastmod>\n  <priority>0.5</priority>\n </url>\n <url>\n  <loc>https://mariepeltier.org/marie-peltier-dans-les-medias/conference-de-marie-peltier-a-rouen-le-3-mars-2022</loc>\n  <lastmod>2022-02-14T18:35:13+01:00</lastmod>\n  <priority>0.5</priority>\n </url>\n <url>\n  <loc>https://mariepeltier.org/marie-peltier-dans-les-medias/ukraine-melenchon-aux-prises-avec-son-passe</loc>\n  <lastmod>2022-02-27T13:50:07+01:00</lastmod>\n  <priority>0.5</priority>\n </url>\n <url>\n  <loc>https://mariepeltier.org/marie-peltier-dans-les-medias/rencontre-debat-du-12-mars-2022-avec-marie-peltier-a-argenteuil</loc>\n  <lastmod>2022-04-13T12:22:50+02:00</lastmod>\n  <priority>0.5</priority>\n </url>\n <url>\n  <loc>https://mariepeltier.org/marie-peltier-dans-les-medias/rencontre-debat-du-17-mars-2022-avec-alain-chouraqui-a-lille</loc>\n  <lastmod>2022-03-14T15:56:02+01:00</lastmod>\n  <priority>0.5</priority>\n </url>\n <url>\n  <loc>https://mariepeltier.org/marie-peltier-dans-les-medias/colloque-de-l-unadfi-du-25-mars-2022-a-paris</loc>\n  <lastmod>2022-03-23T18:53:14+01:00</lastmod>\n  <priority>0.5</priority>\n </url>\n <url>\n  <loc>https://mariepeltier.org/marie-peltier-dans-les-medias/conference-du-26-mars-2022-de-marie-peltier-a-la-base-paris</loc>\n  <lastmod>2022-04-01T20:10:35+02:00</lastmod>\n  <priority>0.5</priority>\n </url>\n <url>\n  <loc>https://mariepeltier.org/marie-peltier-dans-les-medias/rencontre-du-27-mars-2022-sur-l-antisemitisme-au-memorial-de-la-shoah</loc>\n  <lastmod>2022-04-01T20:13:36+02:00</lastmod>\n  <priority>0.5</priority>\n </url>\n <url>\n  <loc>https://mariepeltier.org/marie-peltier-dans-les-medias/le-debat-des-decodeurs-le-poisson-d-avril-une-tradition-a-abolir</loc>\n  <lastmod>2022-04-06T10:50:53+02:00</lastmod>\n  <priority>0.5</priority>\n </url>\n <url>\n  <loc>https://mariepeltier.org/marie-peltier-dans-les-medias/desinformation-russe-on-a-reagi-trop-tard-les-discours-du-kremlin</loc>\n  <lastmod>2022-04-01T20:05:51+02:00</lastmod>\n  <priority>0.5</priority>\n </url>\n <url>\n  <loc>https://mariepeltier.org/marie-peltier-dans-les-medias/c-politique-du-3-avril-2022-la-desinformation-russe</loc>\n  <lastmod>2022-04-06T10:49:13+02:00</lastmod>\n  <priority>0.5</priority>\n </url>\n <url>\n  <loc>https://mariepeltier.org/marie-peltier-dans-les-medias/face-au-massacre-de-civils-a-boutcha-une-propagande-russe-bien-rodee</loc>\n  <lastmod>2022-04-06T10:47:44+02:00</lastmod>\n  <priority>0.5</priority>\n </url>\n <url>\n  <loc>https://mariepeltier.org/marie-peltier-dans-les-medias/marie-peltier-historienne-la-propagande-russe-aujourd-hui-est-un</loc>\n  <lastmod>2022-04-07T21:25:25+02:00</lastmod>\n  <priority>0.5</priority>\n </url>\n <url>\n  <loc>https://mariepeltier.org/marie-peltier-dans-les-medias/rien-ne-sert-de-lutter-contre-la-desinformation-si-on-ne-met-pas-fin</loc>\n  <lastmod>2022-04-08T21:02:06+02:00</lastmod>\n  <priority>0.5</priority>\n </url>\n <url>\n  <loc>https://mariepeltier.org/marie-peltier-dans-les-medias/marie-peltier-la-propagande-tue-en-ukraine</loc>\n  <lastmod>2022-04-09T20:30:21+02:00</lastmod>\n  <priority>0.5</priority>\n </url>\n <url>\n  <loc>https://mariepeltier.org/marie-peltier-dans-les-medias/face-a-la-menace-de-l-extreme-droite-plus-jamais-ca-dans-les-rues</loc>\n  <lastmod>2022-04-16T10:54:18+02:00</lastmod>\n  <priority>0.5</priority>\n </url>\n <url>\n  <loc>https://mariepeltier.org/marie-peltier-dans-les-medias/interview-sur-la-propagande-du-kremlin-dans-le-jt-de-23h-de-france</loc>\n  <lastmod>2022-04-16T13:44:49+02:00</lastmod>\n  <priority>0.5</priority>\n </url>\n <url>\n  <loc>https://mariepeltier.org/marie-peltier-dans-les-medias/histoire-d-un-phenomene-contemporain-aux-racines-lointaines</loc>\n  <lastmod>2022-04-18T21:21:06+02:00</lastmod>\n  <priority>0.5</priority>\n </url>\n <url>\n  <loc>https://mariepeltier.org/marie-peltier-dans-les-medias/complotisme-si-loin-si-proche</loc>\n  <lastmod>2022-05-13T18:38:41+02:00</lastmod>\n  <priority>0.5</priority>\n </url>\n <url>\n  <loc>https://mariepeltier.org/marie-peltier-dans-les-medias/c-est-surtout-par-la-formation-politique-qu-on-retrouve-les</loc>\n  <lastmod>2022-05-23T18:01:14+02:00</lastmod>\n  <priority>0.5</priority>\n </url>\n <url>\n  <loc>https://mariepeltier.org/marie-peltier-dans-les-medias/les-conspis-tuent</loc>\n  <lastmod>2022-05-24T17:17:13+02:00</lastmod>\n  <priority>0.5</priority>\n </url>\n <url>\n  <loc>https://mariepeltier.org/marie-peltier-dans-les-medias/conference-a-molenbeek-le-15062022-la-cancel-culture</loc>\n  <lastmod>2022-05-31T11:35:22+02:00</lastmod>\n  <priority>0.5</priority>\n </url>\n <url>\n  <loc>https://mariepeltier.org/marie-peltier-dans-les-medias/anne-hidalgo-a-t-elle-rencontre-des-representants-de-sos-chretiens-d</loc>\n  <lastmod>2022-06-10T15:05:32+02:00</lastmod>\n  <priority>0.5</priority>\n </url>\n <url>\n  <loc>https://mariepeltier.org/marie-peltier-dans-les-medias/sputnik-cite-dans-une-epreuve-du-ce1d-francais-inadmissible-caroline</loc>\n  <lastmod>2022-06-20T15:09:39+02:00</lastmod>\n  <priority>0.5</priority>\n </url>\n <url>\n  <loc>https://mariepeltier.org/marie-peltier-dans-les-medias/information-en-temps-de-guerre-l-art-du-mensonge</loc>\n  <lastmod>2022-06-21T14:08:48+02:00</lastmod>\n  <priority>0.5</priority>\n </url>\n <url>\n  <loc>https://mariepeltier.org/marie-peltier-dans-les-medias/27-29-juin-2022-les-rencontres-de-la-saline-l-universalisme-dans-la</loc>\n  <lastmod>2022-07-20T15:54:59+02:00</lastmod>\n  <priority>0.5</priority>\n </url>\n <url>\n  <loc>https://mariepeltier.org/marie-peltier-dans-les-medias/polemique-a-lfi-l-antisemitisme-dans-le-discours-politique-marie</loc>\n  <lastmod>2022-07-26T15:05:02+02:00</lastmod>\n  <priority>0.5</priority>\n </url>\n <url>\n  <loc>https://mariepeltier.org/marie-peltier-dans-les-medias/pourquoi-france-memoire-a-t-elle-inscrit-maurice-barres-dans-sa-liste</loc>\n  <lastmod>2022-08-01T17:46:06+02:00</lastmod>\n  <priority>0.5</priority>\n </url>\n <url>\n  <loc>https://mariepeltier.org/marie-peltier-dans-les-medias/a-soignies-des-residents-handicapes-mentaux-reprennent-un-tube</loc>\n  <lastmod>2022-09-13T16:05:41+02:00</lastmod>\n  <priority>0.5</priority>\n </url>\n <url>\n  <loc>https://mariepeltier.org/marie-peltier-dans-les-medias/anti-imperialistes-anti-systemes-et-complotistes-enquete-sur-les</loc>\n  <lastmod>2022-09-20T14:54:17+02:00</lastmod>\n  <priority>0.5</priority>\n </url>\n <url>\n  <loc>https://mariepeltier.org/marie-peltier-dans-les-medias/marie-peltier-le-recit-democratique-face-a-celui-du-complotisme</loc>\n  <lastmod>2022-09-26T19:27:44+02:00</lastmod>\n  <priority>0.5</priority>\n </url>\n <url>\n  <loc>https://mariepeltier.org/marie-peltier-dans-les-medias/l-histoire-du-complotisme-par-marie-peltier-sur-nota-bene</loc>\n  <lastmod>2022-10-25T12:21:13+02:00</lastmod>\n  <priority>0.5</priority>\n </url>\n <url>\n  <loc>https://mariepeltier.org/marie-peltier-dans-les-medias/conference-a-loverval-le-17102022-la-democratie-en-danger</loc>\n  <lastmod>2022-10-13T14:10:41+02:00</lastmod>\n  <priority>0.5</priority>\n </url>\n <url>\n  <loc>https://mariepeltier.org/marie-peltier-dans-les-medias/intervention-aux-rencontres-europeennes-de-la-participation-a-rennes</loc>\n  <lastmod>2022-10-14T11:34:01+02:00</lastmod>\n  <priority>0.5</priority>\n </url>\n <url>\n  <loc>https://mariepeltier.org/marie-peltier-dans-les-medias/guerre-en-ukraine-la-theorie-de-la-mise-en-scene-l-argument-tres</loc>\n  <lastmod>2022-10-18T17:35:14+02:00</lastmod>\n  <priority>0.5</priority>\n </url>\n <url>\n  <loc>https://mariepeltier.org/marie-peltier-dans-les-medias/conference-15112022-a-arlon-discours-reac-comment-gagnent-ils-les</loc>\n  <lastmod>2022-10-19T16:46:00+02:00</lastmod>\n  <priority>0.5</priority>\n </url>\n <url>\n  <loc>https://mariepeltier.org/marie-peltier-dans-les-medias/conference-31102022-a-nivelles-20-ans-apres-le-11-septembre-le</loc>\n  <lastmod>2022-10-26T18:09:32+02:00</lastmod>\n  <priority>0.5</priority>\n </url>\n <url>\n  <loc>https://mariepeltier.org/marie-peltier-dans-les-medias/guerre-en-ukraine-que-sait-on-de-la-theorie-sur-les-laboratoires</loc>\n  <lastmod>2022-10-28T17:08:02+02:00</lastmod>\n  <priority>0.5</priority>\n </url>\n <url>\n  <loc>https://mariepeltier.org/marie-peltier-dans-les-medias/des-utilisateurs-quittent-twitter-par-refus-de-nourrir-la-machine-a</loc>\n  <lastmod>2022-11-06T18:58:20+01:00</lastmod>\n  <priority>0.5</priority>\n </url>\n <url>\n  <loc>https://mariepeltier.org/marie-peltier-dans-les-medias/conference-19012023-a-comines-la-cancel-culture</loc>\n  <lastmod>2022-11-29T17:59:26+01:00</lastmod>\n  <priority>0.5</priority>\n </url>\n <url>\n  <loc>https://mariepeltier.org/marie-peltier-dans-les-medias/le-grand-mechant-woke</loc>\n  <lastmod>2022-11-23T14:02:57+01:00</lastmod>\n  <priority>0.5</priority>\n </url>\n <url>\n  <loc>https://mariepeltier.org/marie-peltier-dans-les-medias/formation-a-namur-sur-le-conspirationnisme-le-10-decembre-2022</loc>\n  <lastmod>2022-11-29T17:55:38+01:00</lastmod>\n  <priority>0.5</priority>\n </url>\n <url>\n  <loc>https://mariepeltier.org/marie-peltier-dans-les-medias/au-coeur-de-la-propagande-russe</loc>\n  <lastmod>2022-12-12T13:02:29+01:00</lastmod>\n  <priority>0.5</priority>\n </url>\n <url>\n  <loc>https://mariepeltier.org/marie-peltier-dans-les-medias/vrai-ou-fake-que-s-est-il-passe-avec-segolene-royal</loc>\n  <lastmod>2022-12-08T16:36:43+01:00</lastmod>\n  <priority>0.5</priority>\n </url>\n <url>\n  <loc>https://mariepeltier.org/marie-peltier-dans-les-medias/il-y-a-une-depolitisation-tres-forte-du-complotisme-de-la-part-du</loc>\n  <lastmod>2022-12-12T13:05:49+01:00</lastmod>\n  <priority>0.5</priority>\n </url>\n <url>\n  <loc>https://mariepeltier.org/blog/article/nouvelle-preface-de-l-ere-du-complotisme</loc>\n  <lastmod>2021-07-26T23:06:05+02:00</lastmod>\n  <changefreq>weekly</changefreq>\n  <priority>1.0</priority>\n </url>\n <url>\n  <loc>https://mariepeltier.org/blog/article/complotisme-et-radicalisation-ou-le-syndrome-de-la-memoire-courte</loc>\n  <lastmod>2022-11-03T16:59:15+01:00</lastmod>\n  <changefreq>weekly</changefreq>\n  <priority>1.0</priority>\n </url>\n <url>\n  <loc>https://mariepeltier.org/blog/article/le-boucher-assad-et-les-urnes-ou-la-vedrinisation-de-tous-les-esprits</loc>\n  <lastmod>2021-07-09T17:13:02+02:00</lastmod>\n  <changefreq>weekly</changefreq>\n  <priority>1.0</priority>\n </url>\n <url>\n  <loc>https://mariepeltier.org/blog/article/un-hors-des-reseaux-un-premier-bilan</loc>\n  <lastmod>2021-07-09T17:12:37+02:00</lastmod>\n  <changefreq>weekly</changefreq>\n  <priority>1.0</priority>\n </url>\n <url>\n  <loc>https://mariepeltier.org/blog/article/militantisme-et-emprise-sectaire-sortir-du-silence</loc>\n  <lastmod>2021-07-17T19:20:57+02:00</lastmod>\n  <changefreq>weekly</changefreq>\n  <priority>1.0</priority>\n </url>\n <url>\n  <loc>https://mariepeltier.org/blog/article/le-pere-paolo-et-les-graines-de-la-liberte</loc>\n  <lastmod>2021-07-29T10:53:08+02:00</lastmod>\n  <changefreq>weekly</changefreq>\n  <priority>1.0</priority>\n </url>\n <url>\n  <loc>https://mariepeltier.org/blog/article/la-mise-en-recit-du-11-septembre-2001-le-discours-complotiste-comme-menace-a-la</loc>\n  <lastmod>2021-10-23T20:23:14+02:00</lastmod>\n  <changefreq>weekly</changefreq>\n  <priority>1.0</priority>\n </url>\n <url>\n  <loc>https://mariepeltier.org/blog/article/quelles-voies-pour-un-anti-conspirationnisme-libre-et-democratique</loc>\n  <lastmod>2021-10-02T19:28:41+02:00</lastmod>\n  <changefreq>weekly</changefreq>\n  <priority>1.0</priority>\n </url>\n <url>\n  <loc>https://mariepeltier.org/blog/article/offre-de-stage-travail-de-sensibilisation-au-complotisme</loc>\n  <lastmod>2021-11-03T18:44:54+01:00</lastmod>\n  <changefreq>weekly</changefreq>\n  <priority>1.0</priority>\n </url>\n <url>\n  <loc>https://mariepeltier.org/blog/article/meilleurs-voeux-2022</loc>\n  <lastmod>2021-12-31T11:44:16+01:00</lastmod>\n  <changefreq>weekly</changefreq>\n  <priority>1.0</priority>\n </url>\n <url>\n  <loc>https://mariepeltier.org/blog/article/communique-d-actionsyrie-au-sujet-de-soumaya-hallak</loc>\n  <lastmod>2022-01-17T19:03:11+01:00</lastmod>\n  <changefreq>weekly</changefreq>\n  <priority>1.0</priority>\n </url>\n <url>\n  <loc>https://mariepeltier.org/blog/article/par-dela-l-emprise</loc>\n  <lastmod>2022-01-17T20:36:04+01:00</lastmod>\n  <changefreq>weekly</changefreq>\n  <priority>1.0</priority>\n </url>\n <url>\n  <loc>https://mariepeltier.org/blog/article/sos-chretiens-d-orient-et-la-propagande-de-damas-miroir-de-nos-compromissions</loc>\n  <lastmod>2022-04-02T19:32:45+02:00</lastmod>\n  <changefreq>weekly</changefreq>\n  <priority>1.0</priority>\n </url>\n <url>\n  <loc>https://mariepeltier.org/conference/reseaux-sociaux-et-debat-public-quelques-reperes-pour-y-voir-clair</loc>\n  <lastmod>2021-07-28T23:15:55+02:00</lastmod>\n  <changefreq>weekly</changefreq>\n  <priority>1.0</priority>\n </url>\n <url>\n  <loc>https://mariepeltier.org/autre/la-cancel-culture-mythe-et-realites</loc>\n  <lastmod>2021-07-01T16:13:14+02:00</lastmod>\n  <changefreq>weekly</changefreq>\n  <priority>1.0</priority>\n </url>\n <url>\n  <loc>https://mariepeltier.org/autre/conflit-syrien-et-propagande-quelques-reperes-pour-y-voir-clair</loc>\n  <lastmod>2021-07-01T16:13:14+02:00</lastmod>\n  <changefreq>weekly</changefreq>\n  <priority>1.0</priority>\n </url>\n <url>\n  <loc>https://mariepeltier.org/autre/comment-reagir-face-a-des-propos-complotistes</loc>\n  <lastmod>2021-07-01T16:13:14+02:00</lastmod>\n  <changefreq>weekly</changefreq>\n  <priority>1.0</priority>\n </url>\n <url>\n  <loc>https://mariepeltier.org/autre/le-monde-post-trump-enjeux-et-perspectives</loc>\n  <lastmod>2021-07-01T16:13:14+02:00</lastmod>\n  <changefreq>weekly</changefreq>\n  <priority>1.0</priority>\n </url>\n <url>\n  <loc>https://mariepeltier.org/conference/moyen-orient-et-propagande-ou-est-la-verite</loc>\n  <lastmod>2021-07-28T23:12:40+02:00</lastmod>\n  <changefreq>weekly</changefreq>\n  <priority>1.0</priority>\n </url>\n <url>\n  <loc>https://mariepeltier.org/autre/peut-on-deradicaliser-un-complotiste-le-complotisme-est-il-une-secte</loc>\n  <lastmod>2021-07-08T19:14:18+02:00</lastmod>\n  <changefreq>weekly</changefreq>\n  <priority>1.0</priority>\n </url>\n <url>\n  <loc>https://mariepeltier.org/autre/femmes-et-parole-publique-quelques-reperes</loc>\n  <lastmod>2021-07-01T16:13:14+02:00</lastmod>\n  <changefreq>weekly</changefreq>\n  <priority>1.0</priority>\n </url>\n <url>\n  <loc>https://mariepeltier.org/formation/20-ans-apres-le-11-septembre-histoire-et-mecanismes-du-conspirationnisme-contemporain</loc>\n  <lastmod>2021-09-21T18:43:01+02:00</lastmod>\n  <changefreq>weekly</changefreq>\n  <priority>1.0</priority>\n </url>\n <url>\n  <loc>https://mariepeltier.org/conference/la-memoire-de-la-deuxieme-guerre-mondiale-dans-le-debat-public-entre-deni-et-obsession</loc>\n  <lastmod>2021-08-19T13:29:29+02:00</lastmod>\n  <changefreq>weekly</changefreq>\n  <priority>1.0</priority>\n </url>\n <url>\n  <loc>https://mariepeltier.org/conference/vaccins-pass-sanitaires-pourquoi-le-covid-nous-divise-t-il-autant</loc>\n  <lastmod>2021-08-19T13:29:29+02:00</lastmod>\n  <changefreq>weekly</changefreq>\n  <priority>1.0</priority>\n </url>\n <url>\n  <loc>https://mariepeltier.org/conference/ecologie-medecines-alternatives-retour-au-naturel-tous-complotistes</loc>\n  <lastmod>2021-09-24T15:56:44+02:00</lastmod>\n  <changefreq>weekly</changefreq>\n  <priority>1.0</priority>\n </url>\n <url>\n  <loc>https://mariepeltier.org/conference/posture-antisysteme-et-antisemitisme-la-haine-des-medias-cache-sexe-de-la-haine-des</loc>\n  <lastmod>2021-09-21T19:33:42+02:00</lastmod>\n  <changefreq>weekly</changefreq>\n  <priority>1.0</priority>\n </url>\n <url>\n  <loc>https://mariepeltier.org/conference/le-politique-pour-les-nuls</loc>\n  <lastmod>2021-11-05T21:01:19+01:00</lastmod>\n  <changefreq>weekly</changefreq>\n  <priority>1.0</priority>\n </url>\n <url>\n  <loc>https://mariepeltier.org/conference/crise-de-la-democratie-et-conspirationnisme-de-quoi-parle-t-on</loc>\n  <lastmod>2021-11-05T21:01:19+01:00</lastmod>\n  <changefreq>weekly</changefreq>\n  <priority>1.0</priority>\n </url>\n <url>\n  <loc>https://mariepeltier.org/conference/le-wokisme-est-il-une-menace-pour-la-vie-en-societe</loc>\n  <lastmod>2021-11-23T21:12:38+01:00</lastmod>\n  <changefreq>weekly</changefreq>\n  <priority>1.0</priority>\n </url>\n <url>\n  <loc>https://mariepeltier.org/conference/complotisme-et-islamophobie-quand-les-theories-du-complot-sont-au-service-de-la-haine</loc>\n  <lastmod>2021-12-25T11:34:23+01:00</lastmod>\n  <changefreq>weekly</changefreq>\n  <priority>1.0</priority>\n </url>\n <url>\n  <loc>https://mariepeltier.org/formation/moyen-orient-et-propagande-au-coeur-des-logiques-de-desinformation-sur-l-ici-et-la-bas</loc>\n  <lastmod>2022-01-03T13:51:45+01:00</lastmod>\n  <changefreq>weekly</changefreq>\n  <priority>1.0</priority>\n </url>\n <url>\n  <loc>https://mariepeltier.org/conference/vaccins-et-complotisme-sanitaire-comment-envisager-l-apres-covid</loc>\n  <lastmod>2021-12-25T11:34:23+01:00</lastmod>\n  <changefreq>weekly</changefreq>\n  <priority>1.0</priority>\n </url>\n <url>\n  <loc>https://mariepeltier.org/conference/le-harcelement-en-ligne-de-quoi-parle-t-on</loc>\n  <lastmod>2021-12-25T11:34:23+01:00</lastmod>\n  <changefreq>weekly</changefreq>\n  <priority>1.0</priority>\n </url>\n <url>\n  <loc>https://mariepeltier.org/conference/guide-de-survie-face-au-conspirationnisme-ambiant</loc>\n  <lastmod>2021-12-25T11:34:23+01:00</lastmod>\n  <changefreq>weekly</changefreq>\n  <priority>1.0</priority>\n </url>\n <url>\n  <loc>https://mariepeltier.org/conference/reseaux-sociaux-en-temps-de-crise-quels-comportements-quels-risques-quelles-pistes</loc>\n  <lastmod>2022-03-02T17:27:35+01:00</lastmod>\n  <changefreq>weekly</changefreq>\n  <priority>1.0</priority>\n </url>\n <url>\n  <loc>https://mariepeltier.org/conference/indignation-selective-et-relations-internationales-quand-le-discours-est-au-service-de</loc>\n  <lastmod>2022-03-02T17:27:35+01:00</lastmod>\n  <changefreq>weekly</changefreq>\n  <priority>1.0</priority>\n </url>\n <url>\n  <loc>https://mariepeltier.org/conference/lutte-contre-la-desinformation-et-guerre-en-ukraine-quelles-impasses-quelles</loc>\n  <lastmod>2022-05-08T20:35:31+02:00</lastmod>\n  <changefreq>weekly</changefreq>\n  <priority>1.0</priority>\n </url>\n <url>\n  <loc>https://mariepeltier.org/conference/feminisme-et-relations-internationales-vers-une-refondation-balises-et-perspectives</loc>\n  <lastmod>2022-04-27T16:57:45+02:00</lastmod>\n  <changefreq>weekly</changefreq>\n  <priority>1.0</priority>\n </url>\n <url>\n  <loc>https://mariepeltier.org/conference/montee-de-l-extreme-droite-et-reconfiguration-du-paysage-politique-europeen-ou-en-sommes</loc>\n  <lastmod>2022-05-08T17:22:23+02:00</lastmod>\n  <changefreq>weekly</changefreq>\n  <priority>1.0</priority>\n </url>\n <url>\n  <loc>https://mariepeltier.org/conference/la-cancel-culture-et-l-affaire-heard-depp-mise-en-perspective</loc>\n  <lastmod>2022-06-01T18:33:28+02:00</lastmod>\n  <changefreq>weekly</changefreq>\n  <priority>1.0</priority>\n </url>\n <url>\n  <loc>https://mariepeltier.org/conference/lutte-contre-les-crimes-de-guerre-en-ukraine-on-fait-le-point</loc>\n  <lastmod>2022-06-01T18:33:28+02:00</lastmod>\n  <changefreq>weekly</changefreq>\n  <priority>1.0</priority>\n </url>\n <url>\n  <loc>https://mariepeltier.org/conference/desinformation-et-neutralite-faut-il-etre-neutre-pour-lutter-contre-la-desinformation</loc>\n  <lastmod>2022-08-09T20:48:07+02:00</lastmod>\n  <changefreq>weekly</changefreq>\n  <priority>1.0</priority>\n </url>\n <url>\n  <loc>https://mariepeltier.org/conference/debat-public-et-bienveillance-dialoguer-ou-combattre</loc>\n  <lastmod>2022-08-17T11:12:24+02:00</lastmod>\n  <changefreq>weekly</changefreq>\n  <priority>1.0</priority>\n </url>\n <url>\n  <loc>https://mariepeltier.org/conference/recits-sur-le-moyen-orient-comment-se-situer</loc>\n  <lastmod>2022-10-17T10:20:23+02:00</lastmod>\n  <changefreq>weekly</changefreq>\n  <priority>1.0</priority>\n </url>\n <url>\n  <loc>https://mariepeltier.org/conference/comment-eduquer-aux-medias-dans-un-climat-de-defiance</loc>\n  <lastmod>2022-09-26T17:12:43+02:00</lastmod>\n  <changefreq>weekly</changefreq>\n  <priority>1.0</priority>\n </url>\n <url>\n  <loc>https://mariepeltier.org/conference/femmes-et-parole-publique-comment-se-reperer-comment-soutenir</loc>\n  <lastmod>2022-10-31T11:46:13+01:00</lastmod>\n  <changefreq>weekly</changefreq>\n  <priority>1.0</priority>\n </url>\n <url>\n  <loc>https://mariepeltier.org/conference/les-discours-reactionnaires-sont-ils-en-train-de-gagner-la-partie</loc>\n  <lastmod>2022-10-31T11:46:13+01:00</lastmod>\n  <changefreq>weekly</changefreq>\n  <priority>1.0</priority>\n </url>\n <url>\n  <loc>https://mariepeltier.org/conference/un-bilan-politique-et-progressiste-de-l-annee-2022</loc>\n  <lastmod>2022-11-28T17:18:25+01:00</lastmod>\n  <changefreq>weekly</changefreq>\n  <priority>1.0</priority>\n </url>\n <url>\n  <loc>https://mariepeltier.org/conference/comment-decoder-un-discours-reactionnaire</loc>\n  <lastmod>2022-11-28T17:18:25+01:00</lastmod>\n  <changefreq>weekly</changefreq>\n  <priority>1.0</priority>\n </url>\n <url>\n  <loc>https://mariepeltier.org/node/1</loc>\n  <lastmod>2021-02-26T13:03:28+01:00</lastmod>\n  <changefreq>weekly</changefreq>\n  <priority>1.0</priority>\n </url>\n <url>\n  <loc>https://mariepeltier.org/node/2</loc>\n  <lastmod>2022-08-20T16:39:59+02:00</lastmod>\n  <changefreq>weekly</changefreq>\n  <priority>1.0</priority>\n </url>\n <url>\n  <loc>https://mariepeltier.org/conferences</loc>\n  <lastmod>2022-04-18T17:34:10+02:00</lastmod>\n  <changefreq>weekly</changefreq>\n  <priority>1.0</priority>\n </url>\n <url>\n  <loc>https://mariepeltier.org/formations</loc>\n  <lastmod>2021-12-20T09:27:45+01:00</lastmod>\n  <changefreq>weekly</changefreq>\n  <priority>1.0</priority>\n </url>\n <url>\n  <loc>https://mariepeltier.org/node/50</loc>\n  <lastmod>2022-06-08T19:42:11+02:00</lastmod>\n  <changefreq>weekly</changefreq>\n  <priority>1.0</priority>\n </url>\n <url>\n  <loc>https://mariepeltier.org/actualites</loc>\n  <lastmod>2021-07-12T10:29:46+02:00</lastmod>\n  <changefreq>weekly</changefreq>\n  <priority>1.0</priority>\n </url>\n <url>\n  <loc>https://mariepeltier.org/blog</loc>\n  <lastmod>2021-07-12T10:31:51+02:00</lastmod>\n  <changefreq>weekly</changefreq>\n  <priority>1.0</priority>\n </url>\n <url>\n  <loc>https://mariepeltier.org/livres</loc>\n  <lastmod>2021-07-12T10:28:46+02:00</lastmod>\n  <changefreq>weekly</changefreq>\n  <priority>1.0</priority>\n </url>\n <url>\n  <loc>https://mariepeltier.org/administration</loc>\n  <lastmod>2021-04-18T18:44:05+02:00</lastmod>\n  <changefreq>weekly</changefreq>\n  <priority>1.0</priority>\n </url>\n <url>\n  <loc>https://mariepeltier.org/biographie</loc>\n  <lastmod>2021-07-12T10:30:52+02:00</lastmod>\n  <changefreq>weekly</changefreq>\n  <priority>1.0</priority>\n </url>\n <url>\n  <loc>https://mariepeltier.org/a-propos</loc>\n  <lastmod>2021-07-12T10:27:47+02:00</lastmod>\n  <changefreq>weekly</changefreq>\n  <priority>1.0</priority>\n </url>\n</urlset>\n', 1671248484, 1, 144);

-- --------------------------------------------------------

--
-- Structure de la table `prod_d8simple_sitemap_entity_overrides`
--

CREATE TABLE `prod_d8simple_sitemap_entity_overrides` (
  `id` int(10) UNSIGNED NOT NULL COMMENT 'Override unique identifier.',
  `type` varchar(50) NOT NULL COMMENT 'Type of sitemap this override belongs to.',
  `entity_type` varchar(32) NOT NULL COMMENT 'Entity type of the overriding entity.',
  `entity_id` varchar(32) NOT NULL COMMENT 'ID of the overriding entity.',
  `inclusion_settings` blob COMMENT 'Setting for the overriding entity.'
) ENGINE=InnoDB DEFAULT CHARSET=utf8mb4 COMMENT='Holds sitemap settings overridden by entities.';

--
-- Déchargement des données de la table `prod_d8simple_sitemap_entity_overrides`
--

INSERT INTO `prod_d8simple_sitemap_entity_overrides` (`id`, `type`, `entity_type`, `entity_id`, `inclusion_settings`) VALUES
(1, 'default', 'node', '672', 0x613a343a7b733a353a22696e646578223b623a303b733a383a227072696f72697479223b733a333a22312e30223b733a31303a226368616e676566726571223b733a363a227765656b6c79223b733a31343a22696e636c7564655f696d61676573223b623a303b7d);

-- --------------------------------------------------------

--
-- Structure de la table `prod_d8taxonomy_index`
--

CREATE TABLE `prod_d8taxonomy_index` (
  `nid` int(10) UNSIGNED NOT NULL DEFAULT '0' COMMENT 'The prod_d8node.nid this record tracks.',
  `tid` int(10) UNSIGNED NOT NULL DEFAULT '0' COMMENT 'The term ID.',
  `status` int(11) NOT NULL DEFAULT '1' COMMENT 'Boolean indicating whether the node is published (visible to non-administrators).',
  `sticky` tinyint(4) DEFAULT '0' COMMENT 'Boolean indicating whether the node is sticky.',
  `created` int(11) NOT NULL DEFAULT '0' COMMENT 'The Unix timestamp when the node was created.'
) ENGINE=InnoDB DEFAULT CHARSET=utf8mb4 COMMENT='Maintains denormalized information about node/term…';

--
-- Déchargement des données de la table `prod_d8taxonomy_index`
--

INSERT INTO `prod_d8taxonomy_index` (`nid`, `tid`, `status`, `sticky`, `created`) VALUES
(101, 1, 1, 0, 1620993058),
(153, 1, 1, 0, 1621451801),
(154, 1, 1, 0, 1621590235),
(160, 1, 1, 0, 1622720539),
(165, 1, 1, 0, 1623679494),
(171, 1, 1, 0, 1624260900),
(172, 1, 1, 0, 1624262320),
(173, 1, 1, 0, 1624833740),
(174, 1, 1, 0, 1625160087),
(177, 1, 1, 0, 1626111424),
(179, 1, 1, 0, 1626896726),
(193, 1, 1, 0, 1629109728),
(204, 1, 1, 0, 1631095589),
(234, 1, 1, 0, 1633171313),
(261, 1, 1, 0, 1634463623),
(337, 1, 1, 0, 1640947332),
(415, 1, 1, 0, 1647981473),
(101, 2, 1, 0, 1620993058),
(173, 2, 1, 0, 1624833740),
(101, 3, 1, 0, 1620993058),
(101, 4, 1, 0, 1620993058),
(154, 4, 1, 0, 1621590235),
(138, 15, 1, 0, 1621264603),
(159, 15, 1, 0, 1622474634),
(174, 15, 1, 0, 1625160087),
(176, 15, 1, 0, 1625575329),
(178, 15, 1, 0, 1626538741),
(138, 24, 1, 0, 1621264603),
(159, 24, 1, 0, 1622474634),
(138, 25, 1, 0, 1621264603),
(153, 27, 1, 0, 1621451801),
(193, 27, 1, 0, 1629109728),
(154, 28, 1, 0, 1621590235),
(165, 28, 1, 0, 1623679494),
(154, 29, 1, 0, 1621590235),
(160, 30, 1, 0, 1622720539),
(234, 30, 1, 0, 1633171313),
(160, 31, 1, 0, 1622720539),
(161, 31, 1, 0, 1622998186),
(166, 31, 1, 0, 1623679708),
(172, 31, 1, 0, 1624262320),
(177, 31, 1, 0, 1626111424),
(188, 31, 1, 0, 1627546916),
(204, 31, 1, 0, 1631095589),
(344, 31, 1, 0, 1641895892),
(415, 31, 1, 0, 1647981473),
(160, 32, 1, 0, 1622720539),
(161, 33, 1, 0, 1622998186),
(166, 33, 1, 0, 1623679708),
(172, 33, 1, 0, 1624262320),
(177, 33, 1, 0, 1626111424),
(188, 33, 1, 0, 1627546916),
(234, 33, 1, 0, 1633171313),
(344, 33, 1, 0, 1641895892),
(415, 33, 1, 0, 1647981473),
(161, 34, 1, 0, 1622998186),
(188, 34, 1, 0, 1627546916),
(234, 34, 1, 0, 1633171313),
(344, 34, 1, 0, 1641895892),
(165, 35, 1, 0, 1623679494),
(178, 35, 1, 0, 1626538741),
(354, 35, 1, 0, 1642447891),
(166, 36, 1, 0, 1623679708),
(166, 37, 1, 0, 1623679708),
(172, 37, 1, 0, 1624262320),
(166, 38, 1, 0, 1623679708),
(172, 38, 1, 0, 1624262320),
(166, 39, 1, 0, 1623679708),
(172, 39, 1, 0, 1624262320),
(171, 40, 1, 0, 1624260900),
(171, 41, 1, 0, 1624260900),
(173, 42, 1, 0, 1624833740),
(174, 43, 1, 0, 1625160087),
(176, 44, 1, 0, 1625575329),
(128, 45, 1, 0, 1621208387),
(159, 45, 1, 0, 1622474634),
(165, 45, 1, 0, 1623679494),
(172, 45, 1, 0, 1624262320),
(177, 45, 1, 0, 1626111424),
(179, 45, 1, 0, 1626896726),
(180, 45, 1, 0, 1627336085),
(274, 45, 1, 0, 1635787678),
(280, 45, 1, 0, 1636810997),
(173, 46, 1, 0, 1624833740),
(153, 47, 1, 0, 1621451801),
(164, 47, 1, 0, 1623393609),
(171, 47, 1, 0, 1624260900),
(166, 48, 1, 0, 1623679708),
(138, 51, 1, 0, 1621264603),
(158, 51, 1, 0, 1622298732),
(168, 51, 1, 0, 1624001060),
(176, 51, 1, 0, 1625575329),
(996, 51, 1, 0, 1669814705),
(178, 52, 1, 0, 1626538741),
(354, 52, 1, 0, 1642447891),
(178, 53, 1, 0, 1626538741),
(160, 55, 1, 0, 1622720539),
(189, 55, 1, 0, 1627934388),
(193, 55, 1, 0, 1629109728),
(195, 55, 1, 0, 1629373819),
(200, 55, 1, 0, 1630574213),
(203, 55, 1, 0, 1631017862),
(206, 55, 1, 0, 1631197914),
(210, 55, 1, 0, 1631547876),
(213, 55, 1, 0, 1631807905),
(215, 55, 1, 0, 1632144072),
(238, 55, 1, 0, 1633337490),
(254, 55, 1, 0, 1633947710),
(262, 55, 1, 0, 1634556084),
(266, 55, 1, 0, 1635165893),
(269, 55, 1, 0, 1635410105),
(278, 55, 1, 0, 1636199057),
(283, 55, 1, 0, 1636973857),
(294, 55, 1, 0, 1637344400),
(307, 55, 1, 0, 1638194522),
(317, 55, 1, 0, 1639413645),
(330, 55, 1, 0, 1639998772),
(343, 55, 1, 0, 1641809377),
(353, 55, 1, 0, 1642423596),
(366, 55, 1, 0, 1643646882),
(368, 55, 1, 0, 1643914343),
(372, 55, 1, 0, 1644238027),
(379, 55, 1, 0, 1644521230),
(387, 55, 1, 0, 1644857949),
(390, 55, 1, 0, 1645459772),
(395, 55, 1, 0, 1646072846),
(399, 55, 1, 0, 1646249893),
(400, 55, 1, 0, 1646663317),
(405, 55, 1, 0, 1647266400),
(411, 55, 1, 0, 1647622976),
(424, 55, 1, 0, 1648487098),
(457, 55, 1, 0, 1649337407),
(473, 55, 1, 0, 1649700890),
(484, 55, 1, 0, 1650296585),
(494, 55, 1, 0, 1650898270),
(503, 55, 1, 0, 1651251660),
(506, 55, 1, 0, 1651499075),
(535, 55, 1, 0, 1652102957),
(556, 55, 1, 0, 1652716727),
(572, 55, 1, 0, 1653496980),
(579, 55, 1, 0, 1653940840),
(586, 55, 1, 0, 1654102015),
(598, 55, 1, 0, 1654592619),
(601, 55, 1, 0, 1654808643),
(616, 55, 1, 0, 1655220501),
(637, 55, 1, 0, 1655730953),
(670, 55, 1, 0, 1656445978),
(677, 55, 1, 0, 1656601502),
(749, 55, 1, 0, 1659084870),
(833, 55, 1, 0, 1660071299),
(845, 55, 1, 0, 1660729473),
(860, 55, 1, 0, 1661856370),
(869, 55, 1, 0, 1662390812),
(883, 55, 1, 0, 1662988928),
(894, 55, 1, 0, 1663610407),
(908, 55, 1, 0, 1664205701),
(921, 55, 1, 0, 1664809778),
(936, 55, 1, 0, 1665406379),
(949, 55, 1, 0, 1665995472),
(960, 55, 1, 0, 1666626163),
(972, 55, 1, 0, 1667213538),
(982, 55, 1, 0, 1668437152),
(985, 55, 1, 0, 1669017683),
(992, 55, 1, 0, 1669654744),
(1001, 55, 1, 0, 1670587798),
(1019, 55, 1, 0, 1671362707),
(188, 56, 1, 0, 1627546916),
(188, 57, 1, 0, 1627546916),
(204, 58, 1, 0, 1631095589),
(204, 59, 1, 0, 1631095589),
(261, 59, 1, 0, 1634463623),
(337, 59, 1, 0, 1640947332),
(415, 59, 1, 0, 1647981473),
(204, 60, 1, 0, 1631095589),
(234, 61, 1, 0, 1633171313),
(261, 62, 1, 0, 1634463623),
(337, 63, 1, 0, 1640947332),
(344, 64, 1, 0, 1641895892),
(354, 65, 1, 0, 1642447891),
(354, 66, 1, 0, 1642447891);

-- --------------------------------------------------------

--
-- Structure de la table `prod_d8taxonomy_term_data`
--

CREATE TABLE `prod_d8taxonomy_term_data` (
  `tid` int(10) UNSIGNED NOT NULL,
  `revision_id` int(10) UNSIGNED DEFAULT NULL,
  `vid` varchar(32) CHARACTER SET ascii NOT NULL COMMENT 'The ID of the target entity.',
  `uuid` varchar(128) CHARACTER SET ascii NOT NULL,
  `langcode` varchar(12) CHARACTER SET ascii NOT NULL
) ENGINE=InnoDB DEFAULT CHARSET=utf8mb4 COMMENT='The base table for taxonomy_term entities.';

--
-- Déchargement des données de la table `prod_d8taxonomy_term_data`
--

INSERT INTO `prod_d8taxonomy_term_data` (`tid`, `revision_id`, `vid`, `uuid`, `langcode`) VALUES
(1, 1, 'tags', 'dd3c196f-d7b8-4249-a085-77d8eab678cd', 'fr'),
(2, 2, 'tags', '48dfe09f-fd4f-4463-8d10-079fc9da5ad8', 'fr'),
(3, 3, 'tags', '8bafab7d-10ed-42d3-8d45-0fcdbcdd8608', 'fr'),
(4, 4, 'tags', '00223cb1-5daf-4f85-9e31-aa39a0a27f4a', 'fr'),
(5, 5, 'tags', '8e29cda0-87ca-495a-abb7-98bde467d202', 'fr'),
(6, 6, 'tag', '3e14bffb-877e-48b1-9bdd-337e430951f1', 'fr'),
(7, 7, 'tag', '04ddda3d-4d4b-4f2c-8345-4cdccfebad4e', 'fr'),
(8, 8, 'tag', 'd3b44694-255b-4bfc-ba86-3d3399135028', 'fr'),
(9, 9, 'tag', '0b6102a4-7aef-4701-8227-01e4af9cfb10', 'fr'),
(10, 10, 'tags', '1a0af568-6b7f-4a82-9c1f-2d0984db38d4', 'fr'),
(11, 11, 'tags', '0fd08eb5-78bc-4283-aa1a-2a3b26f9f35a', 'fr'),
(12, 12, 'tags', 'a7eaf92e-9d06-42a3-9319-e4c0bec3377d', 'fr'),
(13, 13, 'tags', 'ee94ab79-5fbe-48d2-87b5-d1327d9795dc', 'fr'),
(14, 14, 'tags', '1f2d9ea6-5cf3-44cf-9998-1bf2c4601aa7', 'fr'),
(15, 15, 'tags', '2c490870-33dc-42f1-b179-86c956b796f8', 'fr'),
(16, 16, 'tags', 'f0a0c0f0-ea4b-44c5-b4ca-722cf5d1a752', 'fr'),
(17, 17, 'tags', 'fa27f1c2-a7d6-45fe-b970-72abddcc5cb3', 'fr'),
(18, 18, 'tags', 'db60d925-56fc-44db-93ab-43687074777c', 'fr'),
(19, 19, 'tags', '3ef50543-acf1-48d4-9ffb-a3339423fbc5', 'fr'),
(20, 20, 'tags', '6ba6b34f-cc70-4eb4-9155-973481916338', 'fr'),
(21, 21, 'tags', '82f1394f-2724-4d34-b44e-6fc5486b86af', 'fr'),
(22, 22, 'tags', 'a7f427cf-955c-4514-ac7b-2b7de9651ca3', 'fr'),
(23, 23, 'tags', 'b00ae437-d5b3-4184-9f4c-e62bced8796a', 'fr'),
(24, 24, 'tags', 'a732e315-8bb5-4c4b-bcb1-b2fabafb8919', 'fr'),
(25, 25, 'tags', '82d689b9-d48d-44eb-96cf-8ab885986075', 'fr'),
(26, 26, 'tags', '251fe690-40d9-45ff-a919-8f03ff2ea010', 'fr'),
(27, 27, 'tags', 'a908f54d-03a2-4672-a4b9-81166841a37f', 'fr'),
(28, 28, 'tags', 'c7d89400-4f1a-4cad-bbd4-4d45d755fce0', 'fr'),
(29, 29, 'tags', '2754a5d0-710b-44ee-a799-b077bc183587', 'fr'),
(30, 30, 'tags', '99bdfe44-0d49-4f38-a92f-37ff53e51fb6', 'fr'),
(31, 31, 'tags', '0062e920-e333-41d0-9888-9f31daee4bbb', 'fr'),
(32, 32, 'tags', '650c401f-008d-49eb-80f9-73d4e6e80a68', 'fr'),
(33, 33, 'tags', 'a5a90c0c-cf4b-44db-b2c5-9387350cf49c', 'fr'),
(34, 34, 'tags', '4cb74687-5707-4e04-bc31-30a3cf509900', 'fr'),
(35, 35, 'tags', '47beb5f5-62e9-483d-b899-a74f75d46280', 'fr'),
(36, 36, 'tags', 'edb509f7-77c5-4f75-b6ea-08e7da44f099', 'fr'),
(37, 37, 'tags', '34a98a7d-3204-4651-86f7-38b26123b54e', 'fr'),
(38, 38, 'tags', '59bd854d-9af5-4601-bd48-3ddb5c61ee85', 'fr'),
(39, 39, 'tags', 'bec4bcb0-1632-4d00-b786-f03094db0e9b', 'fr'),
(40, 40, 'tags', 'ae9df2a8-9862-475f-a2e4-0a1a182d76de', 'fr'),
(41, 41, 'tags', 'b18c6c07-9e73-4064-bbbe-13a8c0cb9c51', 'fr'),
(42, 42, 'tags', 'a6de491e-9ca7-4579-8dc8-84e017a27067', 'fr'),
(43, 43, 'tags', '60ecf9b3-1c1a-4111-a210-8f4469173f4d', 'fr'),
(44, 44, 'tags', '562340d8-4525-4310-9990-9a535abc402b', 'fr'),
(45, 45, 'categories_de_publications', '5e37b3fe-5291-4dd0-a370-7b0455be71c6', 'fr'),
(46, 46, 'categories_de_publications', '61d6362b-962d-4d4c-8f48-5dc91e96f1df', 'fr'),
(47, 47, 'categories_de_publications', 'c38a29dd-08a6-4ca7-88be-21ebc9796547', 'fr'),
(48, 48, 'categories_de_publications', 'dcaeba22-6847-4e72-bc7c-a8a011465cec', 'fr'),
(49, 49, 'categories_de_publications', '083a56d0-6385-425d-b3b9-f54ef9058ba4', 'fr'),
(50, 50, 'categories_de_publications', '20e4a2f5-6ad0-4273-9a43-9e208821c2c8', 'fr'),
(51, 51, 'categories_de_publications', 'b322ccd2-191b-4754-9141-ba19f6d8e61a', 'fr'),
(52, 52, 'tags', '086dcfab-01f3-49e5-b115-ca2045662dcc', 'fr'),
(53, 53, 'tags', '24c72a81-a622-426f-b98a-5f1601ee6506', 'fr'),
(54, 54, 'tags', '182c1611-a2c1-4d44-a975-5b7581fee5fd', 'fr'),
(55, 55, 'categories_de_publications', '19bc61f4-8b69-415c-b405-caa89513ad96', 'fr'),
(56, 56, 'tags', 'c1bd71e8-aff2-4dd0-b186-8b6007e24862', 'fr'),
(57, 57, 'tags', 'dce4020d-0d22-4dca-813d-57c70921acf8', 'fr'),
(58, 58, 'tags', '1bdca93a-1d11-4756-b6b6-d97136c4e404', 'fr'),
(59, 59, 'tags', 'd07db522-9989-4507-92cd-93e64b7bf88a', 'fr'),
(60, 60, 'tags', '353b0b33-434c-4871-93d4-500efd2c0893', 'fr'),
(61, 61, 'tags', '4494f652-b020-4b9f-832a-b2e2877cd7a7', 'fr'),
(62, 62, 'tags', '6ca35d83-6833-4c48-b440-c0cc5857d759', 'fr'),
(63, 63, 'tags', 'd95028b1-413f-4a2b-a7b4-03429a77ab7a', 'fr'),
(64, 64, 'tags', 'e8d7ff6c-1f00-47cc-be7c-8924601cd8fa', 'fr'),
(65, 65, 'tags', 'e13f57b1-913e-4757-9e0f-ef675377747d', 'fr'),
(66, 66, 'tags', '05a7cb9b-dafe-4d08-965c-7eae2cc132f1', 'fr'),
(67, 67, 'tags', '7f445eda-37cf-46bc-b249-8192214d93de', 'fr');

-- --------------------------------------------------------

--
-- Structure de la table `prod_d8taxonomy_term_field_data`
--

CREATE TABLE `prod_d8taxonomy_term_field_data` (
  `tid` int(10) UNSIGNED NOT NULL,
  `revision_id` int(10) UNSIGNED NOT NULL,
  `vid` varchar(32) CHARACTER SET ascii NOT NULL COMMENT 'The ID of the target entity.',
  `langcode` varchar(12) CHARACTER SET ascii NOT NULL,
  `status` tinyint(4) NOT NULL,
  `name` varchar(255) NOT NULL,
  `description__value` longtext,
  `description__format` varchar(255) CHARACTER SET ascii DEFAULT NULL,
  `weight` int(11) NOT NULL,
  `changed` int(11) DEFAULT NULL,
  `default_langcode` tinyint(4) NOT NULL,
  `revision_translation_affected` tinyint(4) DEFAULT NULL
) ENGINE=InnoDB DEFAULT CHARSET=utf8mb4 COMMENT='The data table for taxonomy_term entities.';

--
-- Déchargement des données de la table `prod_d8taxonomy_term_field_data`
--

INSERT INTO `prod_d8taxonomy_term_field_data` (`tid`, `revision_id`, `vid`, `langcode`, `status`, `name`, `description__value`, `description__format`, `weight`, `changed`, `default_langcode`, `revision_translation_affected`) VALUES
(1, 1, 'tags', 'fr', 1, 'complotisme', NULL, NULL, 0, 1620993226, 1, 1),
(2, 2, 'tags', 'fr', 1, '11septembre', NULL, NULL, 0, 1620993226, 1, 1),
(3, 3, 'tags', 'fr', 1, 'préface', NULL, NULL, 0, 1620993226, 1, 1),
(4, 4, 'tags', 'fr', 1, 'covid19', NULL, NULL, 0, 1620993226, 1, 1),
(5, 5, 'tags', 'fr', 1, 'tag', NULL, NULL, 0, 1621188778, 1, 1),
(6, 6, 'tag', 'fr', 1, '#tag', NULL, NULL, 0, 1621205376, 1, 1),
(7, 7, 'tag', 'fr', 1, '#hello', NULL, NULL, 0, 1621205716, 1, 1),
(8, 8, 'tag', 'fr', 1, 'hello', NULL, NULL, 0, 1621205716, 1, 1),
(9, 9, 'tag', 'fr', 1, 'coucou', NULL, NULL, 0, 1621205815, 1, 1),
(10, 10, 'tags', 'fr', 1, 'peltier', NULL, NULL, 0, 1621205975, 1, 1),
(11, 11, 'tags', 'fr', 1, 'website', NULL, NULL, 0, 1621205975, 1, 1),
(12, 12, 'tags', 'fr', 1, 'ok', NULL, NULL, 0, 1621205975, 1, 1),
(13, 13, 'tags', 'fr', 1, 'replay', NULL, NULL, 0, 1621208204, 1, 1),
(14, 14, 'tags', 'fr', 1, 'conf', NULL, NULL, 0, 1621208428, 1, 1),
(15, 15, 'tags', 'fr', 1, 'reseauxSociaux', NULL, NULL, 0, 1621208508, 1, 1),
(16, 16, 'tags', 'fr', 1, 'nouveauHashtagTresLongsqdf', NULL, NULL, 0, 1621208664, 1, 1),
(17, 17, 'tags', 'fr', 1, 'nouveauhashtag', NULL, NULL, 0, 1621208805, 1, 1),
(18, 18, 'tags', 'fr', 1, 'coucoulesAmis', NULL, NULL, 0, 1621208805, 1, 1),
(19, 19, 'tags', 'fr', 1, 'accent', NULL, NULL, 0, 1621208805, 1, 1),
(20, 20, 'tags', 'fr', 1, 'all', NULL, NULL, 0, 1621208805, 1, 1),
(21, 21, 'tags', 'fr', 1, 'oui', NULL, NULL, 0, 1621208820, 1, 1),
(22, 22, 'tags', 'fr', 1, 'non', NULL, NULL, 0, 1621208820, 1, 1),
(23, 23, 'tags', 'fr', 1, 'pourauqoi', NULL, NULL, 0, 1621208820, 1, 1),
(24, 24, 'tags', 'fr', 1, 'feminisme', NULL, NULL, 0, 1621264603, 1, 1),
(25, 25, 'tags', 'fr', 1, 'harcelement', NULL, NULL, 0, 1621264603, 1, 1),
(26, 26, 'tags', 'fr', 1, 'test', NULL, NULL, 0, 1621267693, 1, 1),
(27, 27, 'tags', 'fr', 1, 'covid', NULL, NULL, 0, 1621451801, 1, 1),
(28, 28, 'tags', 'fr', 1, 'radicalisation', NULL, NULL, 0, 1621590512, 1, 1),
(29, 29, 'tags', 'fr', 1, 'extrême-droite', NULL, NULL, 0, 1621590512, 1, 1),
(30, 30, 'tags', 'fr', 1, 'conspirationnisme', NULL, NULL, 0, 1622720539, 1, 1),
(31, 31, 'tags', 'fr', 1, 'propagande', NULL, NULL, 0, 1622720539, 1, 1),
(32, 32, 'tags', 'fr', 1, 'desinformation', NULL, NULL, 0, 1622720539, 1, 1),
(33, 33, 'tags', 'fr', 1, 'Syrie', NULL, NULL, 0, 1622998339, 1, 1),
(34, 34, 'tags', 'fr', 1, 'Assad', NULL, NULL, 0, 1622998339, 1, 1),
(35, 35, 'tags', 'fr', 1, 'secte', NULL, NULL, 0, 1623679494, 1, 1),
(36, 36, 'tags', 'fr', 1, 'conference', NULL, NULL, 0, 1623679708, 1, 1),
(37, 37, 'tags', 'fr', 1, 'MoyenOrient', NULL, NULL, 0, 1623679708, 1, 1),
(38, 38, 'tags', 'fr', 1, 'Palestine', NULL, NULL, 0, 1623679708, 1, 1),
(39, 39, 'tags', 'fr', 1, 'Israel', NULL, NULL, 0, 1623679708, 1, 1),
(40, 40, 'tags', 'fr', 1, 'media', NULL, NULL, 0, 1624260900, 1, 1),
(41, 41, 'tags', 'fr', 1, 'interview', NULL, NULL, 0, 1624260900, 1, 1),
(42, 42, 'tags', 'fr', 1, 'formation', NULL, NULL, 0, 1624833740, 1, 1),
(43, 43, 'tags', 'fr', 1, 'addiction', NULL, NULL, 0, 1625160300, 1, 1),
(44, 44, 'tags', 'fr', 1, 'CancelCulture', NULL, NULL, 0, 1625570923, 1, 1),
(45, 45, 'categories_de_publications', 'fr', 1, 'Discussions post-conférences', NULL, NULL, 1, 1627497951, 1, 1),
(46, 46, 'categories_de_publications', 'fr', 1, 'Discussions post-formations', NULL, NULL, 2, 1627497951, 1, 1),
(47, 47, 'categories_de_publications', 'fr', 1, 'Veille autour du conspirationnisme', NULL, NULL, 3, 1627497982, 1, 1),
(48, 48, 'categories_de_publications', 'fr', 1, 'Syrie, Moyen-Orient et propagande', NULL, NULL, 4, 1627497982, 1, 1),
(49, 49, 'categories_de_publications', 'fr', 1, 'Féminisme, antiracisme et luttes antifascistes', NULL, NULL, 5, 1627497982, 1, 1),
(50, 50, 'categories_de_publications', 'fr', 1, 'Besoin d’un avis ou d’un coup de main', NULL, NULL, 6, 1627497982, 1, 1),
(51, 51, 'categories_de_publications', 'fr', 1, 'Pour parler de tout et de rien', NULL, NULL, 7, 1627497982, 1, 1),
(52, 52, 'tags', 'fr', 1, 'Militantisme', NULL, NULL, 0, 1626539499, 1, 1),
(53, 53, 'tags', 'fr', 1, 'Santé Mentale', NULL, NULL, 0, 1626539499, 1, 1),
(54, 54, 'tags', 'fr', 1, 'sylvain', NULL, NULL, 0, 1627493741, 1, 1),
(55, 55, 'categories_de_publications', 'fr', 1, 'Annonces et actu du Site', NULL, NULL, 0, 1627498042, 1, 1),
(56, 56, 'tags', 'fr', 1, 'Etat Islamique', NULL, NULL, 0, 1627547559, 1, 1),
(57, 57, 'tags', 'fr', 1, 'Paolo Dall\'Oglio', NULL, NULL, 0, 1627547559, 1, 1),
(58, 58, 'tags', 'fr', 1, '11septembre 2001', NULL, NULL, 0, 1631095852, 1, 1),
(59, 59, 'tags', 'fr', 1, 'Marie Peltier', NULL, NULL, 0, 1631095852, 1, 1),
(60, 60, 'tags', 'fr', 1, 'récit', NULL, NULL, 0, 1631095852, 1, 1),
(61, 61, 'tags', 'fr', 1, 'démocratie', NULL, NULL, 0, 1633171801, 1, 1),
(62, 62, 'tags', 'fr', 1, 'Stage', NULL, NULL, 0, 1634463854, 1, 1),
(63, 63, 'tags', 'fr', 1, 'Vœux', NULL, NULL, 0, 1640947456, 1, 1),
(64, 64, 'tags', 'fr', 1, 'Soumaya Hallak', NULL, NULL, 0, 1641896277, 1, 1),
(65, 65, 'tags', 'fr', 1, 'Emprise', NULL, NULL, 0, 1642448164, 1, 1),
(66, 66, 'tags', 'fr', 1, 'écrire', NULL, NULL, 0, 1642448164, 1, 1),
(67, 67, 'tags', 'fr', 1, 'mariepeltier', NULL, NULL, 0, 1643541506, 1, 1);

-- --------------------------------------------------------

--
-- Structure de la table `prod_d8taxonomy_term_field_revision`
--

CREATE TABLE `prod_d8taxonomy_term_field_revision` (
  `tid` int(10) UNSIGNED NOT NULL,
  `revision_id` int(10) UNSIGNED NOT NULL,
  `langcode` varchar(12) CHARACTER SET ascii NOT NULL,
  `status` tinyint(4) NOT NULL,
  `name` varchar(255) DEFAULT NULL,
  `description__value` longtext,
  `description__format` varchar(255) CHARACTER SET ascii DEFAULT NULL,
  `changed` int(11) DEFAULT NULL,
  `default_langcode` tinyint(4) NOT NULL,
  `revision_translation_affected` tinyint(4) DEFAULT NULL
) ENGINE=InnoDB DEFAULT CHARSET=utf8mb4 COMMENT='The revision data table for taxonomy_term entities.';

--
-- Déchargement des données de la table `prod_d8taxonomy_term_field_revision`
--

INSERT INTO `prod_d8taxonomy_term_field_revision` (`tid`, `revision_id`, `langcode`, `status`, `name`, `description__value`, `description__format`, `changed`, `default_langcode`, `revision_translation_affected`) VALUES
(1, 1, 'fr', 1, 'complotisme', NULL, NULL, 1620993226, 1, 1),
(2, 2, 'fr', 1, '11septembre', NULL, NULL, 1620993226, 1, 1),
(3, 3, 'fr', 1, 'préface', NULL, NULL, 1620993226, 1, 1),
(4, 4, 'fr', 1, 'covid19', NULL, NULL, 1620993226, 1, 1),
(5, 5, 'fr', 1, 'tag', NULL, NULL, 1621188778, 1, 1),
(6, 6, 'fr', 1, '#tag', NULL, NULL, 1621205376, 1, 1),
(7, 7, 'fr', 1, '#hello', NULL, NULL, 1621205716, 1, 1),
(8, 8, 'fr', 1, 'hello', NULL, NULL, 1621205716, 1, 1),
(9, 9, 'fr', 1, 'coucou', NULL, NULL, 1621205815, 1, 1),
(10, 10, 'fr', 1, 'peltier', NULL, NULL, 1621205975, 1, 1),
(11, 11, 'fr', 1, 'website', NULL, NULL, 1621205975, 1, 1),
(12, 12, 'fr', 1, 'ok', NULL, NULL, 1621205975, 1, 1),
(13, 13, 'fr', 1, 'replay', NULL, NULL, 1621208204, 1, 1),
(14, 14, 'fr', 1, 'conf', NULL, NULL, 1621208428, 1, 1),
(15, 15, 'fr', 1, 'reseauxSociaux', NULL, NULL, 1621208508, 1, 1),
(16, 16, 'fr', 1, 'nouveauHashtagTresLongsqdf', NULL, NULL, 1621208664, 1, 1),
(17, 17, 'fr', 1, 'nouveauhashtag', NULL, NULL, 1621208805, 1, 1),
(18, 18, 'fr', 1, 'coucoulesAmis', NULL, NULL, 1621208805, 1, 1),
(19, 19, 'fr', 1, 'accent', NULL, NULL, 1621208805, 1, 1),
(20, 20, 'fr', 1, 'all', NULL, NULL, 1621208805, 1, 1),
(21, 21, 'fr', 1, 'oui', NULL, NULL, 1621208820, 1, 1),
(22, 22, 'fr', 1, 'non', NULL, NULL, 1621208820, 1, 1),
(23, 23, 'fr', 1, 'pourauqoi', NULL, NULL, 1621208820, 1, 1),
(24, 24, 'fr', 1, 'feminisme', NULL, NULL, 1621264603, 1, 1),
(25, 25, 'fr', 1, 'harcelement', NULL, NULL, 1621264603, 1, 1),
(26, 26, 'fr', 1, 'test', NULL, NULL, 1621267693, 1, 1),
(27, 27, 'fr', 1, 'covid', NULL, NULL, 1621451801, 1, 1),
(28, 28, 'fr', 1, 'radicalisation', NULL, NULL, 1621590512, 1, 1),
(29, 29, 'fr', 1, 'extrême-droite', NULL, NULL, 1621590512, 1, 1),
(30, 30, 'fr', 1, 'conspirationnisme', NULL, NULL, 1622720539, 1, 1),
(31, 31, 'fr', 1, 'propagande', NULL, NULL, 1622720539, 1, 1),
(32, 32, 'fr', 1, 'desinformation', NULL, NULL, 1622720539, 1, 1),
(33, 33, 'fr', 1, 'Syrie', NULL, NULL, 1622998339, 1, 1),
(34, 34, 'fr', 1, 'Assad', NULL, NULL, 1622998339, 1, 1),
(35, 35, 'fr', 1, 'secte', NULL, NULL, 1623679494, 1, 1),
(36, 36, 'fr', 1, 'conference', NULL, NULL, 1623679708, 1, 1),
(37, 37, 'fr', 1, 'MoyenOrient', NULL, NULL, 1623679708, 1, 1),
(38, 38, 'fr', 1, 'Palestine', NULL, NULL, 1623679708, 1, 1),
(39, 39, 'fr', 1, 'Israel', NULL, NULL, 1623679708, 1, 1),
(40, 40, 'fr', 1, 'media', NULL, NULL, 1624260900, 1, 1),
(41, 41, 'fr', 1, 'interview', NULL, NULL, 1624260900, 1, 1),
(42, 42, 'fr', 1, 'formation', NULL, NULL, 1624833740, 1, 1),
(43, 43, 'fr', 1, 'addiction', NULL, NULL, 1625160300, 1, 1),
(44, 44, 'fr', 1, 'CancelCulture', NULL, NULL, 1625570923, 1, 1),
(45, 45, 'fr', 1, 'Discussions post-conférences', NULL, NULL, 1627497951, 1, 1),
(46, 46, 'fr', 1, 'Discussions post-formations', NULL, NULL, 1627497951, 1, 1),
(47, 47, 'fr', 1, 'Veille autour du conspirationnisme', NULL, NULL, 1627497982, 1, 1),
(48, 48, 'fr', 1, 'Syrie, Moyen-Orient et propagande', NULL, NULL, 1627497982, 1, 1),
(49, 49, 'fr', 1, 'Féminisme, antiracisme et luttes antifascistes', NULL, NULL, 1627497982, 1, 1),
(50, 50, 'fr', 1, 'Besoin d’un avis ou d’un coup de main', NULL, NULL, 1627497982, 1, 1),
(51, 51, 'fr', 1, 'Pour parler de tout et de rien', NULL, NULL, 1627497982, 1, 1),
(52, 52, 'fr', 1, 'Militantisme', NULL, NULL, 1626539499, 1, 1),
(53, 53, 'fr', 1, 'Santé Mentale', NULL, NULL, 1626539499, 1, 1),
(54, 54, 'fr', 1, 'sylvain', NULL, NULL, 1627493741, 1, 1),
(55, 55, 'fr', 1, 'Annonces et actu du Site', NULL, NULL, 1627498042, 1, 1),
(56, 56, 'fr', 1, 'Etat Islamique', NULL, NULL, 1627547559, 1, 1),
(57, 57, 'fr', 1, 'Paolo Dall\'Oglio', NULL, NULL, 1627547559, 1, 1),
(58, 58, 'fr', 1, '11septembre 2001', NULL, NULL, 1631095852, 1, 1),
(59, 59, 'fr', 1, 'Marie Peltier', NULL, NULL, 1631095852, 1, 1),
(60, 60, 'fr', 1, 'récit', NULL, NULL, 1631095852, 1, 1),
(61, 61, 'fr', 1, 'démocratie', NULL, NULL, 1633171801, 1, 1),
(62, 62, 'fr', 1, 'Stage', NULL, NULL, 1634463854, 1, 1),
(63, 63, 'fr', 1, 'Vœux', NULL, NULL, 1640947456, 1, 1),
(64, 64, 'fr', 1, 'Soumaya Hallak', NULL, NULL, 1641896277, 1, 1),
(65, 65, 'fr', 1, 'Emprise', NULL, NULL, 1642448164, 1, 1),
(66, 66, 'fr', 1, 'écrire', NULL, NULL, 1642448164, 1, 1),
(67, 67, 'fr', 1, 'mariepeltier', NULL, NULL, 1643541506, 1, 1);

-- --------------------------------------------------------

--
-- Structure de la table `prod_d8taxonomy_term_revision`
--

CREATE TABLE `prod_d8taxonomy_term_revision` (
  `tid` int(10) UNSIGNED NOT NULL,
  `revision_id` int(10) UNSIGNED NOT NULL,
  `langcode` varchar(12) CHARACTER SET ascii NOT NULL,
  `revision_user` int(10) UNSIGNED DEFAULT NULL COMMENT 'The ID of the target entity.',
  `revision_created` int(11) DEFAULT NULL,
  `revision_log_message` longtext,
  `revision_default` tinyint(4) DEFAULT NULL
) ENGINE=InnoDB DEFAULT CHARSET=utf8mb4 COMMENT='The revision table for taxonomy_term entities.';

--
-- Déchargement des données de la table `prod_d8taxonomy_term_revision`
--

INSERT INTO `prod_d8taxonomy_term_revision` (`tid`, `revision_id`, `langcode`, `revision_user`, `revision_created`, `revision_log_message`, `revision_default`) VALUES
(1, 1, 'fr', NULL, 1620993226, NULL, 1),
(2, 2, 'fr', NULL, 1620993226, NULL, 1),
(3, 3, 'fr', NULL, 1620993226, NULL, 1),
(4, 4, 'fr', NULL, 1620993226, NULL, 1),
(5, 5, 'fr', NULL, 1621188778, NULL, 1),
(6, 6, 'fr', NULL, 1621205376, NULL, 1),
(7, 7, 'fr', NULL, 1621205716, NULL, 1),
(8, 8, 'fr', NULL, 1621205716, NULL, 1),
(9, 9, 'fr', NULL, 1621205815, NULL, 1),
(10, 10, 'fr', NULL, 1621205975, NULL, 1),
(11, 11, 'fr', NULL, 1621205975, NULL, 1),
(12, 12, 'fr', NULL, 1621205975, NULL, 1),
(13, 13, 'fr', NULL, 1621208204, NULL, 1),
(14, 14, 'fr', NULL, 1621208428, NULL, 1),
(15, 15, 'fr', NULL, 1621208508, NULL, 1),
(16, 16, 'fr', NULL, 1621208664, NULL, 1),
(17, 17, 'fr', NULL, 1621208805, NULL, 1),
(18, 18, 'fr', NULL, 1621208805, NULL, 1),
(19, 19, 'fr', NULL, 1621208805, NULL, 1),
(20, 20, 'fr', NULL, 1621208805, NULL, 1),
(21, 21, 'fr', NULL, 1621208820, NULL, 1),
(22, 22, 'fr', NULL, 1621208820, NULL, 1),
(23, 23, 'fr', NULL, 1621208820, NULL, 1),
(24, 24, 'fr', NULL, 1621264603, NULL, 1),
(25, 25, 'fr', NULL, 1621264603, NULL, 1),
(26, 26, 'fr', NULL, 1621267693, NULL, 1),
(27, 27, 'fr', NULL, 1621451801, NULL, 1),
(28, 28, 'fr', NULL, 1621590512, NULL, 1),
(29, 29, 'fr', NULL, 1621590512, NULL, 1),
(30, 30, 'fr', NULL, 1622720539, NULL, 1),
(31, 31, 'fr', NULL, 1622720539, NULL, 1),
(32, 32, 'fr', NULL, 1622720539, NULL, 1),
(33, 33, 'fr', NULL, 1622998339, NULL, 1),
(34, 34, 'fr', NULL, 1622998339, NULL, 1),
(35, 35, 'fr', NULL, 1623679494, NULL, 1),
(36, 36, 'fr', NULL, 1623679708, NULL, 1),
(37, 37, 'fr', NULL, 1623679708, NULL, 1),
(38, 38, 'fr', NULL, 1623679708, NULL, 1),
(39, 39, 'fr', NULL, 1623679708, NULL, 1),
(40, 40, 'fr', NULL, 1624260900, NULL, 1),
(41, 41, 'fr', NULL, 1624260900, NULL, 1),
(42, 42, 'fr', NULL, 1624833740, NULL, 1),
(43, 43, 'fr', NULL, 1625160300, NULL, 1),
(44, 44, 'fr', NULL, 1625570923, NULL, 1),
(45, 45, 'fr', NULL, 1626450108, NULL, 1),
(46, 46, 'fr', NULL, 1626450123, NULL, 1),
(47, 47, 'fr', NULL, 1626450136, NULL, 1),
(48, 48, 'fr', NULL, 1626450151, NULL, 1),
(49, 49, 'fr', NULL, 1626450177, NULL, 1),
(50, 50, 'fr', NULL, 1626450193, NULL, 1),
(51, 51, 'fr', NULL, 1626450208, NULL, 1),
(52, 52, 'fr', NULL, 1626539499, NULL, 1),
(53, 53, 'fr', NULL, 1626539499, NULL, 1),
(54, 54, 'fr', NULL, 1627493741, NULL, 1),
(55, 55, 'fr', NULL, 1627497932, NULL, 1),
(56, 56, 'fr', NULL, 1627547559, NULL, 1),
(57, 57, 'fr', NULL, 1627547559, NULL, 1),
(58, 58, 'fr', NULL, 1631095852, NULL, 1),
(59, 59, 'fr', NULL, 1631095852, NULL, 1),
(60, 60, 'fr', NULL, 1631095852, NULL, 1),
(61, 61, 'fr', NULL, 1633171801, NULL, 1),
(62, 62, 'fr', NULL, 1634463854, NULL, 1),
(63, 63, 'fr', NULL, 1640947456, NULL, 1),
(64, 64, 'fr', NULL, 1641896277, NULL, 1),
(65, 65, 'fr', NULL, 1642448164, NULL, 1),
(66, 66, 'fr', NULL, 1642448164, NULL, 1),
(67, 67, 'fr', NULL, 1643541506, NULL, 1);

-- --------------------------------------------------------

--
-- Structure de la table `prod_d8taxonomy_term_revision__parent`
--

CREATE TABLE `prod_d8taxonomy_term_revision__parent` (
  `bundle` varchar(128) CHARACTER SET ascii NOT NULL DEFAULT '' COMMENT 'The field instance bundle to which this row belongs, used when deleting a field instance',
  `deleted` tinyint(4) NOT NULL DEFAULT '0' COMMENT 'A boolean indicating whether this data item has been deleted',
  `entity_id` int(10) UNSIGNED NOT NULL COMMENT 'The entity id this data is attached to',
  `revision_id` int(10) UNSIGNED NOT NULL COMMENT 'The entity revision id this data is attached to',
  `langcode` varchar(32) CHARACTER SET ascii NOT NULL DEFAULT '' COMMENT 'The language code for this data item.',
  `delta` int(10) UNSIGNED NOT NULL COMMENT 'The sequence number for this data item, used for multi-value fields',
  `parent_target_id` int(10) UNSIGNED NOT NULL COMMENT 'The ID of the target entity.'
) ENGINE=InnoDB DEFAULT CHARSET=utf8mb4 COMMENT='Revision archive storage for taxonomy_term field parent.';

--
-- Déchargement des données de la table `prod_d8taxonomy_term_revision__parent`
--

INSERT INTO `prod_d8taxonomy_term_revision__parent` (`bundle`, `deleted`, `entity_id`, `revision_id`, `langcode`, `delta`, `parent_target_id`) VALUES
('tags', 0, 1, 1, 'fr', 0, 0),
('tags', 0, 2, 2, 'fr', 0, 0),
('tags', 0, 3, 3, 'fr', 0, 0),
('tags', 0, 4, 4, 'fr', 0, 0),
('tags', 0, 5, 5, 'fr', 0, 0),
('tag', 0, 6, 6, 'fr', 0, 0),
('tag', 0, 7, 7, 'fr', 0, 0),
('tag', 0, 8, 8, 'fr', 0, 0),
('tag', 0, 9, 9, 'fr', 0, 0),
('tags', 0, 10, 10, 'fr', 0, 0),
('tags', 0, 11, 11, 'fr', 0, 0),
('tags', 0, 12, 12, 'fr', 0, 0),
('tags', 0, 13, 13, 'fr', 0, 0),
('tags', 0, 14, 14, 'fr', 0, 0),
('tags', 0, 15, 15, 'fr', 0, 0),
('tags', 0, 16, 16, 'fr', 0, 0),
('tags', 0, 17, 17, 'fr', 0, 0),
('tags', 0, 18, 18, 'fr', 0, 0),
('tags', 0, 19, 19, 'fr', 0, 0),
('tags', 0, 20, 20, 'fr', 0, 0),
('tags', 0, 21, 21, 'fr', 0, 0),
('tags', 0, 22, 22, 'fr', 0, 0),
('tags', 0, 23, 23, 'fr', 0, 0),
('tags', 0, 24, 24, 'fr', 0, 0),
('tags', 0, 25, 25, 'fr', 0, 0),
('tags', 0, 26, 26, 'fr', 0, 0),
('tags', 0, 27, 27, 'fr', 0, 0),
('tags', 0, 28, 28, 'fr', 0, 0),
('tags', 0, 29, 29, 'fr', 0, 0),
('tags', 0, 30, 30, 'fr', 0, 0),
('tags', 0, 31, 31, 'fr', 0, 0),
('tags', 0, 32, 32, 'fr', 0, 0),
('tags', 0, 33, 33, 'fr', 0, 0),
('tags', 0, 34, 34, 'fr', 0, 0),
('tags', 0, 35, 35, 'fr', 0, 0),
('tags', 0, 36, 36, 'fr', 0, 0),
('tags', 0, 37, 37, 'fr', 0, 0),
('tags', 0, 38, 38, 'fr', 0, 0),
('tags', 0, 39, 39, 'fr', 0, 0),
('tags', 0, 40, 40, 'fr', 0, 0),
('tags', 0, 41, 41, 'fr', 0, 0),
('tags', 0, 42, 42, 'fr', 0, 0),
('tags', 0, 43, 43, 'fr', 0, 0),
('tags', 0, 44, 44, 'fr', 0, 0),
('categories_de_publications', 0, 45, 45, 'fr', 0, 0),
('categories_de_publications', 0, 46, 46, 'fr', 0, 0),
('categories_de_publications', 0, 47, 47, 'fr', 0, 0),
('categories_de_publications', 0, 48, 48, 'fr', 0, 0),
('categories_de_publications', 0, 49, 49, 'fr', 0, 0),
('categories_de_publications', 0, 50, 50, 'fr', 0, 0),
('categories_de_publications', 0, 51, 51, 'fr', 0, 0),
('tags', 0, 52, 52, 'fr', 0, 0),
('tags', 0, 53, 53, 'fr', 0, 0),
('tags', 0, 54, 54, 'fr', 0, 0),
('categories_de_publications', 0, 55, 55, 'fr', 0, 0),
('tags', 0, 56, 56, 'fr', 0, 0),
('tags', 0, 57, 57, 'fr', 0, 0),
('tags', 0, 58, 58, 'fr', 0, 0),
('tags', 0, 59, 59, 'fr', 0, 0),
('tags', 0, 60, 60, 'fr', 0, 0),
('tags', 0, 61, 61, 'fr', 0, 0),
('tags', 0, 62, 62, 'fr', 0, 0),
('tags', 0, 63, 63, 'fr', 0, 0),
('tags', 0, 64, 64, 'fr', 0, 0),
('tags', 0, 65, 65, 'fr', 0, 0),
('tags', 0, 66, 66, 'fr', 0, 0),
('tags', 0, 67, 67, 'fr', 0, 0);

-- --------------------------------------------------------

--
-- Structure de la table `prod_d8taxonomy_term__parent`
--

CREATE TABLE `prod_d8taxonomy_term__parent` (
  `bundle` varchar(128) CHARACTER SET ascii NOT NULL DEFAULT '' COMMENT 'The field instance bundle to which this row belongs, used when deleting a field instance',
  `deleted` tinyint(4) NOT NULL DEFAULT '0' COMMENT 'A boolean indicating whether this data item has been deleted',
  `entity_id` int(10) UNSIGNED NOT NULL COMMENT 'The entity id this data is attached to',
  `revision_id` int(10) UNSIGNED NOT NULL COMMENT 'The entity revision id this data is attached to',
  `langcode` varchar(32) CHARACTER SET ascii NOT NULL DEFAULT '' COMMENT 'The language code for this data item.',
  `delta` int(10) UNSIGNED NOT NULL COMMENT 'The sequence number for this data item, used for multi-value fields',
  `parent_target_id` int(10) UNSIGNED NOT NULL COMMENT 'The ID of the target entity.'
) ENGINE=InnoDB DEFAULT CHARSET=utf8mb4 COMMENT='Data storage for taxonomy_term field parent.';

--
-- Déchargement des données de la table `prod_d8taxonomy_term__parent`
--

INSERT INTO `prod_d8taxonomy_term__parent` (`bundle`, `deleted`, `entity_id`, `revision_id`, `langcode`, `delta`, `parent_target_id`) VALUES
('tags', 0, 1, 1, 'fr', 0, 0),
('tags', 0, 2, 2, 'fr', 0, 0),
('tags', 0, 3, 3, 'fr', 0, 0),
('tags', 0, 4, 4, 'fr', 0, 0),
('tags', 0, 5, 5, 'fr', 0, 0),
('tag', 0, 6, 6, 'fr', 0, 0),
('tag', 0, 7, 7, 'fr', 0, 0),
('tag', 0, 8, 8, 'fr', 0, 0),
('tag', 0, 9, 9, 'fr', 0, 0),
('tags', 0, 10, 10, 'fr', 0, 0),
('tags', 0, 11, 11, 'fr', 0, 0),
('tags', 0, 12, 12, 'fr', 0, 0),
('tags', 0, 13, 13, 'fr', 0, 0),
('tags', 0, 14, 14, 'fr', 0, 0),
('tags', 0, 15, 15, 'fr', 0, 0),
('tags', 0, 16, 16, 'fr', 0, 0),
('tags', 0, 17, 17, 'fr', 0, 0),
('tags', 0, 18, 18, 'fr', 0, 0),
('tags', 0, 19, 19, 'fr', 0, 0),
('tags', 0, 20, 20, 'fr', 0, 0),
('tags', 0, 21, 21, 'fr', 0, 0),
('tags', 0, 22, 22, 'fr', 0, 0),
('tags', 0, 23, 23, 'fr', 0, 0),
('tags', 0, 24, 24, 'fr', 0, 0),
('tags', 0, 25, 25, 'fr', 0, 0),
('tags', 0, 26, 26, 'fr', 0, 0),
('tags', 0, 27, 27, 'fr', 0, 0),
('tags', 0, 28, 28, 'fr', 0, 0),
('tags', 0, 29, 29, 'fr', 0, 0),
('tags', 0, 30, 30, 'fr', 0, 0),
('tags', 0, 31, 31, 'fr', 0, 0),
('tags', 0, 32, 32, 'fr', 0, 0),
('tags', 0, 33, 33, 'fr', 0, 0),
('tags', 0, 34, 34, 'fr', 0, 0),
('tags', 0, 35, 35, 'fr', 0, 0),
('tags', 0, 36, 36, 'fr', 0, 0),
('tags', 0, 37, 37, 'fr', 0, 0),
('tags', 0, 38, 38, 'fr', 0, 0),
('tags', 0, 39, 39, 'fr', 0, 0),
('tags', 0, 40, 40, 'fr', 0, 0),
('tags', 0, 41, 41, 'fr', 0, 0),
('tags', 0, 42, 42, 'fr', 0, 0),
('tags', 0, 43, 43, 'fr', 0, 0),
('tags', 0, 44, 44, 'fr', 0, 0),
('categories_de_publications', 0, 45, 45, 'fr', 0, 0),
('categories_de_publications', 0, 46, 46, 'fr', 0, 0),
('categories_de_publications', 0, 47, 47, 'fr', 0, 0),
('categories_de_publications', 0, 48, 48, 'fr', 0, 0),
('categories_de_publications', 0, 49, 49, 'fr', 0, 0),
('categories_de_publications', 0, 50, 50, 'fr', 0, 0),
('categories_de_publications', 0, 51, 51, 'fr', 0, 0),
('tags', 0, 52, 52, 'fr', 0, 0),
('tags', 0, 53, 53, 'fr', 0, 0),
('tags', 0, 54, 54, 'fr', 0, 0),
('categories_de_publications', 0, 55, 55, 'fr', 0, 0),
('tags', 0, 56, 56, 'fr', 0, 0),
('tags', 0, 57, 57, 'fr', 0, 0),
('tags', 0, 58, 58, 'fr', 0, 0),
('tags', 0, 59, 59, 'fr', 0, 0),
('tags', 0, 60, 60, 'fr', 0, 0),
('tags', 0, 61, 61, 'fr', 0, 0),
('tags', 0, 62, 62, 'fr', 0, 0),
('tags', 0, 63, 63, 'fr', 0, 0),
('tags', 0, 64, 64, 'fr', 0, 0),
('tags', 0, 65, 65, 'fr', 0, 0),
('tags', 0, 66, 66, 'fr', 0, 0),
('tags', 0, 67, 67, 'fr', 0, 0);

-- --------------------------------------------------------

--
-- Structure de la table `prod_d8users`
--

CREATE TABLE `prod_d8users` (
  `uid` int(10) UNSIGNED NOT NULL,
  `uuid` varchar(128) CHARACTER SET ascii NOT NULL,
  `langcode` varchar(12) CHARACTER SET ascii NOT NULL
) ENGINE=InnoDB DEFAULT CHARSET=utf8mb4 COMMENT='The base table for user entities.';

--
-- Déchargement des données de la table `prod_d8users`
--

INSERT INTO `prod_d8users` (`uid`, `uuid`, `langcode`) VALUES
(0, '852b7942-a553-43e3-9452-f4ae8a6bf62d', 'en'),
(1, '431d6c91-1f22-421c-a625-c286e919d683', 'en'),
(49, '5600c479-a3dd-4209-a427-96d26fa03858', 'fr'),
(50, '0b2f14f2-7ea5-4030-820a-75090e1830e1', 'fr'),
(62, 'b7d67250-522f-4f63-ac00-1d19c889ff58', 'fr'),
(65, 'e11280b1-f83a-4287-b4e5-e0727d68a676', 'fr'),
(66, '1fd48e1f-8ff0-4c92-af90-6b947dcf8769', 'fr'),
(67, 'ddb26cf0-ac83-4ad3-a9bc-34757bbe5950', 'fr'),
(71, '0cf2647a-ddeb-41a8-97e8-737f8114c693', 'fr'),
(72, '409e4c3d-70e7-40fd-b2f1-f5132756f4aa', 'fr'),
(73, '048f17f7-a329-4e4e-85b5-4ab77c0a35cc', 'fr'),
(74, '5e9c0461-447b-4e57-a262-9771ace473da', 'fr'),
(75, '971553f7-fab8-4fee-ac45-a269d7ef6e83', 'fr'),
(76, '3eeaf270-5f41-44a5-ad3b-9d157a32cd6f', 'fr'),
(77, '0475086c-c121-4910-bf49-c277fc21db33', 'fr'),
(84, 'f2c14493-d029-451e-bb7d-31b9e83b5c9f', 'fr'),
(85, '2309239f-bd72-4932-9fd1-df97f44189fa', 'fr'),
(86, 'c91a0154-e1b7-4778-9a47-b76edeadb12f', 'fr'),
(87, 'cc4a98f9-e8b4-4b65-9d07-8b433ae3c25f', 'fr'),
(88, '5e547002-1e18-4505-8e6e-e140756a8023', 'fr'),
(89, 'fc645ce4-0bbb-498f-a5cf-54227ad45092', 'fr'),
(90, '3d3e9338-ca4d-4f2f-a45b-7f7ae71d2b1d', 'fr'),
(91, '4b625eeb-bd0e-4163-88c6-7e52eef921b9', 'fr'),
(92, '7d791730-57cc-484b-8d72-72c553944b9b', 'fr'),
(93, '28591861-7807-493f-ab34-221924f6f1f5', 'fr'),
(94, 'b74da1d1-559a-4cd1-a572-d8456238eb51', 'fr'),
(95, 'a183e105-c068-4f5c-9c03-aaece7837c16', 'fr'),
(96, 'fe31f48d-c520-496a-9f59-7936fbdb087d', 'fr'),
(108, '5c09c610-8b48-46df-b7d2-5917fde6e024', 'fr'),
(109, 'eef44c8a-a838-4e46-9f7f-bbab5e0380e1', 'fr'),
(112, 'eaceacfb-c156-484e-8403-511dd2da690c', 'fr'),
(113, '916a6324-2ca0-44dd-8f40-87fd790e6c8a', 'fr'),
(117, '650e2565-0fd5-49d9-9394-036831f25a4f', 'fr'),
(118, '928d1610-dae0-4518-afce-a0770fa08603', 'fr'),
(119, 'bdd49bb8-4498-40ce-940a-b9b50dfb9bd9', 'fr'),
(120, 'cac189ea-b255-4485-bc45-76e378c0d4c9', 'fr'),
(121, '03051cbd-3089-4e8a-a404-ef2fce0ed328', 'fr'),
(122, '1488e13d-4fe5-49b6-a248-275280b1bf99', 'fr'),
(123, '692452fe-a844-461c-bcbf-71cd8ee4dde1', 'fr'),
(124, 'e097d306-9f5f-4d19-85e9-aa5c71f0b82b', 'fr'),
(126, '1fc97711-cd06-4bc4-b1a9-d892af40097a', 'fr'),
(127, 'a75e22e3-2ef2-401a-abd4-57b361eaa2a5', 'fr'),
(128, 'c2a8923b-e476-43c8-b03b-fc6561007bfb', 'fr'),
(129, 'e44b8fc5-c444-4edc-8b15-b05e7712ca07', 'fr'),
(130, '1f8fa641-ddd7-4638-aaff-0af3b3fee216', 'fr'),
(131, '47956180-5c6d-4ae4-a650-2e7279a954d9', 'fr'),
(132, '32cb1bc5-54db-43a6-a525-669f18e0e165', 'fr'),
(133, 'cff47fe2-eddb-4c55-a830-db5eb0fc84e0', 'fr'),
(134, '58523acd-294b-4dfb-8cab-dc79d0760278', 'fr'),
(135, 'f00909cc-3830-48da-b70e-43ac97df70ef', 'fr'),
(136, 'cb5b01f3-83a2-4826-8876-132a59eb76fa', 'fr'),
(137, '2019295c-421c-4dcc-883a-8874e8d73d90', 'fr'),
(138, 'c48484db-6775-4141-abca-a9ccaf30355e', 'fr'),
(139, 'b4a1af00-8c49-41cd-b558-f9d7ea478682', 'fr'),
(140, '2592d73c-ec1d-4b77-8653-b2fb109e7b93', 'fr'),
(141, '51dc2dfe-caef-4d77-b73c-2f243188b061', 'fr'),
(142, '2bee1e0a-553b-4737-bace-95bbc7a194a0', 'fr'),
(143, '975d540c-9735-4efc-9ebb-59d3fe7fa84e', 'fr'),
(144, '44b18cfc-f02c-4001-9700-128a2da90451', 'fr'),
(146, '5c0e1e07-28d8-48c7-ad72-cf3813e061db', 'fr'),
(147, '99166aae-2d96-46b4-b2bd-db3f1d8b757a', 'fr'),
(148, '863574d5-8e06-4cb6-8fa0-743eb2f5c254', 'fr'),
(149, '9ae97d48-2306-40e0-a751-d9e62622b5f7', 'fr'),
(150, 'd5f7b9d7-3e65-4e7a-a9a5-82d98c39c29c', 'fr'),
(151, '3f8cc02d-ea05-4592-8f4e-f293d8399fd0', 'fr'),
(152, 'fa82bf23-1ca8-4c1d-9fb4-257bdd217ef6', 'fr'),
(153, 'a08940d3-4317-42a6-bc5f-594ca343464e', 'fr'),
(154, 'faa98f8c-f122-4323-8330-cc6febd77471', 'fr'),
(155, '745278bd-f7e7-4535-a7b2-83a14a019e5d', 'fr'),
(156, 'ed1792e4-004a-4b56-83cf-aea41aa9cc3e', 'fr'),
(157, 'f799d241-36fb-4564-8737-422e26736f91', 'fr'),
(158, 'a41f1172-61e9-4d30-86b3-2400a6b0c17e', 'fr'),
(159, 'abee7c23-b1ba-470a-ba90-d119c13b41b1', 'fr'),
(160, '1a8fbc92-ebd4-49c3-a844-df23c8424f82', 'fr'),
(161, '1b10d03c-6e7f-4a29-9d16-12b1d3db68c3', 'fr'),
(162, 'ac8645bf-1acf-410c-967c-799c16ddc3e2', 'fr'),
(163, '69ae7013-0e18-448e-9704-c80fdaae3487', 'fr'),
(164, 'a437a34c-aa8c-497a-a93d-887d00f38cb7', 'fr'),
(165, 'afb5f13c-89b3-4c8c-9204-0b15e744f182', 'fr'),
(166, 'ee6a6a4d-d737-4553-a32a-e1045ff41827', 'fr'),
(167, '76310b29-2d74-43e2-b7e5-0f0d278c5cbb', 'fr'),
(168, '0874aabb-c69e-4d70-8033-d84e2cc2f705', 'fr'),
(169, '829cf8c8-b508-4c1d-926c-f6dfbed4d7df', 'fr'),
(170, '59baacda-85e0-4c80-9be8-eca270ee4e8d', 'fr'),
(171, '8852102c-4769-4c6d-b668-27606294ba99', 'fr'),
(172, '8bb1266b-4ee5-4012-ac18-e0540e357054', 'fr'),
(173, '73d913ce-4f8b-400c-926e-09280b2bef25', 'fr'),
(174, 'a8e91cbb-bdc0-47aa-abad-5ccc3138ad17', 'fr'),
(175, '9c2864ac-cedd-47be-9179-61a9bf28ce9b', 'fr'),
(176, '126bb1b5-d3e9-4edf-9240-107ddd93c6a6', 'fr'),
(177, 'b7bb930e-9172-4627-b4ed-298874e216e8', 'fr'),
(178, '33075f4b-282c-4dbb-ad18-1d4dae3dd87d', 'fr'),
(179, 'dc2b3f66-64cd-479b-985b-0b7523aec98e', 'fr'),
(180, 'eb0d9496-d13c-4fea-bb17-899b6d99d8c6', 'fr'),
(181, 'b40e3d55-a805-4b7c-bed5-ca8ebbb26cef', 'fr'),
(182, '01ef95f2-eb09-446b-b5d8-1b6eede62556', 'fr'),
(183, '61b515ea-7d57-4d2a-b872-2fe0ea992329', 'fr'),
(184, '8ab109a9-5696-4291-a017-49c4a306da80', 'fr'),
(185, '32ee9bbb-26a0-4db8-8c76-0b4765aca74d', 'fr'),
(186, '94f5d4d1-9128-45b8-99ae-992d33e190d8', 'fr'),
(187, 'dc7d87e8-4fd6-44e1-be47-fcf40aaf0f7d', 'fr'),
(188, 'd581bd84-cf1a-44c3-9c3b-d0f0368d7b97', 'fr'),
(189, '8bcfba50-1e17-4223-b32f-b61e51c6298d', 'fr'),
(190, 'ec2ec8a5-de54-4f01-af3c-1def1e92df3c', 'fr'),
(191, '80b8910e-5115-4aea-8eed-4f15aa2d31f7', 'fr'),
(192, '77fd14a2-abeb-4d18-bff7-58dbec9f2faa', 'fr'),
(193, 'ec6859ff-a327-4efb-8fbc-7112427ae350', 'fr'),
(194, '7040df5b-661d-4f86-9194-050d57cf812d', 'fr'),
(195, '79dc80c0-32f9-4ce4-a752-49a09292cfda', 'fr'),
(196, '1ab723fb-7cc9-4c97-b0c2-880ebed664df', 'fr'),
(197, '50a91358-f69f-49c9-9a78-9d281e581909', 'fr'),
(198, 'fd45b4db-d7c1-49da-8c75-801bfd16cf9e', 'fr'),
(199, 'a03ca1b5-6b3e-4767-ba01-c42a671e5ac8', 'fr'),
(200, 'f065597f-fa3b-4bb4-9552-bcf65c88dc1b', 'fr'),
(201, '51c4b239-0b75-4297-a08a-cefc90dc2360', 'fr'),
(202, '3db8b46c-7392-48d2-aba8-141823df4619', 'fr'),
(203, '81f9873a-0fcc-4ba4-962e-fd84b2368ecf', 'fr'),
(204, '6810c5d4-59d9-4abe-a8ea-3340c04711af', 'fr'),
(205, 'a85bc4f9-3d6a-4a54-8b38-69889846a888', 'fr'),
(206, '630377c1-b5cf-465d-894a-ac829202f86a', 'fr'),
(207, 'c3fa669d-6d1e-40a5-a02e-a70be4c26d8c', 'fr'),
(208, 'bfbc24bd-19c7-4dd6-ab32-cf62504eb36d', 'fr'),
(209, '1900f515-10ae-44f4-81cf-0423e0415dcf', 'fr'),
(210, '76be3c57-2080-409b-ac6e-ad185e5f4bd3', 'fr'),
(214, '1a6f0ab4-a587-4b42-9e37-0a927ed87805', 'fr'),
(215, 'e63fadab-1bbf-45ef-a3a4-d03ca4c2544f', 'fr');

-- --------------------------------------------------------

--
-- Structure de la table `prod_d8users_data`
--

CREATE TABLE `prod_d8users_data` (
  `uid` int(10) UNSIGNED NOT NULL DEFAULT '0' COMMENT 'The prod_d8users.uid this record affects.',
  `module` varchar(50) CHARACTER SET ascii NOT NULL DEFAULT '' COMMENT 'The name of the module declaring the variable.',
  `name` varchar(128) CHARACTER SET ascii NOT NULL DEFAULT '' COMMENT 'The identifier of the data.',
  `value` longblob COMMENT 'The value.',
  `serialized` tinyint(3) UNSIGNED DEFAULT '0' COMMENT 'Whether value is serialized.'
) ENGINE=InnoDB DEFAULT CHARSET=utf8mb4 COMMENT='Stores module data as key/value pairs per user.';

--
-- Déchargement des données de la table `prod_d8users_data`
--

INSERT INTO `prod_d8users_data` (`uid`, `module`, `name`, `value`, `serialized`) VALUES
(1, 'contact', 'enabled', 0x30, 0),
(1, 'google_analytics', 'user_account_users', 0x31, 0),
(49, 'contact', 'enabled', 0x30, 0),
(50, 'contact', 'enabled', 0x30, 0),
(62, 'contact', 'enabled', 0x30, 0),
(65, 'contact', 'enabled', 0x30, 0),
(65, 'google_analytics', 'user_account_users', 0x31, 0),
(66, 'contact', 'enabled', 0x30, 0),
(67, 'contact', 'enabled', 0x30, 0),
(67, 'google_analytics', 'user_account_users', 0x31, 0),
(71, 'contact', 'enabled', 0x30, 0),
(72, 'contact', 'enabled', 0x30, 0),
(73, 'contact', 'enabled', 0x30, 0),
(74, 'contact', 'enabled', 0x30, 0),
(75, 'contact', 'enabled', 0x30, 0),
(75, 'google_analytics', 'user_account_users', 0x31, 0),
(76, 'contact', 'enabled', 0x30, 0),
(76, 'google_analytics', 'user_account_users', 0x31, 0),
(77, 'contact', 'enabled', 0x30, 0),
(77, 'google_analytics', 'user_account_users', 0x31, 0),
(84, 'contact', 'enabled', 0x30, 0),
(85, 'contact', 'enabled', 0x30, 0),
(86, 'contact', 'enabled', 0x30, 0),
(86, 'google_analytics', 'user_account_users', 0x31, 0),
(87, 'contact', 'enabled', 0x30, 0),
(88, 'contact', 'enabled', 0x30, 0),
(89, 'contact', 'enabled', 0x30, 0),
(90, 'contact', 'enabled', 0x30, 0),
(91, 'contact', 'enabled', 0x30, 0),
(92, 'contact', 'enabled', 0x30, 0),
(93, 'contact', 'enabled', 0x30, 0),
(93, 'google_analytics', 'user_account_users', 0x31, 0),
(94, 'contact', 'enabled', 0x30, 0),
(95, 'contact', 'enabled', 0x30, 0),
(96, 'contact', 'enabled', 0x30, 0),
(96, 'google_analytics', 'user_account_users', 0x30, 0),
(108, 'contact', 'enabled', 0x30, 0),
(109, 'contact', 'enabled', 0x30, 0),
(112, 'contact', 'enabled', 0x30, 0),
(113, 'contact', 'enabled', 0x30, 0),
(113, 'google_analytics', 'user_account_users', 0x31, 0),
(117, 'contact', 'enabled', 0x30, 0),
(118, 'contact', 'enabled', 0x30, 0),
(119, 'contact', 'enabled', 0x30, 0),
(120, 'contact', 'enabled', 0x30, 0),
(121, 'contact', 'enabled', 0x30, 0),
(122, 'contact', 'enabled', 0x30, 0),
(123, 'contact', 'enabled', 0x30, 0),
(124, 'contact', 'enabled', 0x30, 0),
(126, 'contact', 'enabled', 0x30, 0),
(127, 'contact', 'enabled', 0x30, 0),
(128, 'contact', 'enabled', 0x30, 0),
(129, 'contact', 'enabled', 0x30, 0),
(130, 'contact', 'enabled', 0x30, 0),
(131, 'contact', 'enabled', 0x30, 0),
(132, 'contact', 'enabled', 0x30, 0),
(133, 'contact', 'enabled', 0x30, 0),
(134, 'contact', 'enabled', 0x30, 0),
(135, 'contact', 'enabled', 0x30, 0),
(136, 'contact', 'enabled', 0x30, 0),
(137, 'contact', 'enabled', 0x30, 0),
(138, 'contact', 'enabled', 0x30, 0),
(139, 'contact', 'enabled', 0x30, 0),
(140, 'contact', 'enabled', 0x30, 0),
(141, 'contact', 'enabled', 0x30, 0),
(142, 'contact', 'enabled', 0x30, 0),
(143, 'contact', 'enabled', 0x30, 0),
(144, 'contact', 'enabled', 0x30, 0),
(146, 'contact', 'enabled', 0x30, 0),
(147, 'contact', 'enabled', 0x30, 0),
(148, 'contact', 'enabled', 0x30, 0),
(149, 'contact', 'enabled', 0x30, 0),
(149, 'google_analytics', 'user_account_users', 0x30, 0),
(150, 'contact', 'enabled', 0x30, 0),
(151, 'contact', 'enabled', 0x30, 0),
(152, 'contact', 'enabled', 0x30, 0),
(153, 'contact', 'enabled', 0x30, 0),
(154, 'contact', 'enabled', 0x30, 0),
(154, 'google_analytics', 'user_account_users', 0x31, 0),
(155, 'contact', 'enabled', 0x30, 0),
(155, 'google_analytics', 'user_account_users', 0x31, 0),
(156, 'contact', 'enabled', 0x30, 0),
(156, 'google_analytics', 'user_account_users', 0x31, 0),
(157, 'contact', 'enabled', 0x30, 0),
(158, 'contact', 'enabled', 0x30, 0),
(159, 'contact', 'enabled', 0x30, 0),
(160, 'contact', 'enabled', 0x30, 0),
(161, 'contact', 'enabled', 0x30, 0),
(162, 'contact', 'enabled', 0x30, 0),
(163, 'contact', 'enabled', 0x30, 0),
(164, 'contact', 'enabled', 0x30, 0),
(165, 'contact', 'enabled', 0x30, 0),
(166, 'contact', 'enabled', 0x30, 0),
(167, 'contact', 'enabled', 0x30, 0),
(168, 'contact', 'enabled', 0x30, 0),
(169, 'contact', 'enabled', 0x30, 0),
(170, 'contact', 'enabled', 0x30, 0),
(171, 'contact', 'enabled', 0x30, 0),
(172, 'contact', 'enabled', 0x30, 0),
(173, 'contact', 'enabled', 0x30, 0),
(174, 'contact', 'enabled', 0x30, 0),
(175, 'contact', 'enabled', 0x30, 0),
(176, 'contact', 'enabled', 0x30, 0),
(177, 'contact', 'enabled', 0x30, 0),
(178, 'contact', 'enabled', 0x30, 0),
(179, 'contact', 'enabled', 0x30, 0),
(180, 'contact', 'enabled', 0x30, 0),
(181, 'contact', 'enabled', 0x30, 0),
(182, 'contact', 'enabled', 0x30, 0),
(183, 'contact', 'enabled', 0x30, 0),
(184, 'contact', 'enabled', 0x30, 0),
(185, 'contact', 'enabled', 0x30, 0),
(186, 'contact', 'enabled', 0x30, 0),
(187, 'contact', 'enabled', 0x30, 0),
(188, 'contact', 'enabled', 0x30, 0),
(189, 'contact', 'enabled', 0x30, 0),
(190, 'contact', 'enabled', 0x30, 0),
(191, 'contact', 'enabled', 0x30, 0),
(192, 'contact', 'enabled', 0x30, 0),
(193, 'contact', 'enabled', 0x30, 0),
(194, 'contact', 'enabled', 0x30, 0),
(195, 'contact', 'enabled', 0x30, 0),
(196, 'contact', 'enabled', 0x30, 0),
(197, 'contact', 'enabled', 0x30, 0),
(198, 'contact', 'enabled', 0x30, 0),
(199, 'contact', 'enabled', 0x30, 0),
(200, 'contact', 'enabled', 0x30, 0),
(201, 'contact', 'enabled', 0x30, 0),
(202, 'contact', 'enabled', 0x30, 0),
(203, 'contact', 'enabled', 0x30, 0),
(204, 'contact', 'enabled', 0x30, 0),
(205, 'contact', 'enabled', 0x30, 0),
(206, 'contact', 'enabled', 0x30, 0),
(207, 'contact', 'enabled', 0x30, 0),
(208, 'contact', 'enabled', 0x30, 0),
(208, 'google_analytics', 'user_account_users', 0x31, 0),
(209, 'contact', 'enabled', 0x30, 0),
(210, 'contact', 'enabled', 0x30, 0),
(210, 'google_analytics', 'user_account_users', 0x31, 0),
(214, 'contact', 'enabled', 0x30, 0),
(215, 'contact', 'enabled', 0x30, 0);

-- --------------------------------------------------------

--
-- Structure de la table `prod_d8users_field_data`
--

CREATE TABLE `prod_d8users_field_data` (
  `uid` int(10) UNSIGNED NOT NULL,
  `langcode` varchar(12) CHARACTER SET ascii NOT NULL,
  `preferred_langcode` varchar(12) CHARACTER SET ascii DEFAULT NULL,
  `preferred_admin_langcode` varchar(12) CHARACTER SET ascii DEFAULT NULL,
  `name` varchar(60) NOT NULL,
  `pass` varchar(255) DEFAULT NULL,
  `mail` varchar(254) DEFAULT NULL,
  `timezone` varchar(32) DEFAULT NULL,
  `status` tinyint(4) DEFAULT NULL,
  `created` int(11) NOT NULL,
  `changed` int(11) DEFAULT NULL,
  `access` int(11) NOT NULL,
  `login` int(11) DEFAULT NULL,
  `init` varchar(254) DEFAULT NULL,
  `default_langcode` tinyint(4) NOT NULL
) ENGINE=InnoDB DEFAULT CHARSET=utf8mb4 COMMENT='The data table for user entities.';

--
-- Déchargement des données de la table `prod_d8users_field_data`
--

INSERT INTO `prod_d8users_field_data` (`uid`, `langcode`, `preferred_langcode`, `preferred_admin_langcode`, `name`, `pass`, `mail`, `timezone`, `status`, `created`, `changed`, `access`, `login`, `init`, `default_langcode`) VALUES
(0, 'en', 'en', NULL, '', NULL, NULL, '', 0, 1613827290, 1613827290, 0, 0, NULL, 1),
(1, 'en', 'fr', NULL, 'mariepm-d8admin', '$S$E5VXH57OqEppOEmwrPy8u92B2m8zPo/opgwpztP2xrWKKsadMg2Z', 'sylvainlohest+adminmp@gmail.com', 'Europe/Paris', 1, 1613827290, 1627497518, 1671373561, 1671367660, 'admin@mariepeltier.org', 1),
(49, 'fr', 'fr', 'fr', 'Marie Peltier', '$S$EvlLDi.H61k3iRY3ouDAAtwSbOFuS7Cnqtwj7Kk80zifW0.F6vif', 'marie.peltier@galilee.be', 'Europe/Paris', 1, 1620989523, 1663667911, 1671362638, 1671305317, 'marie.peltier@galilee.be', 1),
(50, 'fr', 'fr', 'fr', 'nadege.deryck', '$S$E/J1xIjoHyXSyd8yjbD6ftVX2s0TWW.YH7.BLkY18v5Ezfk29kfA', 'nadege.de.ryck@hotmail.be', 'Europe/Paris', 1, 1621083355, 1621083355, 1621179850, 1621083391, 'nadege.de.ryck@hotmail.be', 1),
(62, 'fr', 'fr', 'fr', 'Pauline Thirifays', '$S$EYDVXmHkGsXbWomfR/P7OulrWKfN7rY64XlvUbOEryv6oTSUX1LH', 'paulinethirifays@hotmail.com', 'Europe/Paris', 1, 1621242488, 1668745518, 1665923003, 1661629211, 'paulinethirifays@hotmail.com', 1),
(65, 'fr', 'fr', 'fr', 'MariamaCottrant', '$S$ELZlr36xxdhLStJhHdYhM3BmF5GvAd03rC4sWO/A1zm2OUZy5N8c', 'mariama.cottrant@gmail.com', 'Europe/Paris', 1, 1621268207, 1625147127, 1638198530, 1621268207, 'mariama.cottrant@gmail.com', 1),
(66, 'fr', 'fr', 'fr', 'MC', '$S$Eer41xW864.ID5iKIWBd5EONKd8X86Xd6H5E1sUEoIgBdHXpN3L/', 'mariecappart@gmail.com', 'Europe/Paris', 1, 1621366566, 1621366566, 1638198598, 1621366566, 'mariecappart@gmail.com', 1),
(67, 'fr', 'fr', 'fr', 'GENEVIÈVE DAVE', '$S$EiFdiNkdshpc.WCee9J4E1FqAYBqZ7OLwqozB7jEmuW8nUaH6WzU', 'genevieve.dave@gmail.com', 'Europe/Paris', 1, 1621372762, 1622728891, 1638198633, 1622728768, 'genevieve.dave@gmail.com', 1),
(71, 'fr', 'fr', 'fr', 'matt_bruggmann', '$S$EYlWAlsuUlmZMnkMEwB7WGGJf4p9hP2h7OWdRupU3aB1zhbIOOS4', 'mattspam@boring.ch', 'Europe/Paris', 1, 1621421843, 1621421850, 1621421850, 1621421850, 'mattspam@boring.ch', 1),
(72, 'fr', 'fr', 'fr', 'Hélène Renglet', '$S$Er/TV8l6oT8oBUPm8gaB/yjIFNZFK00PpKYUCE4Ljg8SE99IuF6/', 'helene@massez.eu', 'Europe/Paris', 1, 1621514199, 1668745518, 1668105204, 1668105204, 'helene@massez.eu', 1),
(73, 'fr', 'fr', 'fr', 'mariellep', '$S$E2DXS8w1EUrolRZbbrz5y3JZEfSsoPdD3CgMiZhySgCcEsbnodNV', 'mariellepeltier44@gmail.com', 'Europe/Paris', 1, 1621599162, 1668745518, 1666093181, 1666093181, 'mariellepeltier44@gmail.com', 1),
(74, 'fr', 'fr', 'fr', 'Leïla Taghla', '$S$E/ywwj0Wu7Ay63GggNFeaXSjNMTnnsO/1MeTLQsPwxkso57vRbpw', 'leila0433@hotmail.com', 'Europe/Paris', 1, 1621711308, 1659216746, 1630585243, 1630435145, 'leila0433@hotmail.com', 1),
(75, 'fr', 'fr', 'fr', 'sl', '$S$EFEqyUORQojpf4qhKEYpYi92q/D5J23pfZr9OEP1RHBW9G3hEQig', 'sylvainlohest+testmp@gmail.com', 'Europe/Paris', 1, 1621787470, 1656490858, 1669979934, 1669979934, 'sylvainlohest+testmp@gmail.com', 1),
(76, 'fr', 'fr', 'fr', 'David Lechermeier', '$S$EYYzn5Uut/gh.TDAauHhbeluoOeGHyKr4kamGMJUu7qRzIA4uvqP', 'dlechermeier@de-mots.com', 'Europe/Paris', 1, 1622004303, 1670565400, 1663348014, 1663348014, 'dlechermeier@de-mots.com', 1),
(77, 'fr', 'fr', 'fr', 'Antoinette', '$S$EGC7F4xa2NTF5ySE2EWMHF3QPRHage4SJcNW5HQTlUZB.deh6KWv', 'antoinette.paix@orange.fr', 'Europe/Paris', 1, 1622033884, 1669402904, 1669402842, 1669402533, 'antoinette.paix@orange.fr', 1),
(84, 'fr', 'fr', 'fr', 'Anne', '$S$EzcANCOfHiP7wviE0Z55M.JGhu/682r2QB2CQMp7AECs7.btv7Kz', 'anneclairesarah@hotmail.com', 'Europe/Paris', 1, 1623066482, 1668745518, 1669814694, 1669814157, 'anneclairesarah@hotmail.com', 1),
(85, 'fr', 'fr', 'fr', 'LUDOVIC RIGAUX', '$S$EFvhKOvsiDJ0pU2KjfrbjJWicE/ue1cOGqTEbuYsB39LgnHkr.Q0', 'rigauxludovic1@gmail.com', 'Europe/Paris', 1, 1623264021, 1662121692, 1668107436, 1668107436, 'rigauxludovic1@gmail.com', 1),
(86, 'fr', 'fr', 'fr', 'Christine Le Guen', '$S$EIscQ.bLgtznQIPE9qpBVmwg6QfmKygvmssReCMudVnffSrd4tjS', 'c.leguen@gmail.com', 'Europe/Paris', 1, 1623433011, 1668745518, 1670147260, 1670147260, 'c.leguen@gmail.com', 1),
(87, 'fr', 'fr', 'fr', 'Framboise', '$S$EYTI63z8/UuaZ4qhfFXkOWwvsMhL7jg3dT4EQsexLIl13XftJUdK', 'chorale.soizic@free.fr', 'Europe/Paris', 1, 1623493736, 1623493736, 1623493736, 1623493736, 'chorale.soizic@free.fr', 1),
(88, 'fr', 'fr', 'fr', 'Nathalie', '$S$E.50iQ5jyzM6iIsbyys7ru/GbPxgpOsuE5IzZOKr1SuAUw/UnLS4', 'ndelaleeuwe@gmail.com', 'Europe/Paris', 1, 1623508012, 1623508012, 1623508012, 1623508012, 'ndelaleeuwe@gmail.com', 1),
(89, 'fr', 'fr', 'fr', 'pbb', '$S$EhViIE6g7xlEM6m5QT2Yo61QxA.AHcydxtERJZTRSXQltmQj8STe', 'pbutordeblamont@free.fr', 'Europe/Paris', 1, 1623512759, 1623512759, 1623512759, 1623512759, 'pbutordeblamont@free.fr', 1),
(90, 'fr', 'fr', 'fr', 'BRUN Nicolas', '$S$Enknvo2frY4sWaZxQ1dlFkC/.wQxsBem1wSFZkiEzUiD2P4t1ufW', 'kiketnico@gmail.com', 'Europe/Paris', 1, 1623514641, 1623514641, 1623514826, 1623514641, 'kiketnico@gmail.com', 1),
(91, 'fr', 'fr', 'fr', 'montval', '$S$EAUTJwRWjMVuiznMxKJ.IlrEDiz/PAFak3wfMuOfXslTz947DPnE', 'olivier.raoult@arche-audit.fr', 'Europe/Paris', 1, 1623521233, 1623521233, 1623521233, 1623521233, 'olivier.raoult@arche-audit.fr', 1),
(92, 'fr', 'fr', 'fr', 'Philippe Audard', '$S$ET2GhTrr23a4VNqI7Y7Xzjh.FWlDXdJrHfTVDYyE652KT7Fh4ycb', 'philippe.audard@gmail.com', 'Europe/Paris', 1, 1624126731, 1624126731, 1624126731, 1624126731, 'philippe.audard@gmail.com', 1),
(93, 'fr', 'fr', 'fr', 'Rama', '$S$EfhhV541IDZppCzSgRvowvktX6LEsvgc5FAdtAoOOkrxRKu2T1Mg', 'emmanuel.eckard@alumni.epfl.ch', 'Europe/Paris', 1, 1624470642, 1656297320, 1667378938, 1667378938, 'emmanuel.eckard@protonmail.com', 1),
(94, 'fr', 'fr', 'fr', 'SD', '$S$EOgMZn8fR1gJUvrbJxDRlrQsChhF/OEUWbckr7pDq0.IlGNfc2g6', 'sdehaibe@gmail.com', 'Europe/Paris', 1, 1624848565, 1624848565, 1624848565, 1624848565, 'sdehaibe@gmail.com', 1),
(95, 'fr', 'fr', 'fr', 'CL', '$S$Ey3aBLTMt.HTCLZSaY2Qn2hmXg6PDi/v5QzIT6P.IwgWXUWFJpdj', 'capucine.lebreton@protonmail.ch', 'Europe/Paris', 1, 1624859797, 1670476370, 1651916756, 1651916756, 'capucine.lebreton@protonmail.ch', 1),
(96, 'fr', 'fr', 'fr', 'mazzender', '$S$EK07O2Asq0mWZl.pD1Z2W7GZTmdV9Ua4NKUeOEf7uysfJ8gcctN7', 'mazzender@outlook.com', 'Europe/Paris', 1, 1624872931, 1635513269, 1635513269, 1635513251, 'mazzender@outlook.com', 1),
(108, 'fr', 'fr', 'fr', 'Wilford Kunze', '$S$EgyxlPfEZy5acWz.sN6HQwnyAstZpF8MyTjUS8ASHgtO9/.De/24', 'Cortney.Roberts85@hotmail.com', 'Europe/Paris', 1, 1629022763, 1629022763, 1629022763, 1629022763, 'Cortney.Roberts85@hotmail.com', 1),
(109, 'fr', 'fr', 'fr', 'Miss Krista O\'Reilly', '$S$EbNbWGqVCe249cw.oTxoMRLkOiA1tCwD4pieWa.HGPBXaahXUGf0', 'kristina.peterson17@yahoo.com', 'Europe/Paris', 1, 1629259502, 1629259502, 1629259502, 1629259502, 'kristina.peterson17@yahoo.com', 1),
(112, 'fr', 'fr', 'fr', 'Domingo Murazik', '$S$EV9olOUwSp6YM4z4uDDkND/bKRU.m0d/X38ioK623fIKG1mVkwns', 'thancock85@gmail.com', 'Europe/Paris', 1, 1629882989, 1629882989, 1629882989, 1629882989, 'thancock85@gmail.com', 1),
(113, 'fr', 'fr', 'fr', 'eleonoratraversa@gmail.com', '$S$E6VvEyRLFb74ndzxhBb8YF5uwS.m6z1wPcMx9bSObo/IaHsYZ6YS', 'eleonoratraversa@gmail.com', 'Europe/Paris', 1, 1630441167, 1668745518, 1666010695, 1666010407, 'eleonoratraversa@gmail.com', 1),
(117, 'fr', 'fr', 'fr', 'Wilson Runolfsson', '$S$EVlCACchO2oOyu.BMJwt8Y.fOASx7hSsoy6eoZTvqdqG5QAXiKbP', 'tinameger@yahoo.com', 'Europe/Paris', 1, 1631515755, 1631515755, 1631515755, 1631515755, 'tinameger@yahoo.com', 1),
(118, 'fr', 'fr', 'fr', 'Tommy Connelly', '$S$EyosoMd0lyBaGiUG2M6kimwyBURPXcag5CSmQqbdln9pyx6N2vsY', 'info@markvagee.com', 'Europe/Paris', 1, 1633377942, 1633377942, 1633377942, 1633377942, 'info@markvagee.com', 1),
(119, 'fr', 'fr', 'fr', 'Terry Volkman', '$S$Er9m22BAm7YvV4Olp/XsarILLfqst6Te0OosDIRhvolnEMjFHcJp', 'kasualkuts@aol.com', 'Europe/Paris', 1, 1633577263, 1633577263, 1633577263, 1633577263, 'kasualkuts@aol.com', 1),
(120, 'fr', 'fr', 'fr', 'Traci Douglas', '$S$EvJ.UnnhjQlwdNqcS4O4ZAE./kvANXiZBRCFDBnJ8ssTqxuuemSG', 'michaelsaucedo@me.com', 'Europe/Paris', 1, 1633710370, 1633710370, 1633710370, 1633710370, 'michaelsaucedo@me.com', 1),
(121, 'fr', 'fr', 'fr', 'Avery Roberts', '$S$EJqYmaPCoTPXz/HI3GHONTrDJ1CWGHBBrYTBfeOxPDtezg51E.ka', 'rdastardancers@aol.com', 'Europe/Paris', 1, 1634043820, 1634043820, 1634043820, 1634043820, 'rdastardancers@aol.com', 1),
(122, 'fr', 'fr', 'fr', 'bruno', '$S$EFOpCQ/kC7l2GOiMB4zVYBON2VIofzryxne4AZ2LiHZ0Ue2EDCCR', 'brunomagdelyns@gmail.com', 'Europe/Paris', 1, 1634548458, 1663667911, 1649316134, 1649313601, 'brunomagdelyns@gmail.com', 1),
(123, 'fr', 'fr', 'fr', 'Sonja Funk', '$S$E5DJ/a9gQXxkL2yxbIOP99zYnya7GrsLRn8XxW0FoaPt43rFPrQU', 'shoualee25@yahoo.com', 'Europe/Paris', 1, 1634771587, 1634771587, 1634771587, 1634771587, 'shoualee25@yahoo.com', 1),
(124, 'fr', 'fr', 'fr', 'Dayton Cormier MD', '$S$E/safEn1caZMSVuRF8JOFgD4CYkqLY2XkuzYSeFpHTjSyciVH0NV', 'dhumphries508@yahoo.com', 'Europe/Paris', 1, 1636483845, 1636483845, 1636483845, 1636483845, 'dhumphries508@yahoo.com', 1),
(126, 'fr', 'fr', 'fr', 'Cali Terry III', '$S$EAJxKel.f6WqsYUKfRjvHD30QhqtLtN5asRac8dHshuMRRbONubn', 'guapoant@yahoo.com', 'Europe/Paris', 1, 1637649080, 1637649080, 1637649080, 1637649080, 'guapoant@yahoo.com', 1),
(127, 'fr', 'fr', 'fr', 'Viola Mann', '$S$E2oc2VVnq.IZgjqjmk/thv4j7aWOFoK43pYBEv4Fds..doSL6BrC', 'davidr4p17@yahoo.com', 'Europe/Paris', 1, 1637811342, 1637811342, 1638198675, 1637811342, 'davidr4p17@yahoo.com', 1),
(128, 'fr', 'fr', 'fr', 'Bennie Gerlach', '$S$E3m5V/iePEHg5KMFhz9gZALPtnwQNoX21jFPMikRp8gMhHgYxT3q', 'threerovetos@yahoo.com', 'Europe/Paris', 1, 1638816820, 1638816820, 1638816820, 1638816820, 'threerovetos@yahoo.com', 1),
(129, 'fr', 'fr', 'fr', 'Cristina Langworth', '$S$EKVnf/r.usLnJcVrDbwKw4si/UORcgut9Oyy75gdMnne3iUHQIn4', 'ron.goings@gmail.com', 'Europe/Paris', 1, 1639470431, 1639470431, 1639470431, 1639470431, 'ron.goings@gmail.com', 1),
(130, 'fr', 'fr', 'fr', 'Rafael Kub', '$S$ENXUdUbqdO/DTARexub1rQFCdbn2y1kjgkiv1WpP4KbCKRkyzT2n', 'lovelyn.d@hotmail.com', 'Europe/Paris', 1, 1639695204, 1639695204, 1639695204, 1639695204, 'lovelyn.d@hotmail.com', 1),
(131, 'fr', 'fr', 'fr', 'Orin Franecki', '$S$EOjCzQM7D9qaFqPasoATl2ySKz7lNPVd.mJ3SCJnfR92Z/U2ev1s', 'srobinson321p@aol.com', 'Europe/Paris', 1, 1639903857, 1639903857, 1639903857, 1639903857, 'srobinson321p@aol.com', 1),
(132, 'fr', 'fr', 'fr', 'SDeh', '$S$E.ZcYC6iTQhXXWdcjEvmzs6cktHmaU/nXA2eYWVl79HjhSWZUoQM', 'sdehaibe@yahoo.fr', 'Europe/Paris', 1, 1640031002, 1640031002, 1640031002, 1640031002, 'sdehaibe@yahoo.fr', 1),
(133, 'fr', 'fr', 'fr', 'Miss Michael Zboncak', '$S$EoAZrmey3vK/vu0bmVCXWa/zz0pk/sGLG/BqNfvvUOkBXYRX9A9W', 'steelfan77@verizon.net', 'Europe/Paris', 1, 1640053243, 1640053243, 1640053243, 1640053243, 'steelfan77@verizon.net', 1),
(134, 'fr', 'fr', 'fr', 'Maybelle Wehner DVM', '$S$EQhdSbzUQbmigYon0/GB.7Az49nupyfDwG0wMPmUC4xcqnCqRS9B', 'wrsievert@aol.com', 'Europe/Paris', 1, 1640114145, 1640114145, 1640114145, 1640114145, 'wrsievert@aol.com', 1),
(135, 'fr', 'fr', 'fr', 'Kari Bailey', '$S$ES742sBahVod2ToL5Vdb2biYi74hFF1.QJDiveNlIYgZhE2uIYAF', 'andrew.pclark@ymail.com', 'Europe/Paris', 1, 1640911339, 1640911339, 1640911339, 1640911339, 'andrew.pclark@ymail.com', 1),
(136, 'fr', 'fr', 'fr', 'Kristine Kemmer', '$S$EaYLhkwzHvWgpuBjxkZ1t9Z3Fvpmy4mZYJJ01AwsMNbQaUYzpxvm', 'mapu.park@gmail.com', 'Europe/Paris', 1, 1641233089, 1641233089, 1641233089, 1641233089, 'mapu.park@gmail.com', 1),
(137, 'fr', 'fr', 'fr', 'Micheal Mertz', '$S$EhMO6JDl3wY4932m0SNcnKybpsKIxJISXZcnRWQdol3ZFA0MpbXW', 'dhagler135@gmail.com', 'Europe/Paris', 1, 1641718286, 1641718286, 1641718286, 1641718286, 'dhagler135@gmail.com', 1),
(138, 'fr', 'fr', 'fr', 'Dennis Kuhn', '$S$EqUdRYtIE3SLNJSELGz1cNnu6QzOihylOiN.CKTyZSdrpgTC2mrv', 'zman6754@aol.com', 'Europe/Paris', 1, 1642238880, 1642238880, 1642238880, 1642238880, 'zman6754@aol.com', 1),
(139, 'fr', 'fr', 'fr', 'Zora Harvey', '$S$ESa6W30do./EO0DgZOJeFie9ZINaSPID/6jsuce38mkNhYAJugYp', 'ldiamond201@gmail.com', 'Europe/Paris', 1, 1642300234, 1642300234, 1642300234, 1642300234, 'ldiamond201@gmail.com', 1),
(140, 'fr', 'fr', 'fr', 'Dexter Jacobs V', '$S$ERGskhwP2GNLAdzdaEysLZ0a/ePo2kolmXgaVyzlZzWhH3xEOuw.', 'sikwitit100@yahoo.com', 'Europe/Paris', 1, 1643210163, 1643210163, 1643210163, 1643210163, 'sikwitit100@yahoo.com', 1),
(141, 'fr', 'fr', 'fr', 'patrick', '$S$EOqKui3A3d/sId41zjKUXLt0fgE2J5zTtWQ3vxmb7OSrvnryeY2N', 'patrick.allaud@orange.fr', 'Europe/Paris', 1, 1643722429, 1670565400, 1653747769, 1653503233, 'patrick.allaud@orange.fr', 1),
(142, 'fr', 'fr', 'fr', 'Erika Walsh Sr.', '$S$EsGfBuhKkBBFqtX9gEGIoMtQ/FX5phqeBMSG3HCOuSD8jJETHQjJ', 'lptollman@yahoo.com', 'Europe/Paris', 1, 1643844965, 1643844965, 1643844965, 1643844965, 'lptollman@yahoo.com', 1),
(143, 'fr', 'fr', 'fr', 'Moncourrier Philippe', '$S$EGtf91tlTKj2.smAez69IXPLUdyIW0vOKbPy9/x.SLg/TcPcQWad', 'philippe.moncourrier@protonmail.com', 'Europe/Paris', 1, 1643979362, 1668745518, 1659511411, 1659510992, 'philippe.moncourrier@protonmail.com', 1),
(144, 'fr', 'fr', 'fr', 'Dr. Allan Harber', '$S$EhRE.xCQgJSw94XNgZvEFM0eqCiHY1XXbJZUdRdLfSRN.0e1XNtj', 'kaylaslovely@gmail.com', 'Europe/Paris', 1, 1644099416, 1644099416, 1644099416, 1644099416, 'kaylaslovely@gmail.com', 1),
(146, 'fr', 'fr', 'fr', 'Tyrone Zieme', '$S$ElG6kiulFYZ.YGps7XwmmZIbQvbt5TH7tZuQBlhTeHTsZ35a5PWh', 'cdale1849@gmail.com', 'Europe/Paris', 1, 1644180809, 1644180809, 1644180809, 1644180809, 'cdale1849@gmail.com', 1),
(147, 'fr', 'fr', 'fr', 'Sage Koelpin', '$S$E2Dl62kS/oW.UWdhF/zNbJFgUPUqAfAVt6EiBoRq3ZHY0ucZmyCb', 'joyomiles@yahoo.com', 'Europe/Paris', 1, 1644837094, 1644837094, 1644837094, 1644837094, 'joyomiles@yahoo.com', 1),
(148, 'fr', 'fr', 'fr', 'romainbj', '$S$ETVha9PfllgwvcM2rVUXkAJERyVJM3NqTq1PGiep4p5kPpJsAMrz', 'romainbjames@gmail.com', 'Europe/Paris', 1, 1647152298, 1647152298, 1647152298, 1647152298, 'romainbjames@gmail.com', 1),
(149, 'fr', 'fr', 'fr', 'sim75gal@gmail.com', '$S$ESGQ2R3Tx7u7V02gyvMgOB.sfkNF2Bn43.2/HYyRIeYizqglg41.', 'sim75gal@gmail.com', 'Europe/Paris', 1, 1647270810, 1663667911, 1655255585, 1655255585, 'sim75gal@gmail.com', 1),
(150, 'fr', 'fr', 'fr', 'Anja', '$S$E1B6J/4O0u5RwUUzCCZaDzYs5NS27c59l3VLLTvRMczfbImXQtU7', 'anja.tillberg@gmail.com', 'Europe/Paris', 1, 1647333452, 1655462192, 1655462192, 1655462192, 'anja.tillberg@gmail.com', 1),
(151, 'fr', 'fr', 'fr', 'totobertoto', '$S$EIc7QT4oWZ3GAl0T5.JKW5WjHn2mmVDnzB3CfiebWrspJXJcaLE3', 'bertossi.anthony@gmail.com', 'Europe/Paris', 1, 1648889291, 1663667911, 1648889487, 1648889291, 'bertossi.anthony@gmail.com', 1),
(152, 'fr', 'fr', 'fr', 'Vincent Bonaccorsi', '$S$EdPIoU.gh0p74OgmFcX98TqK1Rjyx8.eESNpTYWmpDyXK.gZ5Zkd', 'kaliceres99@gmail.com', 'Europe/Paris', 1, 1650316366, 1650316366, 1650316366, 1650316366, 'kaliceres99@gmail.com', 1),
(153, 'fr', 'fr', 'fr', 'offgridtours', '$S$EHGj.Wmi3cMYTMehtf2a93nsU0U8wY/79B7cCDTstY3wA1f2qRs5', 'offgridtourshs@glazierdude.site', 'Europe/Paris', 1, 1650790226, 1650790226, 1667277501, 1667277501, 'offgridtourshs@glazierdude.site', 1),
(154, 'fr', 'fr', 'fr', 'Virginie', '$S$EOx1r.rr.KsgtKPKywUog5RkIa4sOkPXAx3Rw.v6Htc.RS5bVG/8', 'v.maneval@outlook.com', 'Europe/Paris', 1, 1651229443, 1670200542, 1667254667, 1667254667, 'v.maneval@outlook.com', 1),
(155, 'fr', 'fr', 'fr', 'Philippe Rochat', '$S$Es.ICHzoqtBLei26CARs9H8Z7qxiXPiHnLLcdLbsksACet54V5Sg', 'gph.rochat@citycable.ch', 'Europe/Paris', 1, 1651333059, 1668745518, 1670596378, 1670490857, 'gph.rochat@citycable.ch', 1),
(156, 'fr', 'fr', 'fr', 'Françoise B', '$S$EGS8TugoykHjF5VIZ2D.iw.p4XIdyrNnBfQECZV/PunjBxMTsfWR', 'fberlaimont@protonmail.com', 'Europe/Paris', 1, 1653639744, 1668745518, 1670328977, 1670328977, 'fberlaimont@protonmail.com', 1),
(157, 'fr', 'fr', 'fr', 'Sam', '$S$EKFDjI.PXC3eIsbQwsovh4Ffwc8nLqvOlHtZCY0raTgSvYX1K8oX', 'samuel.arnone@gmail.com', 'Europe/Paris', 1, 1653979661, 1653979661, 1653979661, 1653979661, 'samuel.arnone@gmail.com', 1),
(158, 'fr', 'fr', 'fr', 'Upsylon', '$S$Ecu1S1AVQBGp.fhQ2sAJdlTtHUS3TOdN6j6F3GP5WX1h0jOra9Yn', 'jajellive_jonathan@hotmail.com', 'Europe/Paris', 1, 1654361549, 1654361549, 1654361549, 1654361549, 'jajellive_jonathan@hotmail.com', 1),
(159, 'fr', 'fr', 'fr', 'waxmann', '$S$EUW0SevTOMjqefKlV8.5ddUWYkI5hUzYUeO7RWO04SOETknPvmiR', 'raayza3@gmail.com', 'Europe/Paris', 1, 1654846928, 1654846928, 1654846928, 1654846928, 'raayza3@gmail.com', 1),
(160, 'fr', 'fr', 'fr', 'Hel mallet', '$S$ErBvy3d2fanHA2JaMQFZi98Yl7zqlTYn1Ic4IftuFxKAlqRL.OUb', 'helmallet@gmail.com', 'Europe/Paris', 1, 1655395245, 1666232493, 1670229230, 1670229230, 'helmallet@gmail.com', 1),
(161, 'fr', 'fr', 'fr', 'Ousmane', '$S$E.lIH.FeYavL/xk/jEHKyzJwTGBnX/3pmU1yMazWjyDbfULX1Ce5', 'lamineoussou@gmail.com', 'Europe/Paris', 1, 1655445120, 1655445120, 1655445120, 1655445120, 'lamineoussou@gmail.com', 1),
(162, 'fr', 'fr', 'fr', 'Tatice', '$S$EJoWGg2gUUn6tFmzdv6Df6QLIOOhU6W6RFzeH2evtWxbffmzYflp', 'beatrice.courouble@gmail.com', 'Europe/Paris', 1, 1656005631, 1663667911, 1658149118, 1657653057, 'beatrice.courouble@gmail.com', 1),
(163, 'fr', 'fr', 'fr', 'Coralie Pradet', '$S$EVx/oJGtlXl6oXvPvyTgGvOs3XbEGnc81Wqha1udsenHfN17jPGu', 'coralie.pradet@orange.fr', 'Europe/Paris', 1, 1656118175, 1656118175, 1656118175, 1656118175, 'coralie.pradet@orange.fr', 1),
(164, 'fr', 'fr', 'fr', 'Jackie62', '$S$ESmm03n5jmILelvrpRw44XiVOeLgyGf0ZShgO8aW1bFB46LIyYZy', 'mon.brol@gmail.com', 'Europe/Paris', 1, 1656424004, 1656424004, 1656424004, 1656424004, 'mon.brol@gmail.com', 1),
(165, 'fr', 'fr', 'fr', 'Marie-Jeanne Christina', '$S$EMh0xXXQZebgFK4BbwB09kRnjd0GyINwpEUsxMglK0i05N/aH8TH', 'marie.jeanne.piguet@gmail.com', 'Europe/Paris', 1, 1656690108, 1668745518, 1656690717, 1656690108, 'marie.jeanne.piguet@gmail.com', 1),
(166, 'fr', 'fr', 'fr', 'glopglop', '$S$EPHttzldHxsGnl343/LgoZHfJfHxc2iQLydiOBAL/ZoXiTzUq7DW', 'sylvie.m.pub@gmail.com', 'Europe/Paris', 1, 1658172492, 1658172492, 1658172492, 1658172492, 'sylvie.m.pub@gmail.com', 1),
(167, 'fr', 'fr', 'fr', 'Clyde Considine', '$S$EVOkuWhDy/VsI3EVzgiJxBrITIvnhqUekRir9zsCUHVJyz2g1OMf', 'Sincere660_Rogahn_1986@alabamahomenetwoks.com', 'Europe/Paris', 1, 1658984262, 1658984262, 1658984262, 1658984262, 'Sincere660_Rogahn_1986@alabamahomenetwoks.com', 1),
(168, 'fr', 'fr', 'fr', 'Cary Carroll', '$S$EjPOFWXGqFqDGnBu1I.B1SikN7naDdYShLEJbjcNTPEFLRJYwgFX', 'Misty121_Gerhold.1960@alabamahomenetwoks.com', 'Europe/Paris', 1, 1658984262, 1658984262, 1658984262, 1658984262, 'Misty121_Gerhold.1960@alabamahomenetwoks.com', 1),
(169, 'fr', 'fr', 'fr', 'Alberta Rau', '$S$ELPly5Zj1NuC9H0/80xBXE5dhtSAyhF2utr46UyGPuxwkF.DHpfs', 'Mason616_Pouros_1992@alabamahomenetwoks.com', 'Europe/Paris', 1, 1658984265, 1658984265, 1658984265, 1658984265, 'Mason616_Pouros_1992@alabamahomenetwoks.com', 1),
(170, 'fr', 'fr', 'fr', 'Phillip Spencer', '$S$EVd6TwbXad7DVjNSPWjWwV5AIPv6WruFHnHdhCXhiWHZgCmllMX7', 'Sydnie979.Sauer1964@alabamahomenetwoks.com', 'Europe/Paris', 1, 1658984272, 1658984272, 1658984272, 1658984272, 'Sydnie979.Sauer1964@alabamahomenetwoks.com', 1),
(171, 'fr', 'fr', 'fr', 'Renee Wisozk', '$S$Ec70wiukza55vm03UCbhFBJ/A4iGwHIJ/9n.bYbXqLbHYODbuBAT', 'Eva983_Wehner1991@alabamahomenetwoks.com', 'Europe/Paris', 1, 1658984282, 1658984282, 1658984282, 1658984282, 'Eva983_Wehner1991@alabamahomenetwoks.com', 1),
(172, 'fr', 'fr', 'fr', 'Mr. Roman Kirlin', '$S$E2gDMeQsL/FhKTcIs1hYgA8UU2fkfsQrdhi1F3iB7fXaRS76cz/3', '4067883467@vtext.com', 'Europe/Paris', 1, 1659038404, 1659038404, 1659038404, 1659038404, '4067883467@vtext.com', 1),
(173, 'fr', 'fr', 'fr', 'Carrie Shields IV', '$S$EEUjl5S/gDRlfekIaFfnxvwqwl1HB6YhZIEGp3FOy8rGl7uFok.6', 'chloechaobal@gmail.com', 'Europe/Paris', 1, 1659100736, 1659100736, 1659100736, 1659100736, 'chloechaobal@gmail.com', 1),
(174, 'fr', 'fr', 'fr', 'Cameron Price', '$S$EBw1W.pW4b0lzDSbIOaHsX56PWGLL.w/lcaioo3bfhHTmwUTR2V1', 'musa@eit2.com', 'Europe/Paris', 1, 1659339346, 1659339346, 1659339346, 1659339346, 'musa@eit2.com', 1),
(175, 'fr', 'fr', 'fr', 'Myron Hilpert', '$S$Ejg1aBKjFE4Z5li3Rf.wP5JliE27oHHST.0rNabpnfI0S6mRrdSp', 'info@heinmets.ee', 'Europe/Paris', 1, 1659363866, 1659363866, 1659363866, 1659363866, 'info@heinmets.ee', 1),
(176, 'fr', 'fr', 'fr', 'Sharon Wolff', '$S$EO00KIrTEjxi1UCGBvcnWEIT3fSkGccI1vMlUCEXQWryuTQhOy3R', 'sales@alexclarkart.co.uk', 'Europe/Paris', 1, 1659441157, 1659441157, 1659441157, 1659441157, 'sales@alexclarkart.co.uk', 1),
(177, 'fr', 'fr', 'fr', 'Catherine Konopelski', '$S$E8pJTpFs/8FEpAHwS2ODtqQ1HM674iagr/fJT5xzkceZt/EIzlU3', 'sarah.johnson@youranchorpoint.com', 'Europe/Paris', 1, 1659510525, 1659510525, 1659510525, 1659510525, 'sarah.johnson@youranchorpoint.com', 1),
(178, 'fr', 'fr', 'fr', 'Stacy Kovacek', '$S$EqETFH5iEfbHqsQVgMC8yJnNBcTpg/NnJhcqOaan3V7iySvyhvyU', 'karen.kravets@eclinicalworks.com', 'Europe/Paris', 1, 1659544642, 1659544642, 1659544642, 1659544642, 'karen.kravets@eclinicalworks.com', 1),
(179, 'fr', 'fr', 'fr', 'Charles Von', '$S$EnMKIXppIbybUASg5O09cakqrHl1UBb4MdRmrDY2zmEmZld/RSkl', 'sacredspacehealingspa@gmail.com', 'Europe/Paris', 1, 1659579507, 1659579507, 1659579507, 1659579507, 'sacredspacehealingspa@gmail.com', 1),
(180, 'fr', 'fr', 'fr', 'Robert O\'Reilly', '$S$EYpxldZWc2Bzmh.pXtbZ.ckDL8zN2ypgfYfOF9kP9EnbMfPOrz.U', 'ulyssedeng@gmail.com', 'Europe/Paris', 1, 1659755251, 1659755251, 1659755251, 1659755251, 'ulyssedeng@gmail.com', 1),
(181, 'fr', 'fr', 'fr', 'Grace Gutkowski', '$S$EAD4t/4qL8V1Bj/ACQo1Kuw9Hi2wMQlM/EZWM6ytvwSqA7SxtnOr', 'silver_spoon_cinn@hotmail.com', 'Europe/Paris', 1, 1660112264, 1660112264, 1660112264, 1660112264, 'silver_spoon_cinn@hotmail.com', 1),
(182, 'fr', 'fr', 'fr', 'Nettie Connelly', '$S$EzqJ6Ly35oDq0jT6LIzew5q.IJUp1DbGDiZWJN.QRi2D1d2wpnU8', 'baileycramer2@gmail.com', 'Europe/Paris', 1, 1660150884, 1660150884, 1660150884, 1660150884, 'baileycramer2@gmail.com', 1),
(183, 'fr', 'fr', 'fr', 'Miss Casey Brakus', '$S$EYpKzrmCh9IebKFNpGIny2iDWHq54IyQimozVKu6unNcjZXOmkuS', 'andreestarr@yahoo.com', 'Europe/Paris', 1, 1660218479, 1660218479, 1660218479, 1660218479, 'andreestarr@yahoo.com', 1),
(184, 'fr', 'fr', 'fr', 'Miss Peggy Koss', '$S$EpVlXe9IN5wd6s/pOj78htycHYE3IZBx.5FNIpkAoD.5cPJLHrdV', 'jraley@raleybowick.com', 'Europe/Paris', 1, 1660336859, 1660336859, 1660336859, 1660336859, 'jraley@raleybowick.com', 1),
(185, 'fr', 'fr', 'fr', 'Ted Graham', '$S$ERXp2oGh0W8bmqqpFssih4j./4fGo62.Naga93t0e5i1CHuXj2uX', 'pookinopolis@gmail.com', 'Europe/Paris', 1, 1660469260, 1660469260, 1660469260, 1660469260, 'pookinopolis@gmail.com', 1),
(186, 'fr', 'fr', 'fr', 'Stacy Flatley', '$S$EG2x.3Mn4OZFgdkH3LqbjgfOC1zNIv0o.vpuPeZscjb/SvSL4t.l', 'enewman@christiandior.com', 'Europe/Paris', 1, 1660472201, 1660472201, 1660472201, 1660472201, 'enewman@christiandior.com', 1),
(187, 'fr', 'fr', 'fr', 'Shawn Bartoletti', '$S$EmOl4Nx.BS5Pr5pXBCoWMeIOwhQv18.UqJ7ycozsW/bDXOvr/Ni3', 'edanbarak97@gmail.com', 'Europe/Paris', 1, 1660527230, 1660527230, 1660527230, 1660527230, 'edanbarak97@gmail.com', 1),
(188, 'fr', 'fr', 'fr', 'Hilda McDermott', '$S$EaQiwAVRF7Zp/o8ESRF.ojBVEhszRNBdYMvFmRvtwCfWKR89Dqfo', 'cjereme@yahoo.com', 'Europe/Paris', 1, 1660716652, 1660716652, 1660716652, 1660716652, 'cjereme@yahoo.com', 1),
(189, 'fr', 'fr', 'fr', 'Sophie Muller', '$S$EoC6MWZ1TLVvdytTGM/yLeK.MYTFShqSmam.lxLzFg3bYTeGK.3i', 'jasu9699@aol.com', 'Europe/Paris', 1, 1660739943, 1660739943, 1660739943, 1660739943, 'jasu9699@aol.com', 1),
(190, 'fr', 'fr', 'fr', 'Kim Kovacek', '$S$EKeROltglNeRHvXU7Icbj30GgMBtELLPtGHx7R52essK9QL7Uc3w', 'docriggs09@gmail.com', 'Europe/Paris', 1, 1660783339, 1660783339, 1660783339, 1660783339, 'docriggs09@gmail.com', 1),
(191, 'fr', 'fr', 'fr', 'Jasmine Wisozk', '$S$EYxz0/yLfs/0ojwzX4SsiMSHAHXfLQAzu6y93ZjFu32/NCQgKsvn', 'vicky@agcelectric.com', 'Europe/Paris', 1, 1660842989, 1660842989, 1660842989, 1660842989, 'vicky@agcelectric.com', 1),
(192, 'fr', 'fr', 'fr', 'Seth Windler III', '$S$EefEbagPpAqtjC6sOTP5Xd4MFmYcGl2awgWXpJWNG5zGZdFlHgPd', 'brock.bumpass@gmail.com', 'Europe/Paris', 1, 1660986901, 1660986901, 1660986901, 1660986901, 'brock.bumpass@gmail.com', 1),
(193, 'fr', 'fr', 'fr', 'Rickey Jast', '$S$EjmFCozLC5E.7WadLUCvZIs/gisjHc2jPfa/bAzLZN/Dh8pm.6FR', 'halik56@yahoo.com', 'Europe/Paris', 1, 1661077694, 1661077694, 1661077694, 1661077694, 'halik56@yahoo.com', 1),
(194, 'fr', 'fr', 'fr', 'Felipe Metz DDS', '$S$EVpCLASfchX94i0UpaJ65l28NMzb5y.a8zyBHXLXI8N9wpXWshRV', 'camilaq@me.com', 'Europe/Paris', 1, 1661155485, 1661155485, 1661155485, 1661155485, 'camilaq@me.com', 1),
(195, 'fr', 'fr', 'fr', 'Melody Ward', '$S$EyD1EX7b8BYVozQcUs1f0.yfKNUTqAIq1cszcZpgeImIMAQcXck7', 'rejsno@yahoo.com', 'Europe/Paris', 1, 1661169628, 1661169628, 1661169628, 1661169628, 'rejsno@yahoo.com', 1),
(196, 'fr', 'fr', 'fr', 'Genevieve Ryan', '$S$Es5QkvxPk1eZJbXzOWM40GZSe1zeDMxjiBI/WVHoYlY7jPZlcSaK', 'cyj951008@gmail.com', 'Europe/Paris', 1, 1661176183, 1661176183, 1661176183, 1661176183, 'cyj951008@gmail.com', 1),
(197, 'fr', 'fr', 'fr', 'Chester Spencer', '$S$Ea.mw6Sx47xms7IcAJyP4hMBEEslYmWkZ6TZ80NADtSmc5gX3F8Z', 'philweir@comcast.net', 'Europe/Paris', 1, 1661243854, 1661243854, 1661243854, 1661243854, 'philweir@comcast.net', 1),
(198, 'fr', 'fr', 'fr', 'Derek Kiehn', '$S$E6/mRFQ6LgFxqUuNYyvwWL8PUEpv330H6ZM3e0x.Xub7H6m9FzGl', 'rh644@yahoo.com', 'Europe/Paris', 1, 1661258119, 1661258119, 1661258119, 1661258119, 'rh644@yahoo.com', 1),
(199, 'fr', 'fr', 'fr', 'Pearl Stracke', '$S$Eu2WCX1UXDaNULmo/KxJ5h608XsbACOcbN9V4Z7Zhv5ZcF7Q7MzO', 'aabramlaw@yahoo.com', 'Europe/Paris', 1, 1661338286, 1661338286, 1661338286, 1661338286, 'aabramlaw@yahoo.com', 1),
(200, 'fr', 'fr', 'fr', 'Mrs. Pearl Bradtke', '$S$Ec8YgfMYPoHNuWTchKr2SM3VIC6bRKHwtOWu7i5wr8LUD1/lLVqV', 'silverguel90@gmail.com', 'Europe/Paris', 1, 1661469213, 1661469213, 1661469213, 1661469213, 'silverguel90@gmail.com', 1),
(201, 'fr', 'fr', 'fr', 'Stanley Dach', '$S$E4i334h0f6n/ZjGZFc.WO8mS7GGsxeoL9trQvYYmQQOGgSAPnazx', 'jaclene3@hotmail.com', 'Europe/Paris', 1, 1661494107, 1661494107, 1661494107, 1661494107, 'jaclene3@hotmail.com', 1),
(202, 'fr', 'fr', 'fr', 'Miss Alan Renner', '$S$EC5Qp1rg8TMTnv1Pfnm1uxwdVh5ZfXlPiu68NeX8OhrzKJxQ7GSb', 'danghuyn123@yahoo.com', 'Europe/Paris', 1, 1661508768, 1661508768, 1661508768, 1661508768, 'danghuyn123@yahoo.com', 1),
(203, 'fr', 'fr', 'fr', 'Mr. Bert West', '$S$E1REvguzDYYeMNfexncUz0efNqxbnD0PF5Wy4UySrZI/O6IET/qj', 'm.j.barnes@videotron.ca', 'Europe/Paris', 1, 1661544531, 1661544531, 1661544531, 1661544531, 'm.j.barnes@videotron.ca', 1),
(204, 'fr', 'fr', 'fr', 'Ida Thompson', '$S$EWq3mRGCgijT2g1PRTWxreUnzGqAwgSwyUmfGrXH.74VW1ZJ/Omu', 'atlmailman007@yahoo.com', 'Europe/Paris', 1, 1661670595, 1661670595, 1661670595, 1661670595, 'atlmailman007@yahoo.com', 1),
(205, 'fr', 'fr', 'fr', 'Kayla Mann', '$S$EXPa/n4nELZxq7XsTNlyvi8LGYbH/vI.QlLHK/FWLlfq5PJxoLng', 'waldichuk@gmail.com', 'Europe/Paris', 1, 1661742418, 1661742418, 1661742418, 1661742418, 'waldichuk@gmail.com', 1),
(206, 'fr', 'fr', 'fr', 'Carlos Blick', '$S$ER/SRRCh6M0J/xhaYTE59ADx7C7aq6NZTa9WtAcAW.VngRhs3r9a', 'afedarko@gmail.com', 'Europe/Paris', 1, 1661882732, 1661882732, 1661882732, 1661882732, 'afedarko@gmail.com', 1),
(207, 'fr', 'fr', 'fr', 'Sophie834', '$S$EQdEKM397jXadEJs9oYqwIECRDDp9FJMP3FC2l0TBTfmXie5XAc0', 's.boutefroy@gmail.com', 'Europe/Paris', 1, 1662131336, 1670200542, 1671209530, 1671209530, 's.boutefroy@gmail.com', 1),
(208, 'fr', 'fr', 'fr', 'Francoise', '$S$E7uchTQk5exBlIVUI/.6EoskjPLFEhsupG/4VjlGCx572baLy9gf', 'francoise.orlov@gmail.com', 'Europe/Paris', 1, 1662138858, 1664673739, 1664572584, 1664364880, 'francoise.orlov@gmail.com', 1),
(209, 'fr', 'fr', 'fr', 'claude aschenbrenner', '$S$EF8dSqfJtAtZyJinJw8cgTRXmvlB9a4//A8Sn5hoWFsc0aQPFwlh', 'claude.cleve@sfr.fr', 'Europe/Paris', 1, 1662564664, 1662564664, 1667503483, 1667329211, 'claude.cleve@sfr.fr', 1),
(210, 'fr', 'fr', 'fr', 'Catherine Vdw', '$S$EGztcMyuNMPjbWy6Brbm9c4JaT0itmLi1r1wc2NRsQ7GREwFuYy8', 'info@brasserieminne.be', 'Europe/Paris', 1, 1663187211, 1671193236, 1665172692, 1665086717, 'info@brasserieminne.be', 1),
(214, 'fr', 'fr', 'fr', 'cupcakeshed', '$S$EjcTyuiTluO8/S5Tj5lVJUkfgwxtpPC1uEMqi6nQBYofl2mJt4Kk', 'cupcakeshedhy@seniorskinny.site', 'Europe/Paris', 1, 1667497481, 1667497481, 1671363400, 1671363400, 'cupcakeshedhy@seniorskinny.site', 1),
(215, 'fr', 'fr', 'fr', 'Flavia Machado', '$S$E.Yy3yhUU5gOTxxUhlFAyio6kbeZT2dJ5GcX.FiGQ3dqQMOB2Ram', 'fmachado@omneseducation.com', 'Europe/Paris', 1, 1668096554, 1668096554, 1668096554, 1668096554, 'fmachado@omneseducation.com', 1);

-- --------------------------------------------------------

--
-- Structure de la table `prod_d8user__field_date_expiration`
--

CREATE TABLE `prod_d8user__field_date_expiration` (
  `bundle` varchar(128) CHARACTER SET ascii NOT NULL DEFAULT '' COMMENT 'The field instance bundle to which this row belongs, used when deleting a field instance',
  `deleted` tinyint(4) NOT NULL DEFAULT '0' COMMENT 'A boolean indicating whether this data item has been deleted',
  `entity_id` int(10) UNSIGNED NOT NULL COMMENT 'The entity id this data is attached to',
  `revision_id` int(10) UNSIGNED NOT NULL COMMENT 'The entity revision id this data is attached to, which for an unversioned entity type is the same as the entity id',
  `langcode` varchar(32) CHARACTER SET ascii NOT NULL DEFAULT '' COMMENT 'The language code for this data item.',
  `delta` int(10) UNSIGNED NOT NULL COMMENT 'The sequence number for this data item, used for multi-value fields',
  `field_date_expiration_value` varchar(20) NOT NULL COMMENT 'The date value.'
) ENGINE=InnoDB DEFAULT CHARSET=utf8mb4 COMMENT='Data storage for user field field_date_expiration.';

--
-- Déchargement des données de la table `prod_d8user__field_date_expiration`
--

INSERT INTO `prod_d8user__field_date_expiration` (`bundle`, `deleted`, `entity_id`, `revision_id`, `langcode`, `delta`, `field_date_expiration_value`) VALUES
('user', 0, 62, 62, 'fr', 0, '2023-08-31'),
('user', 0, 72, 72, 'fr', 0, '2023-06-02'),
('user', 0, 73, 73, 'fr', 0, '2023-08-23'),
('user', 0, 74, 74, 'fr', 0, '2022-07-30'),
('user', 0, 75, 75, 'fr', 0, '2022-05-23'),
('user', 0, 84, 84, 'fr', 0, '2023-09-16'),
('user', 0, 85, 85, 'fr', 0, '2022-09-02'),
('user', 0, 86, 86, 'fr', 0, '2023-06-21'),
('user', 0, 93, 93, 'fr', 0, '2022-06-23'),
('user', 0, 95, 95, 'fr', 0, '2022-12-08'),
('user', 0, 96, 96, 'fr', 0, '2021-07-02'),
('user', 0, 113, 113, 'fr', 0, '2023-10-17'),
('user', 0, 143, 143, 'fr', 0, '2023-02-04'),
('user', 0, 155, 155, 'fr', 0, '2023-04-30'),
('user', 0, 156, 156, 'fr', 0, '2023-05-27'),
('user', 0, 165, 165, 'fr', 0, '2023-07-01');

-- --------------------------------------------------------

--
-- Structure de la table `prod_d8user__field_donnees_inscription`
--

CREATE TABLE `prod_d8user__field_donnees_inscription` (
  `bundle` varchar(128) CHARACTER SET ascii NOT NULL DEFAULT '' COMMENT 'The field instance bundle to which this row belongs, used when deleting a field instance',
  `deleted` tinyint(4) NOT NULL DEFAULT '0' COMMENT 'A boolean indicating whether this data item has been deleted',
  `entity_id` int(10) UNSIGNED NOT NULL COMMENT 'The entity id this data is attached to',
  `revision_id` int(10) UNSIGNED NOT NULL COMMENT 'The entity revision id this data is attached to, which for an unversioned entity type is the same as the entity id',
  `langcode` varchar(32) CHARACTER SET ascii NOT NULL DEFAULT '' COMMENT 'The language code for this data item.',
  `delta` int(10) UNSIGNED NOT NULL COMMENT 'The sequence number for this data item, used for multi-value fields',
  `field_donnees_inscription_value` longtext NOT NULL
) ENGINE=InnoDB DEFAULT CHARSET=utf8mb4 COMMENT='Data storage for user field field_donnees_inscription.';

--
-- Déchargement des données de la table `prod_d8user__field_donnees_inscription`
--

INSERT INTO `prod_d8user__field_donnees_inscription` (`bundle`, `deleted`, `entity_id`, `revision_id`, `langcode`, `delta`, `field_donnees_inscription_value`) VALUES
('user', 0, 49, 49, 'fr', 0, 'a:36:{s:2:\"id\";s:8:\"65151169\";s:6:\"ext_id\";s:17:\"T678-9902-E375379\";s:7:\"barcode\";s:7:\"4396474\";s:4:\"used\";s:1:\"0\";s:4:\"lane\";s:0:\"\";s:9:\"used_date\";s:19:\"2021-07-16 11:30:26\";s:5:\"email\";s:24:\"marie.peltier@galilee.be\";s:9:\"firstname\";s:5:\"Marie\";s:4:\"name\";s:7:\"PELTIER\";s:6:\"ticket\";s:49:\"Abonnement mensuel (uniquement Visa / Mastercard)\";s:8:\"category\";s:0:\"\";s:9:\"ticket_id\";s:7:\"2001754\";s:5:\"price\";s:5:\"60.00\";s:16:\"seating_location\";s:0:\"\";s:11:\"last_update\";s:19:\"2021-05-14 12:54:29\";s:14:\"reduction_code\";s:0:\"\";s:18:\"authorization_code\";s:0:\"\";s:4:\"pass\";s:1:\"0\";s:8:\"disabled\";s:1:\"0\";s:18:\"product_management\";s:100:\"https://www.billetweb.fr/my_order.php?product=T678-9902-E375379&key=64232c24750be067aba0e6273a44c476\";s:16:\"product_download\";s:100:\"https://www.billetweb.fr/download.php?product=T678-9902-E375379&key=64232c24750be067aba0e6273a44c476\";s:8:\"order_id\";s:8:\"25305859\";s:12:\"order_ext_id\";s:17:\"C718-2246-E375379\";s:15:\"order_firstname\";s:5:\"Marie\";s:10:\"order_name\";s:7:\"PELTIER\";s:11:\"order_email\";s:24:\"marie.peltier@galilee.be\";s:10:\"order_date\";s:19:\"2021-05-14 12:52:23\";s:10:\"order_paid\";s:1:\"1\";s:18:\"order_payment_type\";s:9:\"web_multi\";s:12:\"order_origin\";s:3:\"web\";s:11:\"order_price\";s:5:\"60.00\";s:13:\"order_session\";s:1:\"0\";s:13:\"session_start\";s:0:\"\";s:19:\"order_accreditation\";s:1:\"0\";s:16:\"order_management\";s:98:\"https://www.billetweb.fr/my_order.php?order=C718-2246-E375379&key=a1d4b7754ae10063af27b5a2708137e9\";s:14:\"order_language\";s:2:\"en\";}'),
('user', 0, 62, 62, 'fr', 0, 'a:36:{s:2:\"id\";s:9:\"115776434\";s:6:\"ext_id\";s:17:\"T332-9816-E375379\";s:7:\"barcode\";s:7:\"9458793\";s:4:\"used\";s:1:\"0\";s:4:\"lane\";s:0:\"\";s:9:\"used_date\";s:19:\"0000-00-00 00:00:00\";s:5:\"email\";s:28:\"paulinethirifays@hotmail.com\";s:9:\"firstname\";s:7:\"Pauline\";s:4:\"name\";s:9:\"THIRIFAYS\";s:6:\"ticket\";s:46:\"Abonnement annuel (tous systèmes de paiement)\";s:8:\"category\";s:0:\"\";s:9:\"ticket_id\";s:7:\"2127093\";s:5:\"price\";s:6:\"199.00\";s:16:\"seating_location\";s:0:\"\";s:11:\"last_update\";s:19:\"2022-08-31 15:35:51\";s:14:\"reduction_code\";s:0:\"\";s:18:\"authorization_code\";s:0:\"\";s:4:\"pass\";s:1:\"0\";s:8:\"disabled\";s:1:\"0\";s:18:\"product_management\";s:100:\"https://www.billetweb.fr/my_order.php?product=T332-9816-E375379&key=67daffe35a3c458197244e83977a3452\";s:16:\"product_download\";s:100:\"https://www.billetweb.fr/download.php?product=T332-9816-E375379&key=67daffe35a3c458197244e83977a3452\";s:8:\"order_id\";s:8:\"44940617\";s:12:\"order_ext_id\";s:17:\"C340-8641-E375379\";s:15:\"order_firstname\";s:7:\"Pauline\";s:10:\"order_name\";s:9:\"THIRIFAYS\";s:11:\"order_email\";s:28:\"paulinethirifays@hotmail.com\";s:10:\"order_date\";s:19:\"2022-08-31 15:33:29\";s:10:\"order_paid\";s:1:\"1\";s:18:\"order_payment_type\";s:3:\"web\";s:12:\"order_origin\";s:3:\"web\";s:11:\"order_price\";s:6:\"199.00\";s:13:\"order_session\";s:1:\"0\";s:13:\"session_start\";s:0:\"\";s:19:\"order_accreditation\";s:1:\"0\";s:16:\"order_management\";s:98:\"https://www.billetweb.fr/my_order.php?order=C340-8641-E375379&key=7adf0b2b14d0195c97e6ced2565dbc90\";s:14:\"order_language\";s:2:\"fr\";}'),
('user', 0, 65, 65, 'fr', 0, 'a:35:{s:2:\"id\";s:8:\"65265384\";s:6:\"ext_id\";s:17:\"T518-2807-E375379\";s:7:\"barcode\";s:7:\"7451090\";s:4:\"used\";s:1:\"0\";s:4:\"lane\";s:0:\"\";s:9:\"used_date\";s:19:\"0000-00-00 00:00:00\";s:5:\"email\";s:26:\"mariama.cottrant@gmail.com\";s:9:\"firstname\";s:7:\"Mariama\";s:4:\"name\";s:8:\"COTTRANT\";s:6:\"ticket\";s:18:\"Abonnement mensuel\";s:8:\"category\";s:0:\"\";s:9:\"ticket_id\";s:7:\"2001754\";s:5:\"price\";s:5:\"20.00\";s:16:\"seating_location\";s:0:\"\";s:11:\"last_update\";s:19:\"2021-05-17 18:18:34\";s:14:\"reduction_code\";s:0:\"\";s:18:\"authorization_code\";s:0:\"\";s:4:\"pass\";s:1:\"0\";s:8:\"disabled\";s:1:\"0\";s:18:\"product_management\";s:100:\"https://www.billetweb.fr/my_order.php?product=T518-2807-E375379&key=151d4a5b93a9911b5dc418f822aa8098\";s:16:\"product_download\";s:100:\"https://www.billetweb.fr/download.php?product=T518-2807-E375379&key=151d4a5b93a9911b5dc418f822aa8098\";s:8:\"order_id\";s:8:\"25355079\";s:12:\"order_ext_id\";s:17:\"C740-3942-E375379\";s:15:\"order_firstname\";s:7:\"Mariama\";s:10:\"order_name\";s:8:\"COTTRANT\";s:11:\"order_email\";s:26:\"mariama.cottrant@gmail.com\";s:10:\"order_date\";s:19:\"2021-05-17 18:17:16\";s:10:\"order_paid\";s:1:\"1\";s:18:\"order_payment_type\";s:9:\"web_multi\";s:12:\"order_origin\";s:3:\"web\";s:11:\"order_price\";s:5:\"20.00\";s:13:\"order_session\";s:1:\"0\";s:13:\"session_start\";s:0:\"\";s:19:\"order_accreditation\";s:1:\"0\";s:16:\"order_management\";s:98:\"https://www.billetweb.fr/my_order.php?order=C740-3942-E375379&key=06eb68d6cadb8543f7e1b812c04b0a13\";}'),
('user', 0, 72, 72, 'fr', 0, 'a:36:{s:2:\"id\";s:9:\"105344326\";s:6:\"ext_id\";s:17:\"T607-2957-E375379\";s:7:\"barcode\";s:7:\"6585066\";s:4:\"used\";s:1:\"0\";s:4:\"lane\";s:0:\"\";s:9:\"used_date\";s:19:\"0000-00-00 00:00:00\";s:5:\"email\";s:16:\"helene@massez.eu\";s:9:\"firstname\";s:8:\"Hélène\";s:4:\"name\";s:7:\"RENGLET\";s:6:\"ticket\";s:46:\"Abonnement annuel (tous systèmes de paiement)\";s:8:\"category\";s:0:\"\";s:9:\"ticket_id\";s:7:\"2127093\";s:5:\"price\";s:6:\"199.00\";s:16:\"seating_location\";s:0:\"\";s:11:\"last_update\";s:19:\"2022-06-02 22:18:53\";s:14:\"reduction_code\";s:0:\"\";s:18:\"authorization_code\";s:0:\"\";s:4:\"pass\";s:1:\"0\";s:8:\"disabled\";s:1:\"0\";s:18:\"product_management\";s:100:\"https://www.billetweb.fr/my_order.php?product=T607-2957-E375379&key=eaeb28ffb826442d8d305fde5d25b70e\";s:16:\"product_download\";s:100:\"https://www.billetweb.fr/download.php?product=T607-2957-E375379&key=eaeb28ffb826442d8d305fde5d25b70e\";s:8:\"order_id\";s:8:\"41177094\";s:12:\"order_ext_id\";s:17:\"C416-1985-E375379\";s:15:\"order_firstname\";s:8:\"Hélène\";s:10:\"order_name\";s:7:\"RENGLET\";s:11:\"order_email\";s:16:\"helene@massez.eu\";s:10:\"order_date\";s:19:\"2022-06-02 22:13:30\";s:10:\"order_paid\";s:1:\"1\";s:18:\"order_payment_type\";s:3:\"web\";s:12:\"order_origin\";s:3:\"web\";s:11:\"order_price\";s:6:\"199.00\";s:13:\"order_session\";s:1:\"0\";s:13:\"session_start\";s:0:\"\";s:19:\"order_accreditation\";s:1:\"0\";s:16:\"order_management\";s:98:\"https://www.billetweb.fr/my_order.php?order=C416-1985-E375379&key=585d55f81b18df2f46c8556f3a36fb6b\";s:14:\"order_language\";s:2:\"fr\";}'),
('user', 0, 73, 73, 'fr', 0, 'a:36:{s:2:\"id\";s:9:\"114891677\";s:6:\"ext_id\";s:17:\"T227-9276-E375379\";s:7:\"barcode\";s:7:\"9558934\";s:4:\"used\";s:1:\"0\";s:4:\"lane\";s:0:\"\";s:9:\"used_date\";s:19:\"0000-00-00 00:00:00\";s:5:\"email\";s:27:\"mariellepeltier44@gmail.com\";s:9:\"firstname\";s:8:\"Marielle\";s:4:\"name\";s:7:\"PELTIER\";s:6:\"ticket\";s:46:\"Abonnement annuel (tous systèmes de paiement)\";s:8:\"category\";s:0:\"\";s:9:\"ticket_id\";s:7:\"2127093\";s:5:\"price\";s:6:\"199.00\";s:16:\"seating_location\";s:0:\"\";s:11:\"last_update\";s:19:\"2022-08-23 15:31:08\";s:14:\"reduction_code\";s:0:\"\";s:18:\"authorization_code\";s:0:\"\";s:4:\"pass\";s:1:\"0\";s:8:\"disabled\";s:1:\"0\";s:18:\"product_management\";s:100:\"https://www.billetweb.fr/my_order.php?product=T227-9276-E375379&key=c1b52a976e8948a4487833f1454e462b\";s:16:\"product_download\";s:100:\"https://www.billetweb.fr/download.php?product=T227-9276-E375379&key=c1b52a976e8948a4487833f1454e462b\";s:8:\"order_id\";s:8:\"44637659\";s:12:\"order_ext_id\";s:17:\"C324-6464-E375379\";s:15:\"order_firstname\";s:7:\"Peltier\";s:10:\"order_name\";s:7:\"PELTIER\";s:11:\"order_email\";s:27:\"mariellepeltier44@gmail.com\";s:10:\"order_date\";s:19:\"2022-08-23 15:27:23\";s:10:\"order_paid\";s:1:\"1\";s:18:\"order_payment_type\";s:3:\"web\";s:12:\"order_origin\";s:3:\"web\";s:11:\"order_price\";s:6:\"199.00\";s:13:\"order_session\";s:1:\"0\";s:13:\"session_start\";s:0:\"\";s:19:\"order_accreditation\";s:1:\"0\";s:16:\"order_management\";s:98:\"https://www.billetweb.fr/my_order.php?order=C324-6464-E375379&key=30ed26aadcb523f5260a70d2453ed8d2\";s:14:\"order_language\";s:2:\"fr\";}'),
('user', 0, 74, 74, 'fr', 0, 'a:36:{s:2:\"id\";s:8:\"72466872\";s:6:\"ext_id\";s:17:\"T268-3884-E375379\";s:7:\"barcode\";s:7:\"5388091\";s:4:\"used\";s:1:\"0\";s:4:\"lane\";s:0:\"\";s:9:\"used_date\";s:19:\"0000-00-00 00:00:00\";s:5:\"email\";s:21:\"leila0433@hotmail.com\";s:9:\"firstname\";s:6:\"Finpay\";s:4:\"name\";s:3:\"SCS\";s:6:\"ticket\";s:46:\"Abonnement annuel (tous systèmes de paiement)\";s:8:\"category\";s:0:\"\";s:9:\"ticket_id\";s:7:\"2127093\";s:5:\"price\";s:6:\"199.00\";s:16:\"seating_location\";s:0:\"\";s:11:\"last_update\";s:19:\"2021-07-30 14:21:17\";s:14:\"reduction_code\";s:0:\"\";s:18:\"authorization_code\";s:0:\"\";s:4:\"pass\";s:1:\"0\";s:8:\"disabled\";s:1:\"0\";s:18:\"product_management\";s:100:\"https://www.billetweb.fr/my_order.php?product=T268-3884-E375379&key=a19db05d56884b184b95670d0b2cc370\";s:16:\"product_download\";s:100:\"https://www.billetweb.fr/download.php?product=T268-3884-E375379&key=a19db05d56884b184b95670d0b2cc370\";s:8:\"order_id\";s:8:\"28372764\";s:12:\"order_ext_id\";s:17:\"C774-8457-E375379\";s:15:\"order_firstname\";s:6:\"Finpay\";s:10:\"order_name\";s:3:\"SCS\";s:11:\"order_email\";s:21:\"leila0433@hotmail.com\";s:10:\"order_date\";s:19:\"2021-07-30 14:18:51\";s:10:\"order_paid\";s:1:\"1\";s:18:\"order_payment_type\";s:3:\"web\";s:12:\"order_origin\";s:3:\"web\";s:11:\"order_price\";s:6:\"199.00\";s:13:\"order_session\";s:1:\"0\";s:13:\"session_start\";s:0:\"\";s:19:\"order_accreditation\";s:1:\"0\";s:16:\"order_management\";s:98:\"https://www.billetweb.fr/my_order.php?order=C774-8457-E375379&key=0d7eea0ff3347bfdc0ccad8c79867603\";s:14:\"order_language\";s:2:\"fr\";}'),
('user', 0, 75, 75, 'fr', 0, 'a:36:{s:2:\"id\";s:8:\"65620008\";s:6:\"ext_id\";s:17:\"T725-2696-E375379\";s:7:\"barcode\";s:7:\"9446615\";s:4:\"used\";s:1:\"0\";s:4:\"lane\";s:0:\"\";s:9:\"used_date\";s:19:\"0000-00-00 00:00:00\";s:5:\"email\";s:30:\"sylvainlohest+testmp@gmail.com\";s:9:\"firstname\";s:7:\"Sylvain\";s:4:\"name\";s:6:\"LOHEST\";s:6:\"ticket\";s:46:\"Abonnement annuel (tous systèmes de paiement)\";s:8:\"category\";s:0:\"\";s:9:\"ticket_id\";s:7:\"2127093\";s:5:\"price\";s:4:\"1.00\";s:16:\"seating_location\";s:0:\"\";s:11:\"last_update\";s:19:\"2021-05-23 18:46:50\";s:14:\"reduction_code\";s:0:\"\";s:18:\"authorization_code\";s:0:\"\";s:4:\"pass\";s:1:\"0\";s:8:\"disabled\";s:1:\"0\";s:18:\"product_management\";s:100:\"https://www.billetweb.fr/my_order.php?product=T725-2696-E375379&key=453231163de953b6a5a8d0c51e14251f\";s:16:\"product_download\";s:100:\"https://www.billetweb.fr/download.php?product=T725-2696-E375379&key=453231163de953b6a5a8d0c51e14251f\";s:8:\"order_id\";s:8:\"25503870\";s:12:\"order_ext_id\";s:17:\"C234-4046-E375379\";s:15:\"order_firstname\";s:7:\"Sylvain\";s:10:\"order_name\";s:6:\"LOHEST\";s:11:\"order_email\";s:30:\"sylvainlohest+testmp@gmail.com\";s:10:\"order_date\";s:19:\"2021-05-23 18:41:39\";s:10:\"order_paid\";s:1:\"1\";s:18:\"order_payment_type\";s:3:\"web\";s:12:\"order_origin\";s:3:\"web\";s:11:\"order_price\";s:4:\"1.00\";s:13:\"order_session\";s:1:\"0\";s:13:\"session_start\";s:0:\"\";s:19:\"order_accreditation\";s:1:\"0\";s:16:\"order_management\";s:98:\"https://www.billetweb.fr/my_order.php?order=C234-4046-E375379&key=6ee3f2771e3cf4f6b6dc991c519157c2\";s:14:\"order_language\";s:2:\"fr\";}'),
('user', 0, 76, 76, 'fr', 0, 'a:36:{s:2:\"id\";s:8:\"65757315\";s:6:\"ext_id\";s:17:\"T982-6588-E375379\";s:7:\"barcode\";s:7:\"4063685\";s:4:\"used\";s:1:\"0\";s:4:\"lane\";s:0:\"\";s:9:\"used_date\";s:19:\"2022-12-08 11:30:07\";s:5:\"email\";s:24:\"dlechermeier@de-mots.com\";s:9:\"firstname\";s:5:\"David\";s:4:\"name\";s:11:\"LECHERMEIER\";s:6:\"ticket\";s:49:\"Abonnement mensuel (uniquement Visa / Mastercard)\";s:8:\"category\";s:0:\"\";s:9:\"ticket_id\";s:7:\"2001754\";s:5:\"price\";s:6:\"361.00\";s:16:\"seating_location\";s:0:\"\";s:11:\"last_update\";s:19:\"2021-05-26 06:49:28\";s:14:\"reduction_code\";s:0:\"\";s:18:\"authorization_code\";s:0:\"\";s:4:\"pass\";s:1:\"0\";s:8:\"disabled\";s:1:\"0\";s:18:\"product_management\";s:100:\"https://www.billetweb.fr/my_order.php?product=T982-6588-E375379&key=a6fd35864926ffb39693563e171bf204\";s:16:\"product_download\";s:100:\"https://www.billetweb.fr/download.php?product=T982-6588-E375379&key=a6fd35864926ffb39693563e171bf204\";s:8:\"order_id\";s:8:\"25569603\";s:12:\"order_ext_id\";s:17:\"C983-3474-E375379\";s:15:\"order_firstname\";s:5:\"David\";s:10:\"order_name\";s:11:\"LECHERMEIER\";s:11:\"order_email\";s:24:\"dlechermeier@de-mots.com\";s:10:\"order_date\";s:19:\"2021-05-26 06:45:34\";s:10:\"order_paid\";s:1:\"1\";s:18:\"order_payment_type\";s:9:\"web_multi\";s:12:\"order_origin\";s:3:\"web\";s:11:\"order_price\";s:6:\"361.00\";s:13:\"order_session\";s:1:\"0\";s:13:\"session_start\";s:0:\"\";s:19:\"order_accreditation\";s:1:\"0\";s:16:\"order_management\";s:98:\"https://www.billetweb.fr/my_order.php?order=C983-3474-E375379&key=1004b1e6f7a4ce3551f9679178e933cc\";s:14:\"order_language\";s:2:\"fr\";}'),
('user', 0, 77, 77, 'fr', 0, 'a:36:{s:2:\"id\";s:9:\"131311353\";s:6:\"ext_id\";s:17:\"T277-9023-E375379\";s:7:\"barcode\";s:7:\"6877556\";s:4:\"used\";s:1:\"0\";s:4:\"lane\";s:0:\"\";s:9:\"used_date\";s:19:\"0000-00-00 00:00:00\";s:5:\"email\";s:25:\"antoinette.paix@orange.fr\";s:9:\"firstname\";s:10:\"Antoinette\";s:4:\"name\";s:4:\"PAIX\";s:6:\"ticket\";s:49:\"Abonnement mensuel (uniquement Visa / Mastercard)\";s:8:\"category\";s:0:\"\";s:9:\"ticket_id\";s:7:\"2001754\";s:5:\"price\";s:5:\"19.00\";s:16:\"seating_location\";s:0:\"\";s:11:\"last_update\";s:19:\"2022-11-25 19:58:18\";s:14:\"reduction_code\";s:0:\"\";s:18:\"authorization_code\";s:0:\"\";s:4:\"pass\";s:1:\"0\";s:8:\"disabled\";s:1:\"0\";s:18:\"product_management\";s:100:\"https://www.billetweb.fr/my_order.php?product=T277-9023-E375379&key=4d1de0948a5488044ebd493318753299\";s:16:\"product_download\";s:100:\"https://www.billetweb.fr/download.php?product=T277-9023-E375379&key=4d1de0948a5488044ebd493318753299\";s:8:\"order_id\";s:8:\"50652348\";s:12:\"order_ext_id\";s:17:\"C651-6715-E375379\";s:15:\"order_firstname\";s:10:\"Antoinette\";s:10:\"order_name\";s:4:\"PAIX\";s:11:\"order_email\";s:25:\"antoinette.paix@orange.fr\";s:10:\"order_date\";s:19:\"2022-11-25 19:56:07\";s:10:\"order_paid\";s:1:\"1\";s:18:\"order_payment_type\";s:9:\"web_multi\";s:12:\"order_origin\";s:3:\"web\";s:11:\"order_price\";s:5:\"19.00\";s:13:\"order_session\";s:1:\"0\";s:13:\"session_start\";s:0:\"\";s:19:\"order_accreditation\";s:1:\"0\";s:16:\"order_management\";s:98:\"https://www.billetweb.fr/my_order.php?order=C651-6715-E375379&key=e185799b0a93ed65464fdcef5b6f45f1\";s:14:\"order_language\";s:2:\"fr\";}'),
('user', 0, 84, 84, 'fr', 0, 'a:36:{s:2:\"id\";s:9:\"118762097\";s:6:\"ext_id\";s:17:\"T957-9366-E375379\";s:7:\"barcode\";s:7:\"4848930\";s:4:\"used\";s:1:\"0\";s:4:\"lane\";s:0:\"\";s:9:\"used_date\";s:19:\"0000-00-00 00:00:00\";s:5:\"email\";s:27:\"anneclairesarah@hotmail.com\";s:9:\"firstname\";s:4:\"Anne\";s:4:\"name\";s:12:\"D\'ASTE BLANC\";s:6:\"ticket\";s:46:\"Abonnement annuel (tous systèmes de paiement)\";s:8:\"category\";s:0:\"\";s:9:\"ticket_id\";s:7:\"2127093\";s:5:\"price\";s:6:\"199.00\";s:16:\"seating_location\";s:0:\"\";s:11:\"last_update\";s:19:\"2022-09-16 14:08:26\";s:14:\"reduction_code\";s:0:\"\";s:18:\"authorization_code\";s:0:\"\";s:4:\"pass\";s:1:\"0\";s:8:\"disabled\";s:1:\"0\";s:18:\"product_management\";s:100:\"https://www.billetweb.fr/my_order.php?product=T957-9366-E375379&key=fdaea22e775de79ded5fd7a1ba6754ee\";s:16:\"product_download\";s:100:\"https://www.billetweb.fr/download.php?product=T957-9366-E375379&key=fdaea22e775de79ded5fd7a1ba6754ee\";s:8:\"order_id\";s:8:\"46142099\";s:12:\"order_ext_id\";s:17:\"C720-2907-E375379\";s:15:\"order_firstname\";s:4:\"Anne\";s:10:\"order_name\";s:12:\"D\'ASTE BLANC\";s:11:\"order_email\";s:27:\"anneclairesarah@hotmail.com\";s:10:\"order_date\";s:19:\"2022-09-16 14:06:23\";s:10:\"order_paid\";s:1:\"1\";s:18:\"order_payment_type\";s:3:\"web\";s:12:\"order_origin\";s:3:\"web\";s:11:\"order_price\";s:6:\"199.00\";s:13:\"order_session\";s:1:\"0\";s:13:\"session_start\";s:0:\"\";s:19:\"order_accreditation\";s:1:\"0\";s:16:\"order_management\";s:98:\"https://www.billetweb.fr/my_order.php?order=C720-2907-E375379&key=a35ced98301652ce733222efb78f0944\";s:14:\"order_language\";s:2:\"en\";}'),
('user', 0, 85, 85, 'fr', 0, 'a:36:{s:2:\"id\";s:8:\"75204357\";s:6:\"ext_id\";s:17:\"T774-8559-E375379\";s:7:\"barcode\";s:7:\"3791131\";s:4:\"used\";s:1:\"0\";s:4:\"lane\";s:0:\"\";s:9:\"used_date\";s:19:\"0000-00-00 00:00:00\";s:5:\"email\";s:24:\"rigauxludovic1@gmail.com\";s:9:\"firstname\";s:7:\"Ludovic\";s:4:\"name\";s:6:\"RIGAUX\";s:6:\"ticket\";s:46:\"Abonnement annuel (tous systèmes de paiement)\";s:8:\"category\";s:0:\"\";s:9:\"ticket_id\";s:7:\"2127093\";s:5:\"price\";s:6:\"199.00\";s:16:\"seating_location\";s:0:\"\";s:11:\"last_update\";s:19:\"2021-09-02 10:21:21\";s:14:\"reduction_code\";s:0:\"\";s:18:\"authorization_code\";s:0:\"\";s:4:\"pass\";s:1:\"0\";s:8:\"disabled\";s:1:\"0\";s:18:\"product_management\";s:100:\"https://www.billetweb.fr/my_order.php?product=T774-8559-E375379&key=f4de79c2946ac27ce0f36029efb611b4\";s:16:\"product_download\";s:100:\"https://www.billetweb.fr/download.php?product=T774-8559-E375379&key=f4de79c2946ac27ce0f36029efb611b4\";s:8:\"order_id\";s:8:\"29254548\";s:12:\"order_ext_id\";s:17:\"C279-7940-E375379\";s:15:\"order_firstname\";s:7:\"Ludovic\";s:10:\"order_name\";s:6:\"RIGAUX\";s:11:\"order_email\";s:24:\"rigauxludovic1@gmail.com\";s:10:\"order_date\";s:19:\"2021-09-02 10:19:16\";s:10:\"order_paid\";s:1:\"1\";s:18:\"order_payment_type\";s:3:\"web\";s:12:\"order_origin\";s:3:\"web\";s:11:\"order_price\";s:6:\"199.00\";s:13:\"order_session\";s:1:\"0\";s:13:\"session_start\";s:0:\"\";s:19:\"order_accreditation\";s:1:\"0\";s:16:\"order_management\";s:98:\"https://www.billetweb.fr/my_order.php?order=C279-7940-E375379&key=87af35436cd054f62192b0636c4bf6e7\";s:14:\"order_language\";s:2:\"fr\";}'),
('user', 0, 86, 86, 'fr', 0, 'a:36:{s:2:\"id\";s:9:\"107398379\";s:6:\"ext_id\";s:17:\"T612-6952-E375379\";s:7:\"barcode\";s:7:\"7764612\";s:4:\"used\";s:1:\"0\";s:4:\"lane\";s:0:\"\";s:9:\"used_date\";s:19:\"0000-00-00 00:00:00\";s:5:\"email\";s:18:\"c.leguen@gmail.com\";s:9:\"firstname\";s:7:\"Le Guen\";s:4:\"name\";s:9:\"CHRISTINE\";s:6:\"ticket\";s:46:\"Abonnement annuel (tous systèmes de paiement)\";s:8:\"category\";s:0:\"\";s:9:\"ticket_id\";s:7:\"2127093\";s:5:\"price\";s:6:\"199.00\";s:16:\"seating_location\";s:0:\"\";s:11:\"last_update\";s:19:\"2022-06-21 22:40:19\";s:14:\"reduction_code\";s:0:\"\";s:18:\"authorization_code\";s:0:\"\";s:4:\"pass\";s:1:\"0\";s:8:\"disabled\";s:1:\"0\";s:18:\"product_management\";s:100:\"https://www.billetweb.fr/my_order.php?product=T612-6952-E375379&key=cdcfed9d9234d458d4612c301db1ea36\";s:16:\"product_download\";s:100:\"https://www.billetweb.fr/download.php?product=T612-6952-E375379&key=cdcfed9d9234d458d4612c301db1ea36\";s:8:\"order_id\";s:8:\"42051446\";s:12:\"order_ext_id\";s:17:\"C342-9766-E375379\";s:15:\"order_firstname\";s:7:\"Le Guen\";s:10:\"order_name\";s:9:\"CHRISTINE\";s:11:\"order_email\";s:18:\"c.leguen@gmail.com\";s:10:\"order_date\";s:19:\"2022-06-21 22:37:33\";s:10:\"order_paid\";s:1:\"1\";s:18:\"order_payment_type\";s:3:\"web\";s:12:\"order_origin\";s:3:\"web\";s:11:\"order_price\";s:6:\"199.00\";s:13:\"order_session\";s:1:\"0\";s:13:\"session_start\";s:0:\"\";s:19:\"order_accreditation\";s:1:\"0\";s:16:\"order_management\";s:98:\"https://www.billetweb.fr/my_order.php?order=C342-9766-E375379&key=5c2d93e44385e2150bf81bc2f7040e4e\";s:14:\"order_language\";s:2:\"en\";}'),
('user', 0, 93, 93, 'fr', 0, 'a:36:{s:2:\"id\";s:8:\"68034831\";s:6:\"ext_id\";s:17:\"T655-2114-E375379\";s:7:\"barcode\";s:7:\"4813060\";s:4:\"used\";s:1:\"0\";s:4:\"lane\";s:0:\"\";s:9:\"used_date\";s:19:\"0000-00-00 00:00:00\";s:5:\"email\";s:30:\"emmanuel.eckard@alumni.epfl.ch\";s:9:\"firstname\";s:8:\"Emmanuel\";s:4:\"name\";s:6:\"ECKARD\";s:6:\"ticket\";s:46:\"Abonnement annuel (tous systèmes de paiement)\";s:8:\"category\";s:0:\"\";s:9:\"ticket_id\";s:7:\"2127093\";s:5:\"price\";s:6:\"199.00\";s:16:\"seating_location\";s:0:\"\";s:11:\"last_update\";s:19:\"2021-06-23 19:55:07\";s:14:\"reduction_code\";s:0:\"\";s:18:\"authorization_code\";s:0:\"\";s:4:\"pass\";s:1:\"0\";s:8:\"disabled\";s:1:\"0\";s:18:\"product_management\";s:100:\"https://www.billetweb.fr/my_order.php?product=T655-2114-E375379&key=c6f31a3cafa84cb65282778a44320238\";s:16:\"product_download\";s:100:\"https://www.billetweb.fr/download.php?product=T655-2114-E375379&key=c6f31a3cafa84cb65282778a44320238\";s:8:\"order_id\";s:8:\"26572284\";s:12:\"order_ext_id\";s:17:\"C970-3989-E375379\";s:15:\"order_firstname\";s:8:\"Emmanuel\";s:10:\"order_name\";s:6:\"ECKARD\";s:11:\"order_email\";s:30:\"emmanuel.eckard@alumni.epfl.ch\";s:10:\"order_date\";s:19:\"2021-06-23 19:51:32\";s:10:\"order_paid\";s:1:\"1\";s:18:\"order_payment_type\";s:3:\"web\";s:12:\"order_origin\";s:3:\"web\";s:11:\"order_price\";s:6:\"199.00\";s:13:\"order_session\";s:1:\"0\";s:13:\"session_start\";s:0:\"\";s:19:\"order_accreditation\";s:1:\"0\";s:16:\"order_management\";s:98:\"https://www.billetweb.fr/my_order.php?order=C970-3989-E375379&key=6e990185965c5ff3bdae54b64f4a64b8\";s:14:\"order_language\";s:2:\"en\";}'),
('user', 0, 95, 95, 'fr', 0, 'a:36:{s:2:\"id\";s:8:\"87254722\";s:6:\"ext_id\";s:17:\"T637-4593-E375379\";s:7:\"barcode\";s:7:\"9139535\";s:4:\"used\";s:1:\"0\";s:4:\"lane\";s:0:\"\";s:9:\"used_date\";s:19:\"0000-00-00 00:00:00\";s:5:\"email\";s:31:\"capucine.lebreton@protonmail.ch\";s:9:\"firstname\";s:8:\"Capucine\";s:4:\"name\";s:8:\"LEBRETON\";s:6:\"ticket\";s:46:\"Abonnement annuel (tous systèmes de paiement)\";s:8:\"category\";s:0:\"\";s:9:\"ticket_id\";s:7:\"2127093\";s:5:\"price\";s:6:\"199.00\";s:16:\"seating_location\";s:0:\"\";s:11:\"last_update\";s:19:\"2021-12-08 14:47:22\";s:14:\"reduction_code\";s:0:\"\";s:18:\"authorization_code\";s:0:\"\";s:4:\"pass\";s:1:\"0\";s:8:\"disabled\";s:1:\"0\";s:18:\"product_management\";s:100:\"https://www.billetweb.fr/my_order.php?product=T637-4593-E375379&key=951468169f6fd88dccf94b36fc58d4f8\";s:16:\"product_download\";s:100:\"https://www.billetweb.fr/download.php?product=T637-4593-E375379&key=951468169f6fd88dccf94b36fc58d4f8\";s:8:\"order_id\";s:8:\"33884098\";s:12:\"order_ext_id\";s:17:\"C190-7141-E375379\";s:15:\"order_firstname\";s:8:\"Capucine\";s:10:\"order_name\";s:8:\"LEBRETON\";s:11:\"order_email\";s:31:\"capucine.lebreton@protonmail.ch\";s:10:\"order_date\";s:19:\"2021-12-08 14:44:56\";s:10:\"order_paid\";s:1:\"1\";s:18:\"order_payment_type\";s:3:\"web\";s:12:\"order_origin\";s:3:\"web\";s:11:\"order_price\";s:6:\"199.00\";s:13:\"order_session\";s:1:\"0\";s:13:\"session_start\";s:0:\"\";s:19:\"order_accreditation\";s:1:\"0\";s:16:\"order_management\";s:98:\"https://www.billetweb.fr/my_order.php?order=C190-7141-E375379&key=834d8b1609a8907c8c6841ed3138efa6\";s:14:\"order_language\";s:2:\"fr\";}'),
('user', 0, 113, 113, 'fr', 0, 'a:36:{s:2:\"id\";s:9:\"123949756\";s:6:\"ext_id\";s:17:\"T462-2576-E375379\";s:7:\"barcode\";s:7:\"7519479\";s:4:\"used\";s:1:\"0\";s:4:\"lane\";s:0:\"\";s:9:\"used_date\";s:19:\"0000-00-00 00:00:00\";s:5:\"email\";s:26:\"eleonoratraversa@gmail.com\";s:9:\"firstname\";s:8:\"Eleonora\";s:4:\"name\";s:8:\"TRAVERSA\";s:6:\"ticket\";s:46:\"Abonnement annuel (tous systèmes de paiement)\";s:8:\"category\";s:0:\"\";s:9:\"ticket_id\";s:7:\"2127093\";s:5:\"price\";s:6:\"199.00\";s:16:\"seating_location\";s:0:\"\";s:11:\"last_update\";s:19:\"2022-10-17 14:44:42\";s:14:\"reduction_code\";s:0:\"\";s:18:\"authorization_code\";s:0:\"\";s:4:\"pass\";s:1:\"0\";s:8:\"disabled\";s:1:\"0\";s:18:\"product_management\";s:100:\"https://www.billetweb.fr/my_order.php?product=T462-2576-E375379&key=4a5f564f97339da0d94deec68977fd2b\";s:16:\"product_download\";s:100:\"https://www.billetweb.fr/download.php?product=T462-2576-E375379&key=4a5f564f97339da0d94deec68977fd2b\";s:8:\"order_id\";s:8:\"48149275\";s:12:\"order_ext_id\";s:17:\"C588-9109-E375379\";s:15:\"order_firstname\";s:8:\"Eleonora\";s:10:\"order_name\";s:8:\"TRAVERSA\";s:11:\"order_email\";s:26:\"eleonoratraversa@gmail.com\";s:10:\"order_date\";s:19:\"2022-10-17 14:41:54\";s:10:\"order_paid\";s:1:\"1\";s:18:\"order_payment_type\";s:3:\"web\";s:12:\"order_origin\";s:3:\"web\";s:11:\"order_price\";s:6:\"199.00\";s:13:\"order_session\";s:1:\"0\";s:13:\"session_start\";s:0:\"\";s:19:\"order_accreditation\";s:1:\"0\";s:16:\"order_management\";s:98:\"https://www.billetweb.fr/my_order.php?order=C588-9109-E375379&key=87c75756ea041983dcc8958ccc95d318\";s:14:\"order_language\";s:2:\"en\";}'),
('user', 0, 122, 122, 'fr', 0, 'a:36:{s:2:\"id\";s:8:\"80878069\";s:6:\"ext_id\";s:17:\"T127-3369-E375379\";s:7:\"barcode\";s:7:\"2025792\";s:4:\"used\";s:1:\"0\";s:4:\"lane\";s:0:\"\";s:9:\"used_date\";s:19:\"2022-03-21 11:30:07\";s:5:\"email\";s:24:\"brunomagdelyns@gmail.com\";s:9:\"firstname\";s:5:\"Bruno\";s:4:\"name\";s:9:\"MAGDELYNS\";s:6:\"ticket\";s:49:\"Abonnement mensuel (uniquement Visa / Mastercard)\";s:8:\"category\";s:0:\"\";s:9:\"ticket_id\";s:7:\"2001754\";s:5:\"price\";s:6:\"114.00\";s:16:\"seating_location\";s:0:\"\";s:11:\"last_update\";s:19:\"2021-10-18 11:20:25\";s:14:\"reduction_code\";s:0:\"\";s:18:\"authorization_code\";s:0:\"\";s:4:\"pass\";s:1:\"0\";s:8:\"disabled\";s:1:\"0\";s:18:\"product_management\";s:100:\"https://www.billetweb.fr/my_order.php?product=T127-3369-E375379&key=52e039e10509fbd01ddef5e280eeb9fb\";s:16:\"product_download\";s:100:\"https://www.billetweb.fr/download.php?product=T127-3369-E375379&key=52e039e10509fbd01ddef5e280eeb9fb\";s:8:\"order_id\";s:8:\"31408177\";s:12:\"order_ext_id\";s:17:\"C469-1718-E375379\";s:15:\"order_firstname\";s:5:\"Bruno\";s:10:\"order_name\";s:9:\"MAGDELYNS\";s:11:\"order_email\";s:24:\"brunomagdelyns@gmail.com\";s:10:\"order_date\";s:19:\"2021-10-18 11:16:00\";s:10:\"order_paid\";s:1:\"1\";s:18:\"order_payment_type\";s:9:\"web_multi\";s:12:\"order_origin\";s:3:\"web\";s:11:\"order_price\";s:6:\"114.00\";s:13:\"order_session\";s:1:\"0\";s:13:\"session_start\";s:0:\"\";s:19:\"order_accreditation\";s:1:\"0\";s:16:\"order_management\";s:98:\"https://www.billetweb.fr/my_order.php?order=C469-1718-E375379&key=007954c201a23e926813afcfcf36acf9\";s:14:\"order_language\";s:2:\"fr\";}'),
('user', 0, 141, 141, 'fr', 0, 'a:36:{s:2:\"id\";s:8:\"91481312\";s:6:\"ext_id\";s:17:\"T377-1829-E375379\";s:7:\"barcode\";s:7:\"9198835\";s:4:\"used\";s:1:\"0\";s:4:\"lane\";s:0:\"\";s:9:\"used_date\";s:19:\"2022-12-08 11:30:09\";s:5:\"email\";s:24:\"patrick.allaud@orange.fr\";s:9:\"firstname\";s:7:\"Patrick\";s:4:\"name\";s:6:\"ALLAUD\";s:6:\"ticket\";s:49:\"Abonnement mensuel (uniquement Visa / Mastercard)\";s:8:\"category\";s:0:\"\";s:9:\"ticket_id\";s:7:\"2001754\";s:5:\"price\";s:6:\"209.00\";s:16:\"seating_location\";s:0:\"\";s:11:\"last_update\";s:19:\"2022-02-01 14:37:33\";s:14:\"reduction_code\";s:0:\"\";s:18:\"authorization_code\";s:0:\"\";s:4:\"pass\";s:1:\"0\";s:8:\"disabled\";s:1:\"0\";s:18:\"product_management\";s:100:\"https://www.billetweb.fr/my_order.php?product=T377-1829-E375379&key=cc35d42ad50d6372eb5afadd5c4d2d69\";s:16:\"product_download\";s:100:\"https://www.billetweb.fr/download.php?product=T377-1829-E375379&key=cc35d42ad50d6372eb5afadd5c4d2d69\";s:8:\"order_id\";s:8:\"35560571\";s:12:\"order_ext_id\";s:17:\"C870-3024-E375379\";s:15:\"order_firstname\";s:7:\"Patrick\";s:10:\"order_name\";s:6:\"ALLAUD\";s:11:\"order_email\";s:24:\"patrick.allaud@orange.fr\";s:10:\"order_date\";s:19:\"2022-02-01 14:34:35\";s:10:\"order_paid\";s:1:\"1\";s:18:\"order_payment_type\";s:9:\"web_multi\";s:12:\"order_origin\";s:3:\"web\";s:11:\"order_price\";s:6:\"209.00\";s:13:\"order_session\";s:1:\"0\";s:13:\"session_start\";s:0:\"\";s:19:\"order_accreditation\";s:1:\"0\";s:16:\"order_management\";s:98:\"https://www.billetweb.fr/my_order.php?order=C870-3024-E375379&key=a98bb4f16605929aa82632935eb03c8f\";s:14:\"order_language\";s:2:\"fr\";}'),
('user', 0, 143, 143, 'fr', 0, 'a:36:{s:2:\"id\";s:8:\"91793396\";s:6:\"ext_id\";s:17:\"T570-9053-E375379\";s:7:\"barcode\";s:7:\"1856020\";s:4:\"used\";s:1:\"0\";s:4:\"lane\";s:0:\"\";s:9:\"used_date\";s:19:\"0000-00-00 00:00:00\";s:5:\"email\";s:35:\"philippe.moncourrier@protonmail.com\";s:9:\"firstname\";s:8:\"Philippe\";s:4:\"name\";s:11:\"MONCOURRIER\";s:6:\"ticket\";s:46:\"Abonnement annuel (tous systèmes de paiement)\";s:8:\"category\";s:0:\"\";s:9:\"ticket_id\";s:7:\"2127093\";s:5:\"price\";s:6:\"199.00\";s:16:\"seating_location\";s:0:\"\";s:11:\"last_update\";s:19:\"2022-02-04 14:00:55\";s:14:\"reduction_code\";s:0:\"\";s:18:\"authorization_code\";s:0:\"\";s:4:\"pass\";s:1:\"0\";s:8:\"disabled\";s:1:\"0\";s:18:\"product_management\";s:100:\"https://www.billetweb.fr/my_order.php?product=T570-9053-E375379&key=f862c2c93255b2f9e17b020e8afb9787\";s:16:\"product_download\";s:100:\"https://www.billetweb.fr/download.php?product=T570-9053-E375379&key=f862c2c93255b2f9e17b020e8afb9787\";s:8:\"order_id\";s:8:\"35683979\";s:12:\"order_ext_id\";s:17:\"C959-5933-E375379\";s:15:\"order_firstname\";s:8:\"Philippe\";s:10:\"order_name\";s:11:\"MONCOURRIER\";s:11:\"order_email\";s:35:\"philippe.moncourrier@protonmail.com\";s:10:\"order_date\";s:19:\"2022-02-04 13:56:38\";s:10:\"order_paid\";s:1:\"1\";s:18:\"order_payment_type\";s:3:\"web\";s:12:\"order_origin\";s:3:\"web\";s:11:\"order_price\";s:6:\"199.00\";s:13:\"order_session\";s:1:\"0\";s:13:\"session_start\";s:0:\"\";s:19:\"order_accreditation\";s:1:\"0\";s:16:\"order_management\";s:98:\"https://www.billetweb.fr/my_order.php?order=C959-5933-E375379&key=fd2dae4c14fb3bc394d8f5d5c08f181b\";s:14:\"order_language\";s:2:\"fr\";}'),
('user', 0, 149, 149, 'fr', 0, 'a:36:{s:2:\"id\";s:8:\"96067858\";s:6:\"ext_id\";s:17:\"T213-9693-E375379\";s:7:\"barcode\";s:7:\"1898313\";s:4:\"used\";s:1:\"0\";s:4:\"lane\";s:0:\"\";s:9:\"used_date\";s:19:\"2022-05-15 11:31:09\";s:5:\"email\";s:18:\"sim75gal@gmail.com\";s:9:\"firstname\";s:5:\"Simon\";s:4:\"name\";s:7:\"GALIVEL\";s:6:\"ticket\";s:49:\"Abonnement mensuel (uniquement Visa / Mastercard)\";s:8:\"category\";s:0:\"\";s:9:\"ticket_id\";s:7:\"2001754\";s:5:\"price\";s:5:\"57.00\";s:16:\"seating_location\";s:0:\"\";s:11:\"last_update\";s:19:\"2022-03-14 16:16:10\";s:14:\"reduction_code\";s:0:\"\";s:18:\"authorization_code\";s:0:\"\";s:4:\"pass\";s:1:\"0\";s:8:\"disabled\";s:1:\"0\";s:18:\"product_management\";s:100:\"https://www.billetweb.fr/my_order.php?product=T213-9693-E375379&key=6206c956d368442e6b0cc7fc988692c4\";s:16:\"product_download\";s:100:\"https://www.billetweb.fr/download.php?product=T213-9693-E375379&key=6206c956d368442e6b0cc7fc988692c4\";s:8:\"order_id\";s:8:\"37475215\";s:12:\"order_ext_id\";s:17:\"C354-2623-E375379\";s:15:\"order_firstname\";s:5:\"Simon\";s:10:\"order_name\";s:7:\"GALIVEL\";s:11:\"order_email\";s:18:\"sim75gal@gmail.com\";s:10:\"order_date\";s:19:\"2022-03-14 16:13:50\";s:10:\"order_paid\";s:1:\"1\";s:18:\"order_payment_type\";s:9:\"web_multi\";s:12:\"order_origin\";s:3:\"web\";s:11:\"order_price\";s:5:\"57.00\";s:13:\"order_session\";s:1:\"0\";s:13:\"session_start\";s:0:\"\";s:19:\"order_accreditation\";s:1:\"0\";s:16:\"order_management\";s:98:\"https://www.billetweb.fr/my_order.php?order=C354-2623-E375379&key=b55eb931e5502cdf310d307729883fc0\";s:14:\"order_language\";s:2:\"fr\";}'),
('user', 0, 150, 150, 'fr', 0, 'a:36:{s:2:\"id\";s:8:\"96142096\";s:6:\"ext_id\";s:17:\"T958-2793-E375379\";s:7:\"barcode\";s:7:\"6993949\";s:4:\"used\";s:1:\"0\";s:4:\"lane\";s:0:\"\";s:9:\"used_date\";s:19:\"2022-05-15 11:31:11\";s:5:\"email\";s:23:\"anja.tillberg@gmail.com\";s:9:\"firstname\";s:4:\"Anja\";s:4:\"name\";s:8:\"TILLBERG\";s:6:\"ticket\";s:49:\"Abonnement mensuel (uniquement Visa / Mastercard)\";s:8:\"category\";s:0:\"\";s:9:\"ticket_id\";s:7:\"2001754\";s:5:\"price\";s:5:\"57.00\";s:16:\"seating_location\";s:0:\"\";s:11:\"last_update\";s:19:\"2022-03-15 09:42:03\";s:14:\"reduction_code\";s:0:\"\";s:18:\"authorization_code\";s:0:\"\";s:4:\"pass\";s:1:\"0\";s:8:\"disabled\";s:1:\"0\";s:18:\"product_management\";s:100:\"https://www.billetweb.fr/my_order.php?product=T958-2793-E375379&key=7b01046878a537dbe6c15746f88f04b1\";s:16:\"product_download\";s:100:\"https://www.billetweb.fr/download.php?product=T958-2793-E375379&key=7b01046878a537dbe6c15746f88f04b1\";s:8:\"order_id\";s:8:\"37506211\";s:12:\"order_ext_id\";s:17:\"C430-9362-E375379\";s:15:\"order_firstname\";s:4:\"Anja\";s:10:\"order_name\";s:8:\"TILLBERG\";s:11:\"order_email\";s:23:\"anja.tillberg@gmail.com\";s:10:\"order_date\";s:19:\"2022-03-15 09:38:11\";s:10:\"order_paid\";s:1:\"1\";s:18:\"order_payment_type\";s:9:\"web_multi\";s:12:\"order_origin\";s:3:\"web\";s:11:\"order_price\";s:5:\"57.00\";s:13:\"order_session\";s:1:\"0\";s:13:\"session_start\";s:0:\"\";s:19:\"order_accreditation\";s:1:\"0\";s:16:\"order_management\";s:98:\"https://www.billetweb.fr/my_order.php?order=C430-9362-E375379&key=4cc62ba8b8ea7213b821cd5129f01a34\";s:14:\"order_language\";s:2:\"en\";}'),
('user', 0, 151, 151, 'fr', 0, 'a:36:{s:2:\"id\";s:8:\"98364023\";s:6:\"ext_id\";s:17:\"T275-9487-E375379\";s:7:\"barcode\";s:7:\"2928395\";s:4:\"used\";s:1:\"0\";s:4:\"lane\";s:0:\"\";s:9:\"used_date\";s:19:\"0000-00-00 00:00:00\";s:5:\"email\";s:26:\"bertossi.anthony@gmail.com\";s:9:\"firstname\";s:7:\"Anthony\";s:4:\"name\";s:8:\"BERTOSSI\";s:6:\"ticket\";s:49:\"Abonnement mensuel (uniquement Visa / Mastercard)\";s:8:\"category\";s:0:\"\";s:9:\"ticket_id\";s:7:\"2001754\";s:5:\"price\";s:5:\"19.00\";s:16:\"seating_location\";s:0:\"\";s:11:\"last_update\";s:19:\"2022-04-02 10:50:33\";s:14:\"reduction_code\";s:0:\"\";s:18:\"authorization_code\";s:0:\"\";s:4:\"pass\";s:1:\"0\";s:8:\"disabled\";s:1:\"0\";s:18:\"product_management\";s:100:\"https://www.billetweb.fr/my_order.php?product=T275-9487-E375379&key=63bd984efab0289ecd0fba1709c69396\";s:16:\"product_download\";s:100:\"https://www.billetweb.fr/download.php?product=T275-9487-E375379&key=63bd984efab0289ecd0fba1709c69396\";s:8:\"order_id\";s:8:\"38403272\";s:12:\"order_ext_id\";s:17:\"C121-3892-E375379\";s:15:\"order_firstname\";s:7:\"Anthony\";s:10:\"order_name\";s:8:\"BERTOSSI\";s:11:\"order_email\";s:26:\"bertossi.anthony@gmail.com\";s:10:\"order_date\";s:19:\"2022-04-02 10:48:49\";s:10:\"order_paid\";s:1:\"1\";s:18:\"order_payment_type\";s:9:\"web_multi\";s:12:\"order_origin\";s:3:\"web\";s:11:\"order_price\";s:5:\"19.00\";s:13:\"order_session\";s:1:\"0\";s:13:\"session_start\";s:0:\"\";s:19:\"order_accreditation\";s:1:\"0\";s:16:\"order_management\";s:98:\"https://www.billetweb.fr/my_order.php?order=C121-3892-E375379&key=c6c811679fa97b05ac5b051e63056302\";s:14:\"order_language\";s:2:\"fr\";}'),
('user', 0, 154, 154, 'fr', 0, 'a:36:{s:2:\"id\";s:9:\"101786817\";s:6:\"ext_id\";s:17:\"T550-7395-E375379\";s:7:\"barcode\";s:7:\"6738781\";s:4:\"used\";s:1:\"0\";s:4:\"lane\";s:0:\"\";s:9:\"used_date\";s:19:\"2022-11-03 11:30:10\";s:5:\"email\";s:21:\"v.maneval@outlook.com\";s:9:\"firstname\";s:8:\"Virginie\";s:4:\"name\";s:7:\"MANEVAL\";s:6:\"ticket\";s:49:\"Abonnement mensuel (uniquement Visa / Mastercard)\";s:8:\"category\";s:0:\"\";s:9:\"ticket_id\";s:7:\"2001754\";s:5:\"price\";s:6:\"133.00\";s:16:\"seating_location\";s:0:\"\";s:11:\"last_update\";s:19:\"2022-04-29 12:57:55\";s:14:\"reduction_code\";s:0:\"\";s:18:\"authorization_code\";s:0:\"\";s:4:\"pass\";s:1:\"0\";s:8:\"disabled\";s:1:\"0\";s:18:\"product_management\";s:100:\"https://www.billetweb.fr/my_order.php?product=T550-7395-E375379&key=2982a64ed103a023a1485d40bfb23500\";s:16:\"product_download\";s:100:\"https://www.billetweb.fr/download.php?product=T550-7395-E375379&key=2982a64ed103a023a1485d40bfb23500\";s:8:\"order_id\";s:8:\"39765855\";s:12:\"order_ext_id\";s:17:\"C496-8063-E375379\";s:15:\"order_firstname\";s:8:\"Virginie\";s:10:\"order_name\";s:7:\"MANEVAL\";s:11:\"order_email\";s:21:\"v.maneval@outlook.com\";s:10:\"order_date\";s:19:\"2022-04-29 12:51:37\";s:10:\"order_paid\";s:1:\"1\";s:18:\"order_payment_type\";s:9:\"web_multi\";s:12:\"order_origin\";s:3:\"web\";s:11:\"order_price\";s:6:\"133.00\";s:13:\"order_session\";s:1:\"0\";s:13:\"session_start\";s:0:\"\";s:19:\"order_accreditation\";s:1:\"0\";s:16:\"order_management\";s:98:\"https://www.billetweb.fr/my_order.php?order=C496-8063-E375379&key=37108ea7ca5391856370413749b44c6e\";s:14:\"order_language\";s:2:\"fr\";}'),
('user', 0, 155, 155, 'fr', 0, 'a:36:{s:2:\"id\";s:9:\"101948392\";s:6:\"ext_id\";s:17:\"T103-2546-E375379\";s:7:\"barcode\";s:7:\"8071296\";s:4:\"used\";s:1:\"0\";s:4:\"lane\";s:0:\"\";s:9:\"used_date\";s:19:\"0000-00-00 00:00:00\";s:5:\"email\";s:23:\"gph.rochat@citycable.ch\";s:9:\"firstname\";s:8:\"Philippe\";s:4:\"name\";s:6:\"ROCHAT\";s:6:\"ticket\";s:46:\"Abonnement annuel (tous systèmes de paiement)\";s:8:\"category\";s:0:\"\";s:9:\"ticket_id\";s:7:\"2127093\";s:5:\"price\";s:6:\"199.00\";s:16:\"seating_location\";s:0:\"\";s:11:\"last_update\";s:19:\"2022-04-30 17:43:36\";s:14:\"reduction_code\";s:0:\"\";s:18:\"authorization_code\";s:0:\"\";s:4:\"pass\";s:1:\"0\";s:8:\"disabled\";s:1:\"0\";s:18:\"product_management\";s:100:\"https://www.billetweb.fr/my_order.php?product=T103-2546-E375379&key=71a3b1763c5384b2394ab38342b83c8f\";s:16:\"product_download\";s:100:\"https://www.billetweb.fr/download.php?product=T103-2546-E375379&key=71a3b1763c5384b2394ab38342b83c8f\";s:8:\"order_id\";s:8:\"39831811\";s:12:\"order_ext_id\";s:17:\"C741-1087-E375379\";s:15:\"order_firstname\";s:8:\"Philippe\";s:10:\"order_name\";s:6:\"ROCHAT\";s:11:\"order_email\";s:23:\"gph.rochat@citycable.ch\";s:10:\"order_date\";s:19:\"2022-04-30 17:38:50\";s:10:\"order_paid\";s:1:\"1\";s:18:\"order_payment_type\";s:3:\"web\";s:12:\"order_origin\";s:3:\"web\";s:11:\"order_price\";s:6:\"199.00\";s:13:\"order_session\";s:1:\"0\";s:13:\"session_start\";s:0:\"\";s:19:\"order_accreditation\";s:1:\"0\";s:16:\"order_management\";s:98:\"https://www.billetweb.fr/my_order.php?order=C741-1087-E375379&key=9eafa0043101e68da98e8f6602d93ba7\";s:14:\"order_language\";s:2:\"fr\";}'),
('user', 0, 156, 156, 'fr', 0, 'a:36:{s:2:\"id\";s:9:\"104748529\";s:6:\"ext_id\";s:17:\"T551-4627-E375379\";s:7:\"barcode\";s:7:\"8697754\";s:4:\"used\";s:1:\"0\";s:4:\"lane\";s:0:\"\";s:9:\"used_date\";s:19:\"0000-00-00 00:00:00\";s:5:\"email\";s:26:\"fberlaimont@protonmail.com\";s:9:\"firstname\";s:10:\"Françoise\";s:4:\"name\";s:10:\"BERLAIMONT\";s:6:\"ticket\";s:46:\"Abonnement annuel (tous systèmes de paiement)\";s:8:\"category\";s:0:\"\";s:9:\"ticket_id\";s:7:\"2127093\";s:5:\"price\";s:6:\"199.00\";s:16:\"seating_location\";s:0:\"\";s:11:\"last_update\";s:19:\"2022-05-27 10:24:58\";s:14:\"reduction_code\";s:0:\"\";s:18:\"authorization_code\";s:0:\"\";s:4:\"pass\";s:1:\"0\";s:8:\"disabled\";s:1:\"0\";s:18:\"product_management\";s:100:\"https://www.billetweb.fr/my_order.php?product=T551-4627-E375379&key=86dd798ecc6d3e0dbfbff87c9cc9b37d\";s:16:\"product_download\";s:100:\"https://www.billetweb.fr/download.php?product=T551-4627-E375379&key=86dd798ecc6d3e0dbfbff87c9cc9b37d\";s:8:\"order_id\";s:8:\"40939071\";s:12:\"order_ext_id\";s:17:\"C794-8595-E375379\";s:15:\"order_firstname\";s:10:\"Françoise\";s:10:\"order_name\";s:10:\"BERLAIMONT\";s:11:\"order_email\";s:26:\"fberlaimont@protonmail.com\";s:10:\"order_date\";s:19:\"2022-05-27 10:23:15\";s:10:\"order_paid\";s:1:\"1\";s:18:\"order_payment_type\";s:3:\"web\";s:12:\"order_origin\";s:3:\"web\";s:11:\"order_price\";s:6:\"199.00\";s:13:\"order_session\";s:1:\"0\";s:13:\"session_start\";s:0:\"\";s:19:\"order_accreditation\";s:1:\"0\";s:16:\"order_management\";s:98:\"https://www.billetweb.fr/my_order.php?order=C794-8595-E375379&key=290849f0f442de52ccf3ff80938d0d95\";s:14:\"order_language\";s:2:\"fr\";}'),
('user', 0, 160, 160, 'fr', 0, 'a:36:{s:2:\"id\";s:9:\"106787115\";s:6:\"ext_id\";s:17:\"T112-2349-E375379\";s:7:\"barcode\";s:7:\"3652996\";s:4:\"used\";s:1:\"0\";s:4:\"lane\";s:0:\"\";s:9:\"used_date\";s:19:\"2022-09-18 11:31:44\";s:5:\"email\";s:19:\"helmallet@gmail.com\";s:9:\"firstname\";s:6:\"Helene\";s:4:\"name\";s:6:\"MALLET\";s:6:\"ticket\";s:49:\"Abonnement mensuel (uniquement Visa / Mastercard)\";s:8:\"category\";s:0:\"\";s:9:\"ticket_id\";s:7:\"2001754\";s:5:\"price\";s:5:\"76.00\";s:16:\"seating_location\";s:0:\"\";s:11:\"last_update\";s:19:\"2022-06-16 18:04:28\";s:14:\"reduction_code\";s:0:\"\";s:18:\"authorization_code\";s:0:\"\";s:4:\"pass\";s:1:\"0\";s:8:\"disabled\";s:1:\"0\";s:18:\"product_management\";s:100:\"https://www.billetweb.fr/my_order.php?product=T112-2349-E375379&key=b044b929c0e62d13462df790fd6f46f3\";s:16:\"product_download\";s:100:\"https://www.billetweb.fr/download.php?product=T112-2349-E375379&key=b044b929c0e62d13462df790fd6f46f3\";s:8:\"order_id\";s:8:\"41800287\";s:12:\"order_ext_id\";s:17:\"C269-6034-E375379\";s:15:\"order_firstname\";s:6:\"Helene\";s:10:\"order_name\";s:6:\"MALLET\";s:11:\"order_email\";s:19:\"helmallet@gmail.com\";s:10:\"order_date\";s:19:\"2022-06-16 18:01:48\";s:10:\"order_paid\";s:1:\"1\";s:18:\"order_payment_type\";s:9:\"web_multi\";s:12:\"order_origin\";s:3:\"web\";s:11:\"order_price\";s:5:\"76.00\";s:13:\"order_session\";s:1:\"0\";s:13:\"session_start\";s:0:\"\";s:19:\"order_accreditation\";s:1:\"0\";s:16:\"order_management\";s:98:\"https://www.billetweb.fr/my_order.php?order=C269-6034-E375379&key=90073223af429297f7ba7ff6ca9eaf38\";s:14:\"order_language\";s:2:\"fr\";}'),
('user', 0, 162, 162, 'fr', 0, 'a:36:{s:2:\"id\";s:9:\"107616642\";s:6:\"ext_id\";s:17:\"T913-6381-E375379\";s:7:\"barcode\";s:7:\"8967043\";s:4:\"used\";s:1:\"0\";s:4:\"lane\";s:0:\"\";s:9:\"used_date\";s:19:\"0000-00-00 00:00:00\";s:5:\"email\";s:28:\"beatrice.courouble@gmail.com\";s:9:\"firstname\";s:9:\"Béatrice\";s:4:\"name\";s:9:\"COUROUBLE\";s:6:\"ticket\";s:49:\"Abonnement mensuel (uniquement Visa / Mastercard)\";s:8:\"category\";s:0:\"\";s:9:\"ticket_id\";s:7:\"2001754\";s:5:\"price\";s:5:\"19.00\";s:16:\"seating_location\";s:0:\"\";s:11:\"last_update\";s:19:\"2022-06-23 19:40:56\";s:14:\"reduction_code\";s:0:\"\";s:18:\"authorization_code\";s:0:\"\";s:4:\"pass\";s:1:\"0\";s:8:\"disabled\";s:1:\"0\";s:18:\"product_management\";s:100:\"https://www.billetweb.fr/my_order.php?product=T913-6381-E375379&key=69ecf6188e87e49ca5759f0023ca1b13\";s:16:\"product_download\";s:100:\"https://www.billetweb.fr/download.php?product=T913-6381-E375379&key=69ecf6188e87e49ca5759f0023ca1b13\";s:8:\"order_id\";s:8:\"42142728\";s:12:\"order_ext_id\";s:17:\"C808-6690-E375379\";s:15:\"order_firstname\";s:9:\"Béatrice\";s:10:\"order_name\";s:9:\"COUROUBLE\";s:11:\"order_email\";s:28:\"beatrice.courouble@gmail.com\";s:10:\"order_date\";s:19:\"2022-06-23 19:37:46\";s:10:\"order_paid\";s:1:\"1\";s:18:\"order_payment_type\";s:9:\"web_multi\";s:12:\"order_origin\";s:3:\"web\";s:11:\"order_price\";s:5:\"19.00\";s:13:\"order_session\";s:1:\"0\";s:13:\"session_start\";s:0:\"\";s:19:\"order_accreditation\";s:1:\"0\";s:16:\"order_management\";s:98:\"https://www.billetweb.fr/my_order.php?order=C808-6690-E375379&key=8687e387ca59e002f2cde8db9a435501\";s:14:\"order_language\";s:2:\"fr\";}'),
('user', 0, 165, 165, 'fr', 0, 'a:36:{s:2:\"id\";s:9:\"108514373\";s:6:\"ext_id\";s:17:\"T108-4656-E375379\";s:7:\"barcode\";s:7:\"6344664\";s:4:\"used\";s:1:\"0\";s:4:\"lane\";s:0:\"\";s:9:\"used_date\";s:19:\"0000-00-00 00:00:00\";s:5:\"email\";s:29:\"marie.jeanne.piguet@gmail.com\";s:9:\"firstname\";s:12:\"Marie-Jeanne\";s:4:\"name\";s:6:\"PIGUET\";s:6:\"ticket\";s:46:\"Abonnement annuel (tous systèmes de paiement)\";s:8:\"category\";s:0:\"\";s:9:\"ticket_id\";s:7:\"2127093\";s:5:\"price\";s:6:\"199.00\";s:16:\"seating_location\";s:0:\"\";s:11:\"last_update\";s:19:\"2022-07-01 17:47:10\";s:14:\"reduction_code\";s:0:\"\";s:18:\"authorization_code\";s:0:\"\";s:4:\"pass\";s:1:\"0\";s:8:\"disabled\";s:1:\"0\";s:18:\"product_management\";s:100:\"https://www.billetweb.fr/my_order.php?product=T108-4656-E375379&key=0de4403735f8061c9a4efe366d43567a\";s:16:\"product_download\";s:100:\"https://www.billetweb.fr/download.php?product=T108-4656-E375379&key=0de4403735f8061c9a4efe366d43567a\";s:8:\"order_id\";s:8:\"42491717\";s:12:\"order_ext_id\";s:17:\"C522-5072-E375379\";s:15:\"order_firstname\";s:12:\"Marie-Jeanne\";s:10:\"order_name\";s:6:\"PIGUET\";s:11:\"order_email\";s:29:\"marie.jeanne.piguet@gmail.com\";s:10:\"order_date\";s:19:\"2022-07-01 17:42:16\";s:10:\"order_paid\";s:1:\"1\";s:18:\"order_payment_type\";s:3:\"web\";s:12:\"order_origin\";s:3:\"web\";s:11:\"order_price\";s:6:\"199.00\";s:13:\"order_session\";s:1:\"0\";s:13:\"session_start\";s:0:\"\";s:19:\"order_accreditation\";s:1:\"0\";s:16:\"order_management\";s:98:\"https://www.billetweb.fr/my_order.php?order=C522-5072-E375379&key=83485a96ae9142f3930ea6a7c09e042f\";s:14:\"order_language\";s:2:\"fr\";}'),
('user', 0, 207, 207, 'fr', 0, 'a:36:{s:2:\"id\";s:9:\"116088524\";s:6:\"ext_id\";s:17:\"T384-3505-E375379\";s:7:\"barcode\";s:7:\"6088894\";s:4:\"used\";s:1:\"0\";s:4:\"lane\";s:0:\"\";s:9:\"used_date\";s:19:\"2022-12-04 11:30:11\";s:5:\"email\";s:21:\"s.boutefroy@gmail.com\";s:9:\"firstname\";s:6:\"Sophie\";s:4:\"name\";s:9:\"BOUTEFROY\";s:6:\"ticket\";s:49:\"Abonnement mensuel (uniquement Visa / Mastercard)\";s:8:\"category\";s:0:\"\";s:9:\"ticket_id\";s:7:\"2001754\";s:5:\"price\";s:5:\"76.00\";s:16:\"seating_location\";s:0:\"\";s:11:\"last_update\";s:19:\"2022-09-02 17:10:48\";s:14:\"reduction_code\";s:0:\"\";s:18:\"authorization_code\";s:0:\"\";s:4:\"pass\";s:1:\"0\";s:8:\"disabled\";s:1:\"0\";s:18:\"product_management\";s:100:\"https://www.billetweb.fr/my_order.php?product=T384-3505-E375379&key=2810f6449a39eedde51806741560ba12\";s:16:\"product_download\";s:100:\"https://www.billetweb.fr/download.php?product=T384-3505-E375379&key=2810f6449a39eedde51806741560ba12\";s:8:\"order_id\";s:8:\"45068030\";s:12:\"order_ext_id\";s:17:\"C983-2403-E375379\";s:15:\"order_firstname\";s:6:\"Sophie\";s:10:\"order_name\";s:9:\"BOUTEFROY\";s:11:\"order_email\";s:21:\"s.boutefroy@gmail.com\";s:10:\"order_date\";s:19:\"2022-09-02 17:09:37\";s:10:\"order_paid\";s:1:\"1\";s:18:\"order_payment_type\";s:9:\"web_multi\";s:12:\"order_origin\";s:3:\"web\";s:11:\"order_price\";s:5:\"76.00\";s:13:\"order_session\";s:1:\"0\";s:13:\"session_start\";s:0:\"\";s:19:\"order_accreditation\";s:1:\"0\";s:16:\"order_management\";s:98:\"https://www.billetweb.fr/my_order.php?order=C983-2403-E375379&key=4a653ffab64df2de5e787506b0c47b91\";s:14:\"order_language\";s:2:\"fr\";}'),
('user', 0, 208, 208, 'fr', 0, 'a:36:{s:2:\"id\";s:9:\"116111210\";s:6:\"ext_id\";s:17:\"T306-5839-E375379\";s:7:\"barcode\";s:7:\"7633230\";s:4:\"used\";s:1:\"0\";s:4:\"lane\";s:0:\"\";s:9:\"used_date\";s:19:\"0000-00-00 00:00:00\";s:5:\"email\";s:25:\"francoise.orlov@gmail.com\";s:9:\"firstname\";s:9:\"Francoise\";s:4:\"name\";s:5:\"ORLOV\";s:6:\"ticket\";s:49:\"Abonnement mensuel (uniquement Visa / Mastercard)\";s:8:\"category\";s:0:\"\";s:9:\"ticket_id\";s:7:\"2001754\";s:5:\"price\";s:5:\"19.00\";s:16:\"seating_location\";s:0:\"\";s:11:\"last_update\";s:19:\"2022-09-02 19:33:15\";s:14:\"reduction_code\";s:0:\"\";s:18:\"authorization_code\";s:0:\"\";s:4:\"pass\";s:1:\"0\";s:8:\"disabled\";s:1:\"0\";s:18:\"product_management\";s:100:\"https://www.billetweb.fr/my_order.php?product=T306-5839-E375379&key=336c16ad6276c7ed9336c2121aed922e\";s:16:\"product_download\";s:100:\"https://www.billetweb.fr/download.php?product=T306-5839-E375379&key=336c16ad6276c7ed9336c2121aed922e\";s:8:\"order_id\";s:8:\"45078704\";s:12:\"order_ext_id\";s:17:\"C568-8903-E375379\";s:15:\"order_firstname\";s:9:\"Francoise\";s:10:\"order_name\";s:5:\"ORLOV\";s:11:\"order_email\";s:25:\"francoise.orlov@gmail.com\";s:10:\"order_date\";s:19:\"2022-09-02 19:27:23\";s:10:\"order_paid\";s:1:\"1\";s:18:\"order_payment_type\";s:9:\"web_multi\";s:12:\"order_origin\";s:3:\"web\";s:11:\"order_price\";s:5:\"19.00\";s:13:\"order_session\";s:1:\"0\";s:13:\"session_start\";s:0:\"\";s:19:\"order_accreditation\";s:1:\"0\";s:16:\"order_management\";s:98:\"https://www.billetweb.fr/my_order.php?order=C568-8903-E375379&key=79d3eb0b2fdf1d3e1536229327ccdf40\";s:14:\"order_language\";s:2:\"en\";}');
INSERT INTO `prod_d8user__field_donnees_inscription` (`bundle`, `deleted`, `entity_id`, `revision_id`, `langcode`, `delta`, `field_donnees_inscription_value`) VALUES
('user', 0, 210, 210, 'fr', 0, 'a:36:{s:2:\"id\";s:9:\"118495043\";s:6:\"ext_id\";s:17:\"T833-4594-E375379\";s:7:\"barcode\";s:7:\"9367272\";s:4:\"used\";s:1:\"0\";s:4:\"lane\";s:0:\"\";s:9:\"used_date\";s:19:\"2022-12-16 11:30:11\";s:5:\"email\";s:22:\"info@brasserieminne.be\";s:9:\"firstname\";s:9:\"Catherine\";s:4:\"name\";s:5:\"MINNE\";s:6:\"ticket\";s:49:\"Abonnement mensuel (uniquement Visa / Mastercard)\";s:8:\"category\";s:0:\"\";s:9:\"ticket_id\";s:7:\"2001754\";s:5:\"price\";s:5:\"76.00\";s:16:\"seating_location\";s:0:\"\";s:11:\"last_update\";s:19:\"2022-09-14 22:32:23\";s:14:\"reduction_code\";s:0:\"\";s:18:\"authorization_code\";s:0:\"\";s:4:\"pass\";s:1:\"0\";s:8:\"disabled\";s:1:\"0\";s:18:\"product_management\";s:100:\"https://www.billetweb.fr/my_order.php?product=T833-4594-E375379&key=2cf9c38720ed4a3aa14a297f0a5c7202\";s:16:\"product_download\";s:100:\"https://www.billetweb.fr/download.php?product=T833-4594-E375379&key=2cf9c38720ed4a3aa14a297f0a5c7202\";s:8:\"order_id\";s:8:\"46024784\";s:12:\"order_ext_id\";s:17:\"C590-3865-E375379\";s:15:\"order_firstname\";s:9:\"Catherine\";s:10:\"order_name\";s:5:\"MINNE\";s:11:\"order_email\";s:22:\"info@brasserieminne.be\";s:10:\"order_date\";s:19:\"2022-09-14 22:28:07\";s:10:\"order_paid\";s:1:\"1\";s:18:\"order_payment_type\";s:9:\"web_multi\";s:12:\"order_origin\";s:3:\"web\";s:11:\"order_price\";s:5:\"76.00\";s:13:\"order_session\";s:1:\"0\";s:13:\"session_start\";s:0:\"\";s:19:\"order_accreditation\";s:1:\"0\";s:16:\"order_management\";s:98:\"https://www.billetweb.fr/my_order.php?order=C590-3865-E375379&key=e79f93ed84ccbff507aeadcc779d48de\";s:14:\"order_language\";s:2:\"fr\";}');

-- --------------------------------------------------------

--
-- Structure de la table `prod_d8user__field_nom`
--

CREATE TABLE `prod_d8user__field_nom` (
  `bundle` varchar(128) CHARACTER SET ascii NOT NULL DEFAULT '' COMMENT 'The field instance bundle to which this row belongs, used when deleting a field instance',
  `deleted` tinyint(4) NOT NULL DEFAULT '0' COMMENT 'A boolean indicating whether this data item has been deleted',
  `entity_id` int(10) UNSIGNED NOT NULL COMMENT 'The entity id this data is attached to',
  `revision_id` int(10) UNSIGNED NOT NULL COMMENT 'The entity revision id this data is attached to, which for an unversioned entity type is the same as the entity id',
  `langcode` varchar(32) CHARACTER SET ascii NOT NULL DEFAULT '' COMMENT 'The language code for this data item.',
  `delta` int(10) UNSIGNED NOT NULL COMMENT 'The sequence number for this data item, used for multi-value fields',
  `field_nom_value` varchar(255) NOT NULL
) ENGINE=InnoDB DEFAULT CHARSET=utf8mb4 COMMENT='Data storage for user field field_nom.';

--
-- Déchargement des données de la table `prod_d8user__field_nom`
--

INSERT INTO `prod_d8user__field_nom` (`bundle`, `deleted`, `entity_id`, `revision_id`, `langcode`, `delta`, `field_nom_value`) VALUES
('user', 0, 1, 1, 'en', 0, 'mariepeltier.org'),
('user', 0, 49, 49, 'fr', 0, 'Peltier'),
('user', 0, 50, 50, 'fr', 0, 'DE RYCK'),
('user', 0, 62, 62, 'fr', 0, 'Thirifays'),
('user', 0, 65, 65, 'fr', 0, 'Cottrant'),
('user', 0, 66, 66, 'fr', 0, 'Cappart'),
('user', 0, 67, 67, 'fr', 0, 'Peltier-Dave'),
('user', 0, 71, 71, 'fr', 0, 'Bruggmann'),
('user', 0, 72, 72, 'fr', 0, 'Renglet'),
('user', 0, 73, 73, 'fr', 0, 'Peltier'),
('user', 0, 74, 74, 'fr', 0, 'Taghla'),
('user', 0, 75, 75, 'fr', 0, 'Lohest'),
('user', 0, 76, 76, 'fr', 0, 'Lechermeier'),
('user', 0, 77, 77, 'fr', 0, 'PAIX'),
('user', 0, 84, 84, 'fr', 0, 'D\'ASTE BLANC'),
('user', 0, 85, 85, 'fr', 0, 'RIGAUX'),
('user', 0, 86, 86, 'fr', 0, 'Le Guen'),
('user', 0, 87, 87, 'fr', 0, 'ISLER'),
('user', 0, 88, 88, 'fr', 0, 'Nathalie'),
('user', 0, 89, 89, 'fr', 0, 'Butor de Blamont'),
('user', 0, 90, 90, 'fr', 0, 'Nicolas'),
('user', 0, 91, 91, 'fr', 0, 'Raoult '),
('user', 0, 92, 92, 'fr', 0, 'Audard'),
('user', 0, 93, 93, 'fr', 0, 'Eckard'),
('user', 0, 94, 94, 'fr', 0, 'Dehaibe'),
('user', 0, 95, 95, 'fr', 0, 'Lebreton'),
('user', 0, 96, 96, 'fr', 0, 'A'),
('user', 0, 108, 108, 'fr', 0, 'Ohio'),
('user', 0, 109, 109, 'fr', 0, 'Executive'),
('user', 0, 112, 112, 'fr', 0, 'fuchsia'),
('user', 0, 113, 113, 'fr', 0, 'Traversa'),
('user', 0, 117, 117, 'fr', 0, 'Mali'),
('user', 0, 118, 118, 'fr', 0, 'teal'),
('user', 0, 119, 119, 'fr', 0, 'Alaska'),
('user', 0, 120, 120, 'fr', 0, 'cross-platform'),
('user', 0, 121, 121, 'fr', 0, 'Ways'),
('user', 0, 122, 122, 'fr', 0, 'Magdelyns'),
('user', 0, 123, 123, 'fr', 0, 'PNG'),
('user', 0, 124, 124, 'fr', 0, 'Argentina'),
('user', 0, 126, 126, 'fr', 0, 'Ramp'),
('user', 0, 127, 127, 'fr', 0, 'Granite'),
('user', 0, 128, 128, 'fr', 0, 'Louisiana'),
('user', 0, 129, 129, 'fr', 0, 'HTTP'),
('user', 0, 130, 130, 'fr', 0, 'Configuration'),
('user', 0, 131, 131, 'fr', 0, 'Auto Loan Account'),
('user', 0, 132, 132, 'fr', 0, 'Dehaibe'),
('user', 0, 133, 133, 'fr', 0, 'Chief'),
('user', 0, 134, 134, 'fr', 0, 'Ergonomic'),
('user', 0, 135, 135, 'fr', 0, 'hard'),
('user', 0, 136, 136, 'fr', 0, 'Stand-alone'),
('user', 0, 137, 137, 'fr', 0, 'Colorado'),
('user', 0, 138, 138, 'fr', 0, 'green'),
('user', 0, 139, 139, 'fr', 0, 'infrastructures'),
('user', 0, 140, 140, 'fr', 0, '4th generation'),
('user', 0, 141, 141, 'fr', 0, 'ALLAUD'),
('user', 0, 142, 142, 'fr', 0, 'Island'),
('user', 0, 143, 143, 'fr', 0, 'Philippe'),
('user', 0, 144, 144, 'fr', 0, 'Shoes'),
('user', 0, 146, 146, 'fr', 0, 'Pine'),
('user', 0, 147, 147, 'fr', 0, 'programming'),
('user', 0, 148, 148, 'fr', 0, 'Bernardie-James '),
('user', 0, 149, 149, 'fr', 0, 'G@LIV3L'),
('user', 0, 150, 150, 'fr', 0, 'Tillberg'),
('user', 0, 151, 151, 'fr', 0, 'Bertossi'),
('user', 0, 152, 152, 'fr', 0, 'Bonaccorsi'),
('user', 0, 153, 153, 'fr', 0, '75'),
('user', 0, 154, 154, 'fr', 0, 'Maneval'),
('user', 0, 155, 155, 'fr', 0, 'Rochat '),
('user', 0, 156, 156, 'fr', 0, 'BERLAIMONT'),
('user', 0, 157, 157, 'fr', 0, 'Arnone'),
('user', 0, 158, 158, 'fr', 0, 'Schulzendorf '),
('user', 0, 159, 159, 'fr', 0, 'Rachid '),
('user', 0, 160, 160, 'fr', 0, 'Mallet'),
('user', 0, 161, 161, 'fr', 0, 'Maman laminou ismaïla'),
('user', 0, 162, 162, 'fr', 0, 'Courouble'),
('user', 0, 163, 163, 'fr', 0, 'Pradet'),
('user', 0, 164, 164, 'fr', 0, 'Aesseloos'),
('user', 0, 165, 165, 'fr', 0, 'Piguet'),
('user', 0, 166, 166, 'fr', 0, 'Roger'),
('user', 0, 167, 167, 'fr', 0, 'Heard'),
('user', 0, 168, 168, 'fr', 0, 'Generic'),
('user', 0, 169, 169, 'fr', 0, 'Berkshire'),
('user', 0, 170, 170, 'fr', 0, 'Account'),
('user', 0, 171, 171, 'fr', 0, 'Managed'),
('user', 0, 172, 172, 'fr', 0, 'Steel'),
('user', 0, 173, 173, 'fr', 0, 'ADP'),
('user', 0, 174, 174, 'fr', 0, 'navigating'),
('user', 0, 175, 175, 'fr', 0, 'Tasty'),
('user', 0, 176, 176, 'fr', 0, 'International'),
('user', 0, 177, 177, 'fr', 0, 'Concrete'),
('user', 0, 178, 178, 'fr', 0, 'Barbuda'),
('user', 0, 179, 179, 'fr', 0, 'HTTP'),
('user', 0, 180, 180, 'fr', 0, 'Frozen'),
('user', 0, 181, 181, 'fr', 0, 'Fresh'),
('user', 0, 182, 182, 'fr', 0, 'multimedia'),
('user', 0, 183, 183, 'fr', 0, 'Land'),
('user', 0, 184, 184, 'fr', 0, 'back'),
('user', 0, 185, 185, 'fr', 0, 'visualize'),
('user', 0, 186, 186, 'fr', 0, 'Leone'),
('user', 0, 187, 187, 'fr', 0, 'mesh'),
('user', 0, 188, 188, 'fr', 0, 'Granite'),
('user', 0, 189, 189, 'fr', 0, 'SMTP'),
('user', 0, 190, 190, 'fr', 0, 'Ball'),
('user', 0, 191, 191, 'fr', 0, 'Representative'),
('user', 0, 192, 192, 'fr', 0, 'synthesize'),
('user', 0, 193, 193, 'fr', 0, 'Hungary'),
('user', 0, 194, 194, 'fr', 0, 'Handcrafted'),
('user', 0, 195, 195, 'fr', 0, 'Berkshire'),
('user', 0, 196, 196, 'fr', 0, 'Taka'),
('user', 0, 197, 197, 'fr', 0, 'Iraq'),
('user', 0, 198, 198, 'fr', 0, 'web-enabled'),
('user', 0, 199, 199, 'fr', 0, 'granular'),
('user', 0, 200, 200, 'fr', 0, 'Montana'),
('user', 0, 201, 201, 'fr', 0, 'metrics'),
('user', 0, 202, 202, 'fr', 0, 'deposit'),
('user', 0, 203, 203, 'fr', 0, 'e-business'),
('user', 0, 204, 204, 'fr', 0, 'homogeneous'),
('user', 0, 205, 205, 'fr', 0, 'auxiliary'),
('user', 0, 206, 206, 'fr', 0, 'systems'),
('user', 0, 207, 207, 'fr', 0, 'Boutefroy'),
('user', 0, 208, 208, 'fr', 0, 'Orlov'),
('user', 0, 209, 209, 'fr', 0, 'aschenbrenner'),
('user', 0, 210, 210, 'fr', 0, 'vanderwauwen'),
('user', 0, 214, 214, 'fr', 0, '37'),
('user', 0, 215, 215, 'fr', 0, 'Machado');

-- --------------------------------------------------------

--
-- Structure de la table `prod_d8user__field_prenom`
--

CREATE TABLE `prod_d8user__field_prenom` (
  `bundle` varchar(128) CHARACTER SET ascii NOT NULL DEFAULT '' COMMENT 'The field instance bundle to which this row belongs, used when deleting a field instance',
  `deleted` tinyint(4) NOT NULL DEFAULT '0' COMMENT 'A boolean indicating whether this data item has been deleted',
  `entity_id` int(10) UNSIGNED NOT NULL COMMENT 'The entity id this data is attached to',
  `revision_id` int(10) UNSIGNED NOT NULL COMMENT 'The entity revision id this data is attached to, which for an unversioned entity type is the same as the entity id',
  `langcode` varchar(32) CHARACTER SET ascii NOT NULL DEFAULT '' COMMENT 'The language code for this data item.',
  `delta` int(10) UNSIGNED NOT NULL COMMENT 'The sequence number for this data item, used for multi-value fields',
  `field_prenom_value` varchar(255) NOT NULL
) ENGINE=InnoDB DEFAULT CHARSET=utf8mb4 COMMENT='Data storage for user field field_prenom.';

--
-- Déchargement des données de la table `prod_d8user__field_prenom`
--

INSERT INTO `prod_d8user__field_prenom` (`bundle`, `deleted`, `entity_id`, `revision_id`, `langcode`, `delta`, `field_prenom_value`) VALUES
('user', 0, 1, 1, 'en', 0, 'Admin'),
('user', 0, 49, 49, 'fr', 0, 'Marie'),
('user', 0, 50, 50, 'fr', 0, 'Nadège'),
('user', 0, 62, 62, 'fr', 0, 'Pauline'),
('user', 0, 65, 65, 'fr', 0, 'Mariama'),
('user', 0, 66, 66, 'fr', 0, 'Marie'),
('user', 0, 67, 67, 'fr', 0, 'Geneviève'),
('user', 0, 71, 71, 'fr', 0, 'Mathias'),
('user', 0, 72, 72, 'fr', 0, 'Hélène'),
('user', 0, 73, 73, 'fr', 0, 'Marielle'),
('user', 0, 74, 74, 'fr', 0, 'Leïla'),
('user', 0, 75, 75, 'fr', 0, 'Sylvain'),
('user', 0, 76, 76, 'fr', 0, 'David'),
('user', 0, 77, 77, 'fr', 0, 'Antoinette'),
('user', 0, 84, 84, 'fr', 0, 'ANNE'),
('user', 0, 85, 85, 'fr', 0, 'LUDOVIC'),
('user', 0, 86, 86, 'fr', 0, 'Christine'),
('user', 0, 87, 87, 'fr', 0, 'Françoise '),
('user', 0, 88, 88, 'fr', 0, 'Delaleeuwe'),
('user', 0, 89, 89, 'fr', 0, 'Pierre'),
('user', 0, 90, 90, 'fr', 0, 'BRUN'),
('user', 0, 91, 91, 'fr', 0, 'Olivier '),
('user', 0, 92, 92, 'fr', 0, 'Philippe'),
('user', 0, 93, 93, 'fr', 0, 'Emmanuel'),
('user', 0, 94, 94, 'fr', 0, 'Stéphanie'),
('user', 0, 95, 95, 'fr', 0, 'Capucine'),
('user', 0, 96, 96, 'fr', 0, 'Abdes'),
('user', 0, 108, 108, 'fr', 0, 'payment'),
('user', 0, 109, 109, 'fr', 0, 'web-readiness'),
('user', 0, 112, 112, 'fr', 0, 'Greenland'),
('user', 0, 113, 113, 'fr', 0, 'Eleonora'),
('user', 0, 117, 117, 'fr', 0, 'deposit'),
('user', 0, 118, 118, 'fr', 0, 'payment'),
('user', 0, 119, 119, 'fr', 0, 'Cotton'),
('user', 0, 120, 120, 'fr', 0, 'Fundamental'),
('user', 0, 121, 121, 'fr', 0, 'architecture'),
('user', 0, 122, 122, 'fr', 0, 'Bruno'),
('user', 0, 123, 123, 'fr', 0, 'transmitting'),
('user', 0, 124, 124, 'fr', 0, 'hard drive'),
('user', 0, 126, 126, 'fr', 0, 'infrastructures'),
('user', 0, 127, 127, 'fr', 0, 'Avon'),
('user', 0, 128, 128, 'fr', 0, 'Rubber'),
('user', 0, 129, 129, 'fr', 0, 'Intelligent'),
('user', 0, 130, 130, 'fr', 0, 'Dynamic'),
('user', 0, 131, 131, 'fr', 0, 'Kids'),
('user', 0, 132, 132, 'fr', 0, 'Stéphanie'),
('user', 0, 133, 133, 'fr', 0, 'lime'),
('user', 0, 134, 134, 'fr', 0, 'Avon'),
('user', 0, 135, 135, 'fr', 0, 'multi-state'),
('user', 0, 136, 136, 'fr', 0, 'initiatives'),
('user', 0, 137, 137, 'fr', 0, 'Bedfordshire'),
('user', 0, 138, 138, 'fr', 0, 'Books'),
('user', 0, 139, 139, 'fr', 0, 'Sleek Rubber Tuna'),
('user', 0, 140, 140, 'fr', 0, 'connect'),
('user', 0, 141, 141, 'fr', 0, 'Patrick'),
('user', 0, 142, 142, 'fr', 0, 'throughput'),
('user', 0, 143, 143, 'fr', 0, 'Moncourrier'),
('user', 0, 144, 144, 'fr', 0, 'Camp'),
('user', 0, 146, 146, 'fr', 0, 'Generic'),
('user', 0, 147, 147, 'fr', 0, 'North Carolina'),
('user', 0, 148, 148, 'fr', 0, 'Romain '),
('user', 0, 149, 149, 'fr', 0, 'Simon'),
('user', 0, 150, 150, 'fr', 0, 'Anja'),
('user', 0, 151, 151, 'fr', 0, 'Anthony'),
('user', 0, 152, 152, 'fr', 0, 'Vincent'),
('user', 0, 153, 153, 'fr', 0, '63'),
('user', 0, 154, 154, 'fr', 0, 'Virginie'),
('user', 0, 155, 155, 'fr', 0, 'Philippe '),
('user', 0, 156, 156, 'fr', 0, 'Françoise'),
('user', 0, 157, 157, 'fr', 0, 'Samuel'),
('user', 0, 158, 158, 'fr', 0, 'Jonathan '),
('user', 0, 159, 159, 'fr', 0, 'Ayoub'),
('user', 0, 160, 160, 'fr', 0, 'Hélène'),
('user', 0, 161, 161, 'fr', 0, 'Ousmane'),
('user', 0, 162, 162, 'fr', 0, 'Béatrice '),
('user', 0, 163, 163, 'fr', 0, 'Coralie '),
('user', 0, 164, 164, 'fr', 0, 'Jacqueline'),
('user', 0, 165, 165, 'fr', 0, 'Marie-Jeanne '),
('user', 0, 166, 166, 'fr', 0, 'Sylvie'),
('user', 0, 167, 167, 'fr', 0, 'Fantastic'),
('user', 0, 168, 168, 'fr', 0, 'West'),
('user', 0, 169, 169, 'fr', 0, '24/365'),
('user', 0, 170, 170, 'fr', 0, 'Salad'),
('user', 0, 171, 171, 'fr', 0, 'Gourde'),
('user', 0, 172, 172, 'fr', 0, 'Rubber'),
('user', 0, 173, 173, 'fr', 0, 'Customizable'),
('user', 0, 174, 174, 'fr', 0, 'parallelism'),
('user', 0, 175, 175, 'fr', 0, 'Summit'),
('user', 0, 176, 176, 'fr', 0, 'Chicken'),
('user', 0, 177, 177, 'fr', 0, 'Alley'),
('user', 0, 178, 178, 'fr', 0, 'Table'),
('user', 0, 179, 179, 'fr', 0, 'cyan'),
('user', 0, 180, 180, 'fr', 0, 'RSS'),
('user', 0, 181, 181, 'fr', 0, 'facilitate'),
('user', 0, 182, 182, 'fr', 0, 'Industrial'),
('user', 0, 183, 183, 'fr', 0, 'compressing'),
('user', 0, 184, 184, 'fr', 0, 'intranet'),
('user', 0, 185, 185, 'fr', 0, 'purple'),
('user', 0, 186, 186, 'fr', 0, 'monitoring'),
('user', 0, 187, 187, 'fr', 0, 'Pizza'),
('user', 0, 188, 188, 'fr', 0, 'schemas'),
('user', 0, 189, 189, 'fr', 0, 'enable'),
('user', 0, 190, 190, 'fr', 0, 'platforms'),
('user', 0, 191, 191, 'fr', 0, 'input'),
('user', 0, 192, 192, 'fr', 0, 'distributed'),
('user', 0, 193, 193, 'fr', 0, 'Home'),
('user', 0, 194, 194, 'fr', 0, 'Soap'),
('user', 0, 195, 195, 'fr', 0, 'SSL'),
('user', 0, 196, 196, 'fr', 0, 'RAM'),
('user', 0, 197, 197, 'fr', 0, 'leading-edge'),
('user', 0, 198, 198, 'fr', 0, 'Marketing'),
('user', 0, 199, 199, 'fr', 0, 'Adaptive'),
('user', 0, 200, 200, 'fr', 0, 'asynchronous'),
('user', 0, 201, 201, 'fr', 0, 'Salad'),
('user', 0, 202, 202, 'fr', 0, 'frictionless'),
('user', 0, 203, 203, 'fr', 0, 'microchip'),
('user', 0, 204, 204, 'fr', 0, 'Intranet'),
('user', 0, 205, 205, 'fr', 0, 'Granite'),
('user', 0, 206, 206, 'fr', 0, 'Hryvnia'),
('user', 0, 207, 207, 'fr', 0, 'Sophie'),
('user', 0, 208, 208, 'fr', 0, 'Francoise'),
('user', 0, 209, 209, 'fr', 0, 'claude'),
('user', 0, 210, 210, 'fr', 0, 'catherine'),
('user', 0, 214, 214, 'fr', 0, '51'),
('user', 0, 215, 215, 'fr', 0, 'Flavia');

-- --------------------------------------------------------

--
-- Structure de la table `prod_d8user__roles`
--

CREATE TABLE `prod_d8user__roles` (
  `bundle` varchar(128) CHARACTER SET ascii NOT NULL DEFAULT '' COMMENT 'The field instance bundle to which this row belongs, used when deleting a field instance',
  `deleted` tinyint(4) NOT NULL DEFAULT '0' COMMENT 'A boolean indicating whether this data item has been deleted',
  `entity_id` int(10) UNSIGNED NOT NULL COMMENT 'The entity id this data is attached to',
  `revision_id` int(10) UNSIGNED NOT NULL COMMENT 'The entity revision id this data is attached to, which for an unversioned entity type is the same as the entity id',
  `langcode` varchar(32) CHARACTER SET ascii NOT NULL DEFAULT '' COMMENT 'The language code for this data item.',
  `delta` int(10) UNSIGNED NOT NULL COMMENT 'The sequence number for this data item, used for multi-value fields',
  `roles_target_id` varchar(255) CHARACTER SET ascii NOT NULL COMMENT 'The ID of the target entity.'
) ENGINE=InnoDB DEFAULT CHARSET=utf8mb4 COMMENT='Data storage for user field roles.';

--
-- Déchargement des données de la table `prod_d8user__roles`
--

INSERT INTO `prod_d8user__roles` (`bundle`, `deleted`, `entity_id`, `revision_id`, `langcode`, `delta`, `roles_target_id`) VALUES
('user', 0, 1, 1, 'en', 0, 'administrator'),
('user', 0, 49, 49, 'fr', 0, 'administrator'),
('user', 0, 50, 50, 'fr', 0, 'administrator'),
('user', 0, 62, 62, 'fr', 0, 'membre'),
('user', 0, 72, 72, 'fr', 0, 'membre'),
('user', 0, 73, 73, 'fr', 0, 'membre'),
('user', 0, 76, 76, 'fr', 0, 'membre'),
('user', 0, 77, 77, 'fr', 0, 'membre'),
('user', 0, 84, 84, 'fr', 0, 'membre'),
('user', 0, 86, 86, 'fr', 0, 'membre'),
('user', 0, 113, 113, 'fr', 0, 'membre'),
('user', 0, 141, 141, 'fr', 0, 'membre'),
('user', 0, 143, 143, 'fr', 0, 'membre'),
('user', 0, 155, 155, 'fr', 0, 'membre'),
('user', 0, 156, 156, 'fr', 0, 'membre'),
('user', 0, 165, 165, 'fr', 0, 'membre'),
('user', 0, 207, 207, 'fr', 0, 'membre'),
('user', 0, 210, 210, 'fr', 0, 'membre');

-- --------------------------------------------------------

--
-- Structure de la table `prod_d8user__user_picture`
--

CREATE TABLE `prod_d8user__user_picture` (
  `bundle` varchar(128) CHARACTER SET ascii NOT NULL DEFAULT '' COMMENT 'The field instance bundle to which this row belongs, used when deleting a field instance',
  `deleted` tinyint(4) NOT NULL DEFAULT '0' COMMENT 'A boolean indicating whether this data item has been deleted',
  `entity_id` int(10) UNSIGNED NOT NULL COMMENT 'The entity id this data is attached to',
  `revision_id` int(10) UNSIGNED NOT NULL COMMENT 'The entity revision id this data is attached to, which for an unversioned entity type is the same as the entity id',
  `langcode` varchar(32) CHARACTER SET ascii NOT NULL DEFAULT '' COMMENT 'The language code for this data item.',
  `delta` int(10) UNSIGNED NOT NULL COMMENT 'The sequence number for this data item, used for multi-value fields',
  `user_picture_target_id` int(10) UNSIGNED NOT NULL COMMENT 'The ID of the file entity.',
  `user_picture_alt` varchar(512) DEFAULT NULL COMMENT 'Alternative image text, for the image''s ''alt'' attribute.',
  `user_picture_title` varchar(1024) DEFAULT NULL COMMENT 'Image title text, for the image''s ''title'' attribute.',
  `user_picture_width` int(10) UNSIGNED DEFAULT NULL COMMENT 'The width of the image in pixels.',
  `user_picture_height` int(10) UNSIGNED DEFAULT NULL COMMENT 'The height of the image in pixels.'
) ENGINE=InnoDB DEFAULT CHARSET=utf8mb4 COMMENT='Data storage for user field user_picture.';

--
-- Déchargement des données de la table `prod_d8user__user_picture`
--

INSERT INTO `prod_d8user__user_picture` (`bundle`, `deleted`, `entity_id`, `revision_id`, `langcode`, `delta`, `user_picture_target_id`, `user_picture_alt`, `user_picture_title`, `user_picture_width`, `user_picture_height`) VALUES
('user', 0, 1, 1, 'en', 0, 203, '', '', 5675, 3783),
('user', 0, 49, 49, 'fr', 0, 254, '', '', 300, 300),
('user', 0, 62, 62, 'fr', 0, 255, '', '', 2011, 2000),
('user', 0, 65, 65, 'fr', 0, 256, '', '', 1080, 1082),
('user', 0, 67, 67, 'fr', 0, 257, '', '', 192, 192),
('user', 0, 73, 73, 'fr', 0, 269, '', '', 160, 160),
('user', 0, 75, 75, 'fr', 0, 274, '', '', 653, 653),
('user', 0, 84, 84, 'fr', 0, 277, '', '', 640, 640),
('user', 0, 93, 93, 'fr', 0, 284, '', '', 3106, 2071),
('user', 0, 143, 143, 'fr', 0, 344, '', '', 3360, 3360),
('user', 0, 148, 148, 'fr', 0, 355, '', '', 1080, 1920),
('user', 0, 149, 149, 'fr', 0, 365, '', '', 400, 400),
('user', 0, 156, 156, 'fr', 0, 391, '', '', 1600, 1200),
('user', 0, 159, 159, 'fr', 0, 396, '', '', 828, 664),
('user', 0, 162, 162, 'fr', 0, 402, '', '', 1491, 1908),
('user', 0, 210, 210, 'fr', 0, 419, '', '', 500, 500);

-- --------------------------------------------------------

--
-- Structure de la table `prod_d8watchdog`
--

CREATE TABLE `prod_d8watchdog` (
  `wid` int(11) NOT NULL COMMENT 'Primary Key: Unique watchdog event ID.',
  `uid` int(10) UNSIGNED NOT NULL DEFAULT '0' COMMENT 'The prod_d8users.uid of the user who triggered the event.',
  `type` varchar(64) CHARACTER SET ascii NOT NULL DEFAULT '' COMMENT 'Type of log message, for example "user" or "page not found."',
  `message` longtext NOT NULL COMMENT 'Text of log message to be passed into the t() function.',
  `variables` longblob NOT NULL COMMENT 'Serialized array of variables that match the message string and that is passed into the t() function.',
  `severity` tinyint(3) UNSIGNED NOT NULL DEFAULT '0' COMMENT 'The severity level of the event. ranges from 0 (Emergency) to 7 (Debug)',
  `link` text COMMENT 'Link to view the result of the event.',
  `location` text NOT NULL COMMENT 'URL of the origin of the event.',
  `referer` text COMMENT 'URL of referring page.',
  `hostname` varchar(128) CHARACTER SET ascii NOT NULL DEFAULT '' COMMENT 'Hostname of the user who triggered the event.',
  `timestamp` int(11) NOT NULL DEFAULT '0' COMMENT 'Unix timestamp of when event occurred.'
) ENGINE=InnoDB DEFAULT CHARSET=utf8mb4 COMMENT='Table that contains logs of all system events.';

--
-- Déchargement des données de la table `prod_d8watchdog`
--

INSERT INTO `prod_d8watchdog` (`wid`, `uid`, `type`, `message`, `variables`, `severity`, `link`, `location`, `referer`, `hostname`, `timestamp`) VALUES
(340859, 0, 'cron', 'Starting execution of @module_cron(), execution of @module_previous_cron() took @time.', 0x613a333a7b733a373a22406d6f64756c65223b733a343a226e6f6465223b733a31363a22406d6f64756c655f70726576696f7573223b733a363a226c6f63616c65223b733a353a224074696d65223b733a353a22312e376d73223b7d, 5, '', 'https://mariepeltier.org/', 'https://l.facebook.com/', '2a02:1811:3b8b:8000:c9a3:2753:829f:b317', 1671326682),
(340860, 0, 'cron', 'Starting execution of @module_cron(), execution of @module_previous_cron() took @time.', 0x613a333a7b733a373a22406d6f64756c65223b733a363a22736561726368223b733a31363a22406d6f64756c655f70726576696f7573223b733a343a226e6f6465223b733a353a224074696d65223b733a373a2231382e33356d73223b7d, 5, '', 'https://mariepeltier.org/', 'https://l.facebook.com/', '2a02:1811:3b8b:8000:c9a3:2753:829f:b317', 1671326682),
(340861, 0, 'cron', 'Starting execution of @module_cron(), execution of @module_previous_cron() took @time.', 0x613a333a7b733a373a22406d6f64756c65223b733a31343a2273696d706c655f736974656d6170223b733a31363a22406d6f64756c655f70726576696f7573223b733a363a22736561726368223b733a353a224074696d65223b733a373a2233382e30376d73223b7d, 5, '', 'https://mariepeltier.org/', 'https://l.facebook.com/', '2a02:1811:3b8b:8000:c9a3:2753:829f:b317', 1671326682),
(340862, 0, 'cron', 'Starting execution of @module_cron(), execution of @module_previous_cron() took @time.', 0x613a333a7b733a373a22406d6f64756c65223b733a363a2273797374656d223b733a31363a22406d6f64756c655f70726576696f7573223b733a31343a2273696d706c655f736974656d6170223b733a353a224074696d65223b733a363a22312e34376d73223b7d, 5, '', 'https://mariepeltier.org/', 'https://l.facebook.com/', '2a02:1811:3b8b:8000:c9a3:2753:829f:b317', 1671326682),
(340863, 0, 'cron', 'Starting execution of @module_cron(), execution of @module_previous_cron() took @time.', 0x613a333a7b733a373a22406d6f64756c65223b733a363a22757064617465223b733a31363a22406d6f64756c655f70726576696f7573223b733a363a2273797374656d223b733a353a224074696d65223b733a363a2239362e326d73223b7d, 5, '', 'https://mariepeltier.org/', 'https://l.facebook.com/', '2a02:1811:3b8b:8000:c9a3:2753:829f:b317', 1671326682),
(340864, 0, 'cron', 'Execution of @module_previous_cron() took @time.', 0x613a323a7b733a31363a22406d6f64756c655f70726576696f7573223b733a363a22757064617465223b733a353a224074696d65223b733a393a22313431392e39316d73223b7d, 5, '', 'https://mariepeltier.org/', 'https://l.facebook.com/', '2a02:1811:3b8b:8000:c9a3:2753:829f:b317', 1671326684),
(340865, 0, 'cron', 'Cron run completed.', 0x613a303a7b7d, 5, '', 'https://mariepeltier.org/', 'https://l.facebook.com/', '2a02:1811:3b8b:8000:c9a3:2753:829f:b317', 1671326684),
(340866, 0, 'php', '%type: @message in %function (line %line of %file) @backtrace_string.', 0x[encoded data, 13224 characters], 5, '', 'https://mariepeltier.org/a-propos', 'https://mariepeltier.org/', '2a02:1811:3b8b:8000:c9a3:2753:829f:b317', 1671326704),
(340867, 0, 'php', '%type: @message in %function (line %line of %file) @backtrace_string.', 0x[encoded data, 13224 characters], 5, '', 'https://mariepeltier.org/', 'https://l.facebook.com/', '2a02:1811:3b8b:8000:c9a3:2753:829f:b317', 1671326746),
(340868, 0, 'php', '%type: @message in %function (line %line of %file) @backtrace_string.', 0x[encoded data, 13224 characters], 5, '', 'https://mariepeltier.org/taxonomy/term/31', 'https://mariepeltier.org/index.php/taxonomy/term/33', '114.119.153.172', 1671328112);
INSERT INTO `prod_d8watchdog` (`wid`, `uid`, `type`, `message`, `variables`, `severity`, `link`, `location`, `referer`, `hostname`, `timestamp`) VALUES
(340869, 0, 'php', '%type: @message in %function (line %line of %file) @backtrace_string.', 0x[encoded data, 13224 characters], 5, '', 'https://mariepeltier.org/formations', '', '34.138.212.158', 1671330747),
(340870, 0, 'php', '%type: @message in %function (line %line of %file) @backtrace_string.', 0x[encoded data, 13224 characters], 5, '', 'https://mariepeltier.org/index.php/node/424', '', '40.77.167.18', 1671331061),
(340871, 0, 'php', '%type: @message in %function (line %line of %file) @backtrace_string.', 0x[encoded data, 13224 characters], 5, '', 'https://mariepeltier.org/taxonomy/term/36', '', '40.77.167.18', 1671331061);
INSERT INTO `prod_d8watchdog` (`wid`, `uid`, `type`, `message`, `variables`, `severity`, `link`, `location`, `referer`, `hostname`, `timestamp`) VALUES
(340872, 0, 'php', '%type: @message in %function (line %line of %file) @backtrace_string.', 0x[encoded data, 13224 characters], 5, '', 'https://mariepeltier.org/node/894', '', '207.46.13.67', 1671331067),
(340873, 0, 'php', '%type: @message in %function (line %line of %file) @backtrace_string.', 0x[encoded data, 13224 characters], 5, '', 'https://mariepeltier.org/node/921', '', '157.55.39.17', 1671331071),
(340874, 0, 'php', '%type: @message in %function (line %line of %file) @backtrace_string.', 0x[encoded data, 13224 characters], 5, '', 'https://mariepeltier.org/index.php/node/457', '', '157.55.39.17', 1671331072);
INSERT INTO `prod_d8watchdog` (`wid`, `uid`, `type`, `message`, `variables`, `severity`, `link`, `location`, `referer`, `hostname`, `timestamp`) VALUES
(340875, 0, 'php', '%type: @message in %function (line %line of %file) @backtrace_string.', 0x[encoded data, 13224 characters], 5, '', 'https://mariepeltier.org/node/869', '', '157.55.39.17', 1671331072),
(340876, 0, 'php', '%type: @message in %function (line %line of %file) @backtrace_string.', 0x[encoded data, 13224 characters], 5, '', 'https://mariepeltier.org/conference/comment-eduquer-aux-medias-dans-un-climat-de-defiance', '', '157.55.39.17', 1671331073),
(340877, 0, 'billetweb', '/node/907', 0x613a303a7b7d, 5, '', 'https://mariepeltier.org/conference/comment-eduquer-aux-medias-dans-un-climat-de-defiance', '', '157.55.39.17', 1671331073),
(340878, 0, 'billetweb', 'path : /node/907', 0x613a303a7b7d, 5, '', 'https://mariepeltier.org/conference/comment-eduquer-aux-medias-dans-un-climat-de-defiance', '', '157.55.39.17', 1671331073),
(340879, 0, 'billetweb', 'node : O:23:\"Drupal\\node\\Entity\\Node\":29:@s:10:\"in_preview\";N;s:9:\"\0*\0values\";a:31:{s:3:\"nid\";a:1:{s:9:\"x-default\";s:3:\"907\";s:3:\"vid\";a:1:@s:9:\"x-default\";s:4:\"1104\";s:4:\"type\";a:1:@s:9:\"x-default\";a:1:{i:0;a:1:{s:9:\"target_id\";s:5:\"event\";}}s:4:\"uuid\";a:1:@s:9:\"x-default\";s:36:\"ab3280b4-f648-40a1-911f-07651bbccba9\";s:8:\"langcode\";a:1:@s:9:\"x-default\";s:2:\"fr\";s:12:\"revision_uid\";a:1:@s:9:\"x-default\";s:1:\"1\";s:18:\"revision_timestamp\";a:1:@s:9:\"x-default\";s:10:\"1664205163\";s:12:\"revision_log\";a:1:@s:9:\"x-default\";N;s:16:\"revision_default\";a:1:@s:9:\"x-default\";s:1:\"1\";s:17:\"isDefaultRevision\";a:1:@s:9:\"x-default\";s:1:\"1\";s:6:\"status\";a:1:@s:9:\"x-default\";s:1:\"1\";s:3:\"uid\";a:1:@s:9:\"x-default\";a:1:{i:0;a:4:{s:9:\"target_id\";s:1:\"1\";s:11:\"_attributes\";a:0:{s:7:\"_loaded\";b:1;s:19:\"_accessCacheability\";O:35:\"Drupal\\Core\\Cache\\CacheableMetadata\":3:@s:16:\"\0*\0cacheContexts\";a:0:{s:12:\"\0*\0cacheTags\";a:0:@s:14:\"\0*\0cacheMaxAge\";i:-1;}}}}s:5:\"title\";a:1:@s:9:\"x-default\";a:1:{i:0;a:2:{s:5:\"value\";s:64:\"Comment « éduquer aux médias » dans un climat de défiance ?\";s:11:\"_attributes\";a:0:{}}}s:7:\"created\";a:1:@s:9:\"x-default\";a:1:{i:0;a:2:{s:5:\"value\";s:10:\"1664205163\";s:11:\"_attributes\";a:0:{}}}s:7:\"changed\";a:1:@s:9:\"x-default\";a:1:{i:0;a:1:{s:5:\"value\";s:10:\"1664205163\";}}s:7:\"promote\";a:1:@s:9:\"x-default\";a:1:{i:0;a:1:{s:5:\"value\";s:1:\"1\";}}s:6:\"sticky\";a:1:@s:9:\"x-default\";a:1:{i:0;a:1:{s:5:\"value\";s:1:\"0\";}}s:16:\"default_langcode\";a:1:@s:9:\"x-default\";s:1:\"1\";s:29:\"revision_translation_affected\";a:1:@s:9:\"x-default\";s:1:\"1\";s:4:\"body\";a:1:{s:9:\"x-default\";a:1:{i:0;a:3:{s:5:\"value\";s:1409:\"<p style=\"margin-left:0cm;margin-right:0cm;\">L’appel à la « bienveillance » est aujourd’hui sur beaucoup de lèvres. Dans un climat où le développement personnel vient souvent se mélanger à des considérations politiques, pas toujours simple d’y voir clair : Est-il possible, et même plus loin est-il souhaitable, de rester dans une optique bienveillante à l’égard de ceux dont nous estimons qu’ils sont politiquement dangereux ou hostiles à nos luttes ? Où est la limite entre le dialogue et l’écoute d’une part et le combat et la protection d’autre part ? Comment placer le curseur, notamment, entre enjeux de santé mentale – la nôtre et celles des autres – et nécessaire engagement politique ou militant ?</p>\n\n<p style=\"margin-left:0cm;margin-right:0cm;\"><br />\nQu’entend-on exactement par « bienveillance » ? A-t-elle un sens et une utilité pouvant permettre les changements de société auxquels nous aspirons ? Comment éviter la déshumanisation dans le débat public, puisqu’elle est le terreau de bien des haines et des errances actuelles, tout en évitant le travers relativiste, renvoyant constamment toutes les parties dos à dos, comme si les logiques de domination n’existaient pas ? Durant cette conférence, on fera le point et on tentera de donner quelques repères pour y voir clair et pouvoir agir concrètement en conséquence. <br />\n </p>\n\";s:7:\"summary\";N;s:6:\"format\";s:9:\"full_html\";}}}s:19:\"field_display_title\";a:1:@s:9:\"x-default\";a:1:{i:0;a:1:{s:5:\"value\";s:64:\"Comment « éduquer aux médias » dans un climat de défiance ?\";}}s:11:\"field_bwend\";a:1:@s:9:\"x-default\";a:1:{i:0;a:1:{s:5:\"value\";s:19:\"2022-10-07T22:00:00\";}}s:13:\"field_bwextid\";a:1:@s:9:\"x-default\";a:1:{i:0;a:1:{s:5:\"value\";s:53:\"comment-eduquer-aux-medias-dans-un-climat-de-defiance\";}}s:10:\"field_bwid\";a:1:@s:9:\"x-default\";a:1:{i:0;a:1:{s:5:\"value\";s:6:\"669590\";}}s:14:\"field_bwonline\";a:1:@s:9:\"x-default\";a:1:{i:0;a:1:{s:5:\"value\";s:1:\"1\";}}s:13:\"field_bwstart\";a:1:@s:9:\"x-default\";a:1:{i:0;a:1:{s:5:\"value\";s:19:\"2022-10-07T20:30:00\";}}s:21:\"field_id_tarif_membre\";a:1:@s:9:\"x-default\";a:1:{i:0;a:1:{s:5:\"value\";s:7:\"3600953\";}}s:11:\"field_image\";a:1:@s:9:\"x-default\";a:1:{i:0;a:5:{s:9:\"target_id\";s:3:\"414\";s:3:\"alt\";N;s:5:\"title\";N;s:5:\"width\";N;s:6:\"height\";N;}}s:10:\"field_type\";a:1:@s:9:\"x-default\";a:1:{i:0;a:1:{s:5:\"value\";s:10:\"conference\";}}s:23:\"field_prix_tarif_membre\";a:1:@s:9:\"x-default\";a:0:{}s:14:\"field_metatags\";a:1:@s:9:\"x-default\";a:0:{}}s:9:\"\0*\0fields\";a:0:@s:19:\"\0*\0fieldDefinitions\";N;s:12:\"\0*\0languages\";N;s:14:\"\0*\0langcodeKey\";s:8:\"langcode\";s:21:\"\0*\0defaultLangcodeKey\";s:16:\"default_langcode\";s:17:\"\0*\0activeLangcode\";s:9:\"x-default\";s:18:\"\0*\0defaultLangcode\";s:2:\"fr\";s:15:\"\0*\0translations\";a:1:@s:9:\"x-default\";a:1:{s:6:\"status\";i:1;}s:24:\"\0*\0translationInitialize\";b:0;s:14:\"\0*\0newRevision\";b:0;s:20:\"\0*\0isDefaultRevision\";s:1:\"1\";s:13:\"\0*\0entityKeys\";a:4:@s:6:\"bundle\";s:5:\"event\";s:2:\"id\";s:3:\"907\";s:8:\"revision\";s:4:\"1104\";s:4:\"uuid\";s:36:\"ab3280b4-f648-40a1-911f-07651bbccba9\";s:25:\"\0*\0translatableEntityKeys\";a:8:@s:5:\"label\";a:0:{s:8:\"langcode\";a:1:@s:9:\"x-default\";s:2:\"fr\";s:6:\"status\";a:1:@s:9:\"x-default\";s:1:\"1\";s:9:\"published\";a:1:@s:9:\"x-default\";s:1:\"1\";s:3:\"uid\";a:0:@s:5:\"owner\";a:0:@s:16:\"default_langcode\";a:1:@s:9:\"x-default\";s:1:\"1\";s:29:\"revision_translation_affected\";a:1:@s:9:\"x-default\";s:1:\"1\";}s:12:\"\0*\0validated\";b:0;s:21:\"\0*\0validationRequired\";b:0;s:19:\"\0*\0loadedRevisionId\";s:4:\"1104\";s:33:\"\0*\0revisionTranslationAffectedKey\";s:29:\"revision_translation_affected\";s:37:\"\0*\0enforceRevisionTranslationAffected\";a:0:@s:15:\"\0*\0entityTypeId\";s:4:\"node\";s:15:\"\0*\0enforceIsNew\";N;s:12:\"\0*\0typedData\";N;s:16:\"\0*\0cacheContexts\";a:0:@s:12:\"\0*\0cacheTags\";a:0:@s:14:\"\0*\0cacheMaxAge\";i:-1;s:14:\"\0*\0_serviceIds\";a:0:@s:18:\"\0*\0_entityStorages\";a:0:@s:12:\"\0*\0isSyncing\";b:0;}', 0x613a303a7b7d, 5, '', 'https://mariepeltier.org/conference/comment-eduquer-aux-medias-dans-un-climat-de-defiance', '', '157.55.39.17', 1671331073),
(340880, 0, 'billetweb', 'O:23:\"Drupal\\user\\Entity\\User\":28:@s:9:\"\0*\0values\";a:18:{s:3:\"uid\";a:1:{s:9:\"x-default\";s:1:\"0\";s:4:\"uuid\";a:1:@s:9:\"x-default\";s:36:\"852b7942-a553-43e3-9452-f4ae8a6bf62d\";s:8:\"langcode\";a:1:@s:9:\"x-default\";s:2:\"en\";s:18:\"preferred_langcode\";a:1:@s:9:\"x-default\";s:2:\"en\";s:24:\"preferred_admin_langcode\";a:1:@s:9:\"x-default\";N;s:4:\"name\";a:1:@s:9:\"x-default\";s:0:\"\";s:4:\"pass\";a:1:@s:9:\"x-default\";N;s:4:\"mail\";a:1:@s:9:\"x-default\";N;s:8:\"timezone\";a:1:@s:9:\"x-default\";s:0:\"\";s:6:\"status\";a:1:@s:9:\"x-default\";s:1:\"0\";s:7:\"created\";a:1:@s:9:\"x-default\";s:10:\"1613827290\";s:7:\"changed\";a:1:@s:9:\"x-default\";s:10:\"1613827290\";s:6:\"access\";a:1:@s:9:\"x-default\";s:1:\"0\";s:5:\"login\";a:1:@s:9:\"x-default\";s:1:\"0\";s:4:\"init\";a:1:@s:9:\"x-default\";N;s:16:\"default_langcode\";a:1:@s:9:\"x-default\";s:1:\"1\";s:5:\"roles\";a:1:@s:9:\"x-default\";a:0:{}s:25:\"field_donnees_inscription\";a:1:@s:9:\"x-default\";a:0:{}}s:9:\"\0*\0fields\";a:0:@s:19:\"\0*\0fieldDefinitions\";N;s:12:\"\0*\0languages\";N;s:14:\"\0*\0langcodeKey\";s:8:\"langcode\";s:21:\"\0*\0defaultLangcodeKey\";s:16:\"default_langcode\";s:17:\"\0*\0activeLangcode\";s:9:\"x-default\";s:18:\"\0*\0defaultLangcode\";s:2:\"en\";s:15:\"\0*\0translations\";a:1:@s:9:\"x-default\";a:1:{s:6:\"status\";i:1;}s:24:\"\0*\0translationInitialize\";b:0;s:14:\"\0*\0newRevision\";b:0;s:20:\"\0*\0isDefaultRevision\";b:1;s:13:\"\0*\0entityKeys\";a:3:@s:6:\"bundle\";s:4:\"user\";s:2:\"id\";s:1:\"0\";s:4:\"uuid\";s:36:\"852b7942-a553-43e3-9452-f4ae8a6bf62d\";s:25:\"\0*\0translatableEntityKeys\";a:2:@s:8:\"langcode\";a:1:{s:9:\"x-default\";s:2:\"en\";s:16:\"default_langcode\";a:1:@s:9:\"x-default\";s:1:\"1\";}s:12:\"\0*\0validated\";b:0;s:21:\"\0*\0validationRequired\";b:0;s:19:\"\0*\0loadedRevisionId\";N;s:33:\"\0*\0revisionTranslationAffectedKey\";s:29:\"revision_translation_affected\";s:37:\"\0*\0enforceRevisionTranslationAffected\";a:0:@s:15:\"\0*\0entityTypeId\";s:4:\"user\";s:15:\"\0*\0enforceIsNew\";N;s:12:\"\0*\0typedData\";N;s:16:\"\0*\0cacheContexts\";a:0:@s:12:\"\0*\0cacheTags\";a:0:@s:14:\"\0*\0cacheMaxAge\";i:-1;s:14:\"\0*\0_serviceIds\";a:0:@s:18:\"\0*\0_entityStorages\";a:0:@s:12:\"\0*\0isSyncing\";b:0;}', 0x613a303a7b7d, 5, '', 'https://mariepeltier.org/conference/comment-eduquer-aux-medias-dans-un-climat-de-defiance', '', '157.55.39.17', 1671331073),
(340881, 0, 'billetweb', 'b:0;', 0x613a303a7b7d, 5, '', 'https://mariepeltier.org/conference/comment-eduquer-aux-medias-dans-un-climat-de-defiance', '', '157.55.39.17', 1671331073),
(340882, 0, 'php', '%type: @message in %function (line %line of %file) @backtrace_string.', 0x[encoded data, 13224 characters], 5, '', 'https://mariepeltier.org/taxonomy/term/44', '', '157.55.39.17', 1671331074);
INSERT INTO `prod_d8watchdog` (`wid`, `uid`, `type`, `message`, `variables`, `severity`, `link`, `location`, `referer`, `hostname`, `timestamp`) VALUES
(340883, 0, 'access denied', 'Path: @uri. %type: @message in %function (line %line of %file).', 0x613a363a7b733a353a222574797065223b733a36313a2244727570616c5c436f72655c487474705c457863657074696f6e5c436163686561626c6541636365737344656e69656448747470457863657074696f6e223b733a383a22406d657373616765223b733a37383a22546865202761636365737320757365722070726f66696c657327207065726d697373696f6e20697320726571756972656420616e64207468652075736572206d757374206265206163746976652e223b733a393a222566756e6374696f6e223b733a35323a2244727570616c5c436f72655c526f7574696e675c4163636573734177617265526f757465722d3e636865636b4163636573732829223b733a353a222566696c65223b733a37353a222f686f6d652f6d61726965706d2f6465765f64382f7765622f636f72652f6c69622f44727570616c2f436f72652f526f7574696e672f4163636573734177617265526f757465722e706870223b733a353a22256c696e65223b693a3131373b733a343a2240757269223b733a383a222f757365722f3439223b7d, 4, '', 'https://mariepeltier.org/user/49', '', '207.46.13.102', 1671331080),
(340884, 0, 'php', '%type: @message in %function (line %line of %file) @backtrace_string.', 0x[encoded data, 19580 characters], 5, '', 'https://mariepeltier.org/user/49', '', '207.46.13.102', 1671331080),
(340885, 0, 'php', '%type: @message in %function (line %line of %file) @backtrace_string.', 0x[encoded data, 13224 characters], 5, '', 'https://mariepeltier.org/index.php/node/506', '', '207.46.13.102', 1671331081),
(340886, 0, 'php', '%type: @message in %function (line %line of %file) @backtrace_string.', 0x[encoded data, 13224 characters], 5, '', 'https://mariepeltier.org/node/171', '', '157.55.39.198', 1671331085);
